{"id":2806,"date":"2020-04-25T10:43:48","date_gmt":"2020-04-25T08:43:48","guid":{"rendered":"https:\/\/wordpress.nibis.de\/gsfes\/?page_id=2806"},"modified":"2020-04-27T08:39:45","modified_gmt":"2020-04-27T06:39:45","slug":"bald-gehts-wieder-los","status":"publish","type":"page","link":"https:\/\/wordpress.nibis.de\/gsfes\/bald-gehts-wieder-los\/","title":{"rendered":"Bald geht\u00b4s wieder los"},"content":{"rendered":"\n<p class=\"has-large-font-size\">Liebe Eltern unserer Schule,<\/p>\n\n\n\n<p class=\"has-medium-font-size\">lange Zeit musste die Schule geschlossen bleiben. Nun zeichnet es sich ab, dass es ab Montag, dem 04. Mai 2020 wieder los gehen wird; wenn zun\u00e4chst auch nur mit den 4. Klassen!<\/p>\n\n\n\n<figure class=\"wp-block-image\"><img loading=\"lazy\" decoding=\"async\" width=\"780\" height=\"230\" src=\"https:\/\/wordpress.nibis.de\/gsfes\/files\/2020\/04\/\u00d6ffnung-der-Jahrg\u00e4nge.jpg\" alt=\"\" class=\"wp-image-2811\" srcset=\"https:\/\/wordpress.nibis.de\/gsfes\/files\/2020\/04\/\u00d6ffnung-der-Jahrg\u00e4nge.jpg 780w, https:\/\/wordpress.nibis.de\/gsfes\/files\/2020\/04\/\u00d6ffnung-der-Jahrg\u00e4nge-768x226.jpg 768w\" sizes=\"auto, (max-width: 780px) 100vw, 780px\" \/><figcaption><a href=\"https:\/\/mega.nz\/file\/dBtFnazJ#97ffxM2ttGI1tGtrUz0t39C5yLMs68FP-ZVcJYiIJnA\">(Quelle: Leitfaden f\u00fcr Schulleitungen &#8230; , Nds. MK, S. 4)<\/a><\/figcaption><\/figure>\n\n\n\n<p class=\"has-medium-font-size\">Wir sind vorbereitet und erwarten die 4. Klassen in halber Klassenst\u00e4rke. Die Gruppen haben die Klassenlehrer*innen eingeteilt. Diese werden im Wechsel wie im folgenden Schaubild unterrichtet.<\/p>\n\n\n\n<figure class=\"wp-block-image\"><img loading=\"lazy\" decoding=\"async\" width=\"652\" height=\"111\" src=\"https:\/\/wordpress.nibis.de\/gsfes\/files\/2020\/04\/Beschulung-Modell-3.jpg\" alt=\"\" class=\"wp-image-2809\" \/><figcaption> <br><a href=\"https:\/\/mega.nz\/file\/dBtFnazJ#97ffxM2ttGI1tGtrUz0t39C5yLMs68FP-ZVcJYiIJnA\">(Quelle: Leitfaden f\u00fcr Schulleitungen &#8230; , Nds. MK, S. 5) <\/a><\/figcaption><\/figure>\n\n\n\n<p class=\"has-medium-font-size\">So gibt es f\u00fcr die 4. Klassen am Montag den, 27.04.2020, ein letztes Lernpaket, das Sie bitte wieder in der Zeit von 07:00 &#8211; 13:00 Uhr in der Turnhalle abholen. <\/p>\n\n\n\n<p class=\"has-medium-font-size\">Darin finden Sie alle notwendigen Informationen, die Sie und Ihr Kind zum ver\u00e4nderten Schulstart ben\u00f6tigen. Zum Beispiel finden Sie dort unsere neuen Zeiten des Unterrichtsbeginns, des Schulschlusses sowie die ver\u00e4nderten Pausen- und Fr\u00fchst\u00fcckszeiten. Wir haben uns zum Schutz der Gesundheit Ihrer Kinder dazu entschieden. Genauere Informationen finden Sie dann am Montag im Lernpaket Ihres Kindes.<\/p>\n\n\n\n<p class=\"has-medium-font-size\">Sie sehen also, wie au\u00dferordentlich wichtig es ist, das Ihr Kind das Lernpaket erh\u00e4lt!<\/p>\n\n\n\n<p class=\"has-medium-font-size\">Der regul\u00e4re Ganztagsbetrieb bleibt geschlossen. Sie k\u00f6nnen  Ihre Kinder jedoch weiterhin zur Not-Betreuung anmelden.<\/p>\n\n\n\n<p class=\"has-medium-font-size\">F\u00fcr die Klassenstufen 1 bis 3 wird es weiterhin, bis zu deren Schulstart, regelm\u00e4\u00dfig Lernpakete geben.<\/p>\n\n\n\n<p class=\"has-medium-font-size\">Bitte beachten Sie bei der Abholung die hygienischen Auflagen und das geltende Abstandsgebot von mindestens 1,50 Metern.<\/p>\n\n\n\n<p class=\"has-medium-font-size\">Wir w\u00fcnschen allen jetzt schon einmal einen guten Schulstart!<\/p>\n\n\n\n<p>Ihr kollegiale Schulleitung<\/p>\n\n\n","protected":false},"excerpt":{"rendered":"<p>Liebe Eltern unserer Schule, lange Zeit musste die Schule geschlossen bleiben. Nun zeichnet es sich ab, dass es ab Montag, dem 04. Mai 2020 wieder los gehen wird; wenn zun\u00e4chst auch nur mit den 4. Klassen! Wir sind vorbereitet und erwarten die 4. Klassen in halber Klassenst\u00e4rke. Die Gruppen haben die Klassenlehrer*innen eingeteilt. Diese werden &#8230; <a title=\"Bald geht\u00b4s wieder los\" class=\"read-more\" href=\"https:\/\/wordpress.nibis.de\/gsfes\/bald-gehts-wieder-los\/\" aria-label=\"Mehr Informationen \u00fcber Bald geht\u00b4s wieder los\">Weiterlesen<\/a><\/p>\n","protected":false},"author":9192938,"featured_media":2106,"parent":0,"menu_order":0,"comment_status":"closed","ping_status":"closed","template":"","meta":{"footnotes":""},"class_list":["post-2806","page","type-page","status-publish","has-post-thumbnail"],"_links":{"self":[{"href":"https:\/\/wordpress.nibis.de\/gsfes\/wp-json\/wp\/v2\/pages\/2806","targetHints":{"allow":["GET"]}}],"collection":[{"href":"https:\/\/wordpress.nibis.de\/gsfes\/wp-json\/wp\/v2\/pages"}],"about":[{"href":"https:\/\/wordpress.nibis.de\/gsfes\/wp-json\/wp\/v2\/types\/page"}],"author":[{"embeddable":true,"href":"https:\/\/wordpress.nibis.de\/gsfes\/wp-json\/wp\/v2\/users\/9192938"}],"replies":[{"embeddable":true,"href":"https:\/\/wordpress.nibis.de\/gsfes\/wp-json\/wp\/v2\/comments?post=2806"}],"version-history":[{"count":11,"href":"https:\/\/wordpress.nibis.de\/gsfes\/wp-json\/wp\/v2\/pages\/2806\/revisions"}],"predecessor-version":[{"id":2826,"href":"https:\/\/wordpress.nibis.de\/gsfes\/wp-json\/wp\/v2\/pages\/2806\/revisions\/2826"}],"wp:featuredmedia":[{"embeddable":true,"href":"https:\/\/wordpress.nibis.de\/gsfes\/wp-json\/wp\/v2\/media\/2106"}],"wp:attachment":[{"href":"https:\/\/wordpress.nibis.de\/gsfes\/wp-json\/wp\/v2\/media?parent=2806"}],"curies":[{"name":"wp","href":"https:\/\/api.w.org\/{rel}","templated":true}]}}

<p class="has-large-font-size">Liebe Eltern unserer Schule,</p>



<p class="has-medium-font-size">lange Zeit musste die Schule geschlossen bleiben. Nun zeichnet es sich ab, dass es ab Montag, dem 04. Mai 2020 wieder los gehen wird; wenn zunächst auch nur mit den 4. Klassen!</p>



<figure class="wp-block-image"><img loading="lazy" decoding="async" width="780" height="230" src="https://wordpress.nibis.de/gsfes/files/2020/04/Öffnung-der-Jahrgänge.jpg" alt="" class="wp-image-2811" srcset="https://wordpress.nibis.de/gsfes/files/2020/04/Öffnung-der-Jahrgänge.jpg 780w, https://wordpress.nibis.de/gsfes/files/2020/04/Öffnung-der-Jahrgänge-768x226.jpg 768w" sizes="auto, (max-width: 780px) 100vw, 780px" /><figcaption><a href="https://mega.nz/file/dBtFnazJ#97ffxM2ttGI1tGtrUz0t39C5yLMs68FP-ZVcJYiIJnA">(Quelle: Leitfaden für Schulleitungen &#8230; , Nds. MK, S. 4)</a></figcaption></figure>



<p class="has-medium-font-size">Wir sind vorbereitet und erwarten die 4. Klassen in halber Klassenstärke. Die Gruppen haben die Klassenlehrer*innen eingeteilt. Diese werden im Wechsel wie im folgenden Schaubild unterrichtet.</p>



<figure class="wp-block-image"><img loading="lazy" decoding="async" width="652" height="111" src="https://wordpress.nibis.de/gsfes/files/2020/04/Beschulung-Modell-3.jpg" alt="" class="wp-image-2809" /><figcaption> <br><a href="https://mega.nz/file/dBtFnazJ#97ffxM2ttGI1tGtrUz0t39C5yLMs68FP-ZVcJYiIJnA">(Quelle: Leitfaden für Schulleitungen &#8230; , Nds. MK, S. 5) </a></figcaption></figure>



<p class="has-medium-font-size">So gibt es für die 4. Klassen am Montag den, 27.04.2020, ein letztes Lernpaket, das Sie bitte wieder in der Zeit von 07:00 &#8211; 13:00 Uhr in der Turnhalle abholen. </p>



<p class="has-medium-font-size">Darin finden Sie alle notwendigen Informationen, die Sie und Ihr Kind zum veränderten Schulstart benötigen. Zum Beispiel finden Sie dort unsere neuen Zeiten des Unterrichtsbeginns, des Schulschlusses sowie die veränderten Pausen- und Frühstückszeiten. Wir haben uns zum Schutz der Gesundheit Ihrer Kinder dazu entschieden. Genauere Informationen finden Sie dann am Montag im Lernpaket Ihres Kindes.</p>



<p class="has-medium-font-size">Sie sehen also, wie außerordentlich wichtig es ist, das Ihr Kind das Lernpaket erhält!</p>



<p class="has-medium-font-size">Der reguläre Ganztagsbetrieb bleibt geschlossen. Sie können  Ihre Kinder jedoch weiterhin zur Not-Betreuung anmelden.</p>



<p class="has-medium-font-size">Für die Klassenstufen 1 bis 3 wird es weiterhin, bis zu deren Schulstart, regelmäßig Lernpakete geben.</p>



<p class="has-medium-font-size">Bitte beachten Sie bei der Abholung die hygienischen Auflagen und das geltende Abstandsgebot von mindestens 1,50 Metern.</p>



<p class="has-medium-font-size">Wir wünschen allen jetzt schon einmal einen guten Schulstart!</p>



<p>Ihr kollegiale Schulleitung</p>

<p>Liebe Eltern unserer Schule, lange Zeit musste die Schule geschlossen bleiben. Nun zeichnet es sich ab, dass es ab Montag, dem 04. Mai 2020 wieder los gehen wird; wenn zunächst auch nur mit den 4. Klassen! Wir sind vorbereitet und erwarten die 4. Klassen in halber Klassenstärke. Die Gruppen haben die Klassenlehrer*innen eingeteilt. Diese werden &#8230; <a title="Bald geht´s wieder los" class="read-more" href="https://wordpress.nibis.de/gsfes/bald-gehts-wieder-los/" aria-label="Mehr Informationen über Bald geht´s wieder los">Weiterlesen</a></p>
