{"id":2935,"date":"2020-05-10T23:31:14","date_gmt":"2020-05-10T21:31:14","guid":{"rendered":"https:\/\/wordpress.nibis.de\/gsfes\/?page_id=2935"},"modified":"2020-05-16T13:56:24","modified_gmt":"2020-05-16T11:56:24","slug":"antrag-fuer-die-notbetreuung","status":"publish","type":"page","link":"https:\/\/wordpress.nibis.de\/gsfes\/antrag-fuer-die-notbetreuung\/","title":{"rendered":"Antrag f\u00fcr die Notbetreuung"},"content":{"rendered":"\n<p style=\"background-color:#b7ebd8\" class=\"has-background has-large-font-size\">Liebe Eltern unserer Schule,<\/p>\n\n\n\n<p class=\"has-medium-font-size\">wir haben das Anmeldeverfahren geringf\u00fcgig ver\u00e4ndert, um Ihnen eine schnellere Anmeldungen f\u00fcr die weiteren Anmeldungen (Folgeanmeldungen) f\u00fcr Ihr Kindes zu erm\u00f6glichen! <\/p>\n\n\n\n<p class=\"has-text-color has-background has-medium-font-size has-very-light-gray-color has-vivid-red-background-color\">Verwenden Sie bei Ihrer <strong><span style=\"color:#eeeeee\" class=\"tadv-color\"><span style=\"background-color:#cf2e2e\" class=\"tadv-background-color\">ersten Anmeldung<\/span><\/span><\/strong> das Formular (<span style=\"background-color:#cf2e2e\" class=\"tadv-background-color\"><span style=\"color:#eeeeee\" class=\"tadv-color\"><a rel=\"noreferrer noopener\" aria-label=\"Erstanmeldung (opens in a new tab)\" href=\"https:\/\/wordpress.nibis.de\/gsfes\/formular-test\/\" target=\"_blank\"><strong>Erstanmeldung<\/strong><\/a><\/span><\/span>). <\/p>\n\n\n\n<p class=\"has-text-color has-background has-medium-font-size has-very-light-gray-color has-vivid-cyan-blue-background-color\">Alle <span style=\"color:#eeeeee\" class=\"tadv-color\"><span style=\"background-color:#0693e3\" class=\"tadv-background-color\"><strong>weiteren Anmeldungen<\/strong><\/span><\/span><strong> <\/strong>k\u00f6nnen Sie im vereinfachten Formular (<strong><a rel=\"noreferrer noopener\" aria-label=\"Folgeanmeldung (opens in a new tab)\" href=\"https:\/\/wordpress.nibis.de\/gsfes\/folgeanmeldung-fuer-die-notbetreuung\/\" target=\"_blank\">Folgeanmeldung<\/a><\/strong>) durchf\u00fchren.<\/p>\n\n\n\n<p class=\"has-text-color has-background has-medium-font-size has-very-light-gray-color has-luminous-vivid-orange-background-color\">F\u00fcr eine schriftliche Anmeldung nutzen Sie bitte unser <strong><a href=\"https:\/\/wordpress.nibis.de\/gsfes\/files\/2020\/05\/Anmeldebogen-Notbetreuung-universell-neu.pdf\">universelles Formular<\/a><\/strong>.<\/p>\n","protected":false},"excerpt":{"rendered":"<p>Liebe Eltern unserer Schule, wir haben das Anmeldeverfahren geringf\u00fcgig ver\u00e4ndert, um Ihnen eine schnellere Anmeldungen f\u00fcr die weiteren Anmeldungen (Folgeanmeldungen) f\u00fcr Ihr Kindes zu erm\u00f6glichen! Verwenden Sie bei Ihrer ersten Anmeldung das Formular (Erstanmeldung). Alle weiteren Anmeldungen k\u00f6nnen Sie im vereinfachten Formular (Folgeanmeldung) durchf\u00fchren. F\u00fcr eine schriftliche Anmeldung nutzen Sie bitte unser universelles Formular.<\/p>\n","protected":false},"author":9192938,"featured_media":2170,"parent":0,"menu_order":0,"comment_status":"closed","ping_status":"closed","template":"","meta":{"footnotes":""},"class_list":["post-2935","page","type-page","status-publish","has-post-thumbnail"],"_links":{"self":[{"href":"https:\/\/wordpress.nibis.de\/gsfes\/wp-json\/wp\/v2\/pages\/2935","targetHints":{"allow":["GET"]}}],"collection":[{"href":"https:\/\/wordpress.nibis.de\/gsfes\/wp-json\/wp\/v2\/pages"}],"about":[{"href":"https:\/\/wordpress.nibis.de\/gsfes\/wp-json\/wp\/v2\/types\/page"}],"author":[{"embeddable":true,"href":"https:\/\/wordpress.nibis.de\/gsfes\/wp-json\/wp\/v2\/users\/9192938"}],"replies":[{"embeddable":true,"href":"https:\/\/wordpress.nibis.de\/gsfes\/wp-json\/wp\/v2\/comments?post=2935"}],"version-history":[{"count":6,"href":"https:\/\/wordpress.nibis.de\/gsfes\/wp-json\/wp\/v2\/pages\/2935\/revisions"}],"predecessor-version":[{"id":2974,"href":"https:\/\/wordpress.nibis.de\/gsfes\/wp-json\/wp\/v2\/pages\/2935\/revisions\/2974"}],"wp:featuredmedia":[{"embeddable":true,"href":"https:\/\/wordpress.nibis.de\/gsfes\/wp-json\/wp\/v2\/media\/2170"}],"wp:attachment":[{"href":"https:\/\/wordpress.nibis.de\/gsfes\/wp-json\/wp\/v2\/media?parent=2935"}],"curies":[{"name":"wp","href":"https:\/\/api.w.org\/{rel}","templated":true}]}}

Antrag für die Notbetreuung

<p style="background-color:#b7ebd8" class="has-background has-large-font-size">Liebe Eltern unserer Schule,</p>



<p class="has-medium-font-size">wir haben das Anmeldeverfahren geringfügig verändert, um Ihnen eine schnellere Anmeldungen für die weiteren Anmeldungen (Folgeanmeldungen) für Ihr Kindes zu ermöglichen! </p>



<p class="has-text-color has-background has-medium-font-size has-very-light-gray-color has-vivid-red-background-color">Verwenden Sie bei Ihrer <strong><span style="color:#eeeeee" class="tadv-color"><span style="background-color:#cf2e2e" class="tadv-background-color">ersten Anmeldung</span></span></strong> das Formular (<span style="background-color:#cf2e2e" class="tadv-background-color"><span style="color:#eeeeee" class="tadv-color"><a rel="noreferrer noopener" aria-label="Erstanmeldung (opens in a new tab)" href="https://wordpress.nibis.de/gsfes/formular-test/" target="_blank"><strong>Erstanmeldung</strong></a></span></span>). </p>



<p class="has-text-color has-background has-medium-font-size has-very-light-gray-color has-vivid-cyan-blue-background-color">Alle <span style="color:#eeeeee" class="tadv-color"><span style="background-color:#0693e3" class="tadv-background-color"><strong>weiteren Anmeldungen</strong></span></span><strong> </strong>können Sie im vereinfachten Formular (<strong><a rel="noreferrer noopener" aria-label="Folgeanmeldung (opens in a new tab)" href="https://wordpress.nibis.de/gsfes/folgeanmeldung-fuer-die-notbetreuung/" target="_blank">Folgeanmeldung</a></strong>) durchführen.</p>



<p class="has-text-color has-background has-medium-font-size has-very-light-gray-color has-luminous-vivid-orange-background-color">Für eine schriftliche Anmeldung nutzen Sie bitte unser <strong><a href="https://wordpress.nibis.de/gsfes/files/2020/05/Anmeldebogen-Notbetreuung-universell-neu.pdf">universelles Formular</a></strong>.</p>

<p>Liebe Eltern unserer Schule, wir haben das Anmeldeverfahren geringfügig verändert, um Ihnen eine schnellere Anmeldungen für die weiteren Anmeldungen (Folgeanmeldungen) für Ihr Kindes zu ermöglichen! Verwenden Sie bei Ihrer ersten Anmeldung das Formular (Erstanmeldung). Alle weiteren Anmeldungen können Sie im vereinfachten Formular (Folgeanmeldung) durchführen. Für eine schriftliche Anmeldung nutzen Sie bitte unser universelles Formular.</p>
