{"id":5192,"date":"2021-09-13T14:21:56","date_gmt":"2021-09-13T12:21:56","guid":{"rendered":"https:\/\/wordpress.nibis.de\/gsfes\/?page_id=5192"},"modified":"2024-06-08T22:01:31","modified_gmt":"2024-06-08T20:01:31","slug":"gremien-der-fes","status":"publish","type":"page","link":"https:\/\/wordpress.nibis.de\/gsfes\/gremien-der-fes\/","title":{"rendered":"Gremien der FES"},"content":{"rendered":"\n<p class=\"has-large-font-size\"><\/p>\n\n\n\n<p><\/p>\n\n\n\n<div class=\"wp-block-media-text alignwide has-media-on-the-right is-stacked-on-mobile is-vertically-aligned-top\" style=\"grid-template-columns:auto 33%\"><figure class=\"wp-block-media-text__media\"><img loading=\"lazy\" decoding=\"async\" width=\"352\" height=\"335\" src=\"https:\/\/wordpress.nibis.de\/gsfes\/files\/2021\/09\/Bild_2021-09-13_140830-e1717876424272.png\" alt=\"\" class=\"wp-image-5193 size-full\" \/><\/figure><div class=\"wp-block-media-text__content\">\n<p><\/p>\n\n\n\n<p><\/p>\n\n\n\n<p class=\"has-large-font-size\"><span style=\"color:#000000\" class=\"tadv-color\">Gremie<span data-mce-type=\"bookmark\" id=\"mce_1_start\" data-mce-style=\"overflow:hidden;line-height:0px\" style=\"overflow:hidden;line-height:0px\">n\u00fcberblick f\u00fcr die Elternarbeit<br>Schuljahr 2021\/2022<\/span><\/span><\/p>\n\n\n\n<p><strong>10.09.2021<\/strong><\/p>\n<\/div><\/div>\n\n\n\n<p class=\"has-text-align-right has-medium-font-size\"><strong>Bet\u00fcl Doksoez, Karsten Holdorf<\/strong>, <strong>Verena Gnad<\/strong><\/p>\n\n\n\n<p class=\"has-black-color has-text-color has-medium-font-size\"><span style=\"color:#000000\" class=\"tadv-color\">Liebe Eltern,<\/span><\/p>\n\n\n\n<p class=\"has-black-color has-text-color has-medium-font-size\"><span style=\"color:#000000\" class=\"tadv-color\"><br>jetzt ist es soweit und Eure Kinder beginnen das neue Schuljahr. Daher m\u00f6chten wir einige Infos \u00fcber die Gremien teilen, f\u00fcr die Ihr Euch aufstellen und w\u00e4hlen lassen k\u00f6nnt.<\/span><\/p>\n\n\n\n<p><\/p>\n\n\n\n<p><\/p>\n\n\n\n<p class=\"has-black-color has-text-color has-medium-font-size\"><span style=\"color:#000000\" class=\"tadv-color\"><strong>Elternvertreter \/ Vertreter Klassen- und Zeugniskonferenz<\/strong><\/span><\/p>\n\n\n\n<p class=\"has-black-color has-text-color has-medium-font-size\"><span style=\"color:#000000\" class=\"tadv-color\">Die erste Ebene der Elternmitarbeit in der Schule ist die des Klassenelternvertreters. Beim ersten Elternabend im Schuljahr werden f\u00fcr jeweils zwei Schuljahre Klassenelternvertreter (Vorsitzende<em>r und Stellvertreter<\/em>in) gew\u00e4hlt. Au\u00dferdem werden Vertreter<em>innen und Stellvertreter<\/em>innen f\u00fcr die Klassenkonferenz und die Zeugniskonferenz gew\u00e4hlt. Es kann von Vorteil sein, dass einer der beiden Klassenelternvertreter auch Mitglied der Klassenkonferenz ist, um so die Kommunikation zu gew\u00e4hrleisten.<\/span><\/p>\n\n\n\n<p class=\"has-black-color has-text-color has-medium-font-size\"><span style=\"color:#000000\" class=\"tadv-color\"><br>H\u00e4ufig gibt es Unsicherheiten, wer w\u00e4hlbar ist. Der Wahlleiter und der Schriftf\u00fchrer sind selbstverst\u00e4ndlich wie alle anderen Erziehungsberechtigten w\u00e4hlbar. Dies gilt auch f\u00fcr Lebenspartner der Mutter\/des Vaters, die nicht Elternteil des Sch\u00fclers sind.<\/span><\/p>\n\n\n\n<p class=\"has-black-color has-text-color has-medium-font-size\"><span style=\"color:#000000\" class=\"tadv-color\"><br><strong>Was erwartet Euch nach der Wahl zum Elternvertreter in der Klasse Eures Kindes?<\/strong><\/span><\/p>\n\n\n\n<p class=\"has-black-color has-text-color has-medium-font-size\"><span style=\"color:#000000\" class=\"tadv-color\">&#8211; Ihr vertretet die Interessen der Eltern und Kinder der Klasse und seid die Schnittstelle zwischen Lehrern und Eltern.<br>&#8211; Die Schulleitung und die Lehrkr\u00e4fte finden in Euch einen Ansprechpartner f\u00fcr Themen, die die<br>Klasse betreffen.<br>&#8211; Ihr k\u00f6nnt Euch \u00fcber den Schulelternrat f\u00fcr verschiedene Gremien zur Wahl stellen und w\u00e4hlt aktiv die Vertreter f\u00fcr diese Gremien (s.u.)<\/span><\/p>\n\n\n\n<p class=\"has-black-color has-text-color has-medium-font-size\"><span style=\"color:#000000\" class=\"tadv-color\"><br><strong>Schulelternrat (SER)<\/strong><\/span><\/p>\n\n\n\n<p class=\"has-black-color has-text-color has-medium-font-size\"><span style=\"color:#000000\" class=\"tadv-color\">Als Elternvertreter seid Ihr auch gleichzeitig <strong>Mitglied des Schulelternrates<\/strong>. Der Schulelternrat setzt sich also aus allen Elternvertretern der Schule zusammen. Wenn der Schulelternrat sich wie an unserer Schule eine besondere Ordnung gegeben hat, geh\u00f6ren auch die Stellvertreter dem Schulelternrat mit Stimmrecht an. Der Schulelternrat konstituiert sich alle <strong>zwei Jahre neu<\/strong>. Dies hat innerhalb von zwei Monaten nach<\/span> Ende der Sommerferien stattzufinden.<\/p>\n\n\n\n<p class=\"has-black-color has-text-color has-medium-font-size\"><br>Der Schulelternrat kann alle schulischen Themen er\u00f6rtern, pers\u00f6nliche Angelegenheiten und<br>Einzelinteressen geh\u00f6ren nicht dazu. Er muss vor grunds\u00e4tzlichen Entscheidungen, vor allem \u00fcber die Organisation der Schule und die Leistungsbewertung von der Schulleitung, dem Schulvorstand oder der zust\u00e4ndigen Konferenz geh\u00f6rt werden.<\/p>\n\n\n\n<p class=\"has-black-color has-text-color has-medium-font-size\"><br>Dieses Recht auf Information bedeutet aber nicht, dass der Schulelternrat zustimmen muss.<br>Zustimmungsrechte gibt es z.B. nur bei den Modalit\u00e4ten der Lernmittelausleihe, der Staffelung der Unterrichtszeiten, Schulfahrten und bei Abweichungen vom Zeugniserlass.<br>Der SER tagt mindestens zwei Mal im Schuljahr. Er w\u00e4hlt turnusm\u00e4\u00dfig die Vertreter f\u00fcr den Stadt- und Regionselternrat, den SER-Vorstand und den Schulvorstand.<\/p>\n\n\n\n<p><\/p>\n\n\n\n<p class=\"has-black-color has-text-color has-medium-font-size\"><br><strong>SER-Vor<span style=\"color:#000000\" class=\"tadv-color\">stand<\/span><\/strong><\/p>\n\n\n\n<p class=\"has-black-color has-text-color has-medium-font-size\"><span style=\"color:#000000\" class=\"tadv-color\">Nach der aktuellen Gesch\u00e4ftsordnung gibt es ein Vorstands-Team bestehend aus einem Vorsitzenden und drei Stellvertretern, die gleichberechtigt agieren. Der Vorstand l\u00e4dt zu den Sitzungen ein und moderiert sie, f\u00fchrt die Beschl\u00fcsse des SER aus, f\u00fchrt Gespr\u00e4che mit der Schulleitung und den Lehrkr\u00e4ften, vertritt die Elternschaft der Schule gegen\u00fcber der Schulleitung, dem Schultr\u00e4ger und der zust\u00e4ndigen Landesschulbeh\u00f6rde.<\/span><\/p>\n\n\n\n<p><\/p>\n\n\n\n<p class=\"has-black-color has-text-color has-medium-font-size\"><span style=\"color:#000000\" class=\"tadv-color\"><br><strong>Schulvorstand<\/strong><\/span><\/p>\n\n\n\n<p class=\"has-black-color has-text-color has-medium-font-size\"><span style=\"color:#000000\" class=\"tadv-color\">Mit der Einf\u00fchrung der Eigenverantwortlichen Schule traten zum Sommer 2007 wesentliche \u00c4nderungen im Nieders\u00e4chsischen Schulgesetz in Kraft. Als neues Entscheidungsgremium neben der Gesamtkonferenz wurde der Schulvorstand eingef\u00fchrt. Daraus ergibt sich f\u00fcr die Eltern- und Sch\u00fclermitarbeit ein deutlich vergr\u00f6\u00dferter Mitwirkungs- und  verantwortungsbereich. Lehrkr\u00e4fte, Eltern und Sch\u00fclerinnen und Sch\u00fcler entscheiden zusammen \u00fcber Inhalte und Ausgestaltung der schulischen Arbeit.<\/span> An den Grundschulen besteht der Schulvorstand zu je 50 % aus Lehrern und 50 % aus Elternvertretern.<\/p>\n\n\n\n<p class=\"has-black-color has-text-color has-medium-font-size\"><br>Die Elternvertreter werden vom SER \u2013 also den Klassenelternvertretern \u2013 gew\u00e4hlt (s.o.). W\u00e4hlbar sind alle Erziehungsberechtigten, die ein Kind an dieser Schule haben. Eine gleichzeitige Mitgliedschaft im Schulelternrat und\/oder im Schulvorstand und\/oder in der Gesamtkonferenz ist m\u00f6glich. Der Schulvorstand legt wesentliche Eckpunkte der Arbeit an der jeweiligen Schule fest. Die im Schulvorstand vertretenen Gruppen gestalten dabei die Arbeit der Schule mit dem Ziel der Qualit\u00e4tsentwicklung.<\/p>\n\n\n\n<p><\/p>\n\n\n\n<p class=\"has-black-color has-text-color has-medium-font-size\"><br><strong>Konferenzen<\/strong><\/p>\n\n\n\n<p class=\"has-black-color has-text-color has-medium-font-size\">In der <strong>Gesamtkonferenz <\/strong>werden f\u00fcr die ganze Schule geltende allgemeine Ordnungen, Bestimmungen und Grunds\u00e4tze behandelt. Die Anzahl der Vertreter der Eltern und Sch\u00fcler richtet sich nach der Anzahl der stimmberechtigten Mitglieder der Lehrkr\u00e4fte.<\/p>\n\n\n\n<p class=\"has-black-color has-text-color has-medium-font-size\"><br><strong>Fachkonferenzen <\/strong>werden f\u00fcr einzelne F\u00e4cher oder Gruppen von F\u00e4chern durch die Gesamtkonferenz eingerichtet. Die Fachkonferenzen entscheiden im Rahmen der Beschl\u00fcsse der Gesamtkonferenz und der gesetzlichen Regelungen und Erlasse \u00fcber die Angelegenheiten, die ausschlie\u00dflich den jeweiligen fachlichen Bereich betreffen.<\/p>\n\n\n\n<p class=\"has-black-color has-text-color has-medium-font-size\"><br>F\u00fcr jede Klasse ist eine <strong>Klassenkonferenz <\/strong>zu bilden. Im Rahmen der Beschl\u00fcsse der Gesamtkonferenz entscheidet die Klassenkonferenz \u00fcber die Angelegenheiten, die ausschlie\u00dflich die Klasse oder einzelne ihrer Sch\u00fclerinnen und Sch\u00fcler betreffen.<\/p>\n\n\n\n<p class=\"has-black-color has-text-color has-medium-font-size\"><br>Die Konferenzen tagen nach Bedarf, auch f\u00fcr die Gesamtkonferenz ist keine Bestimmung mehr<br>vorgegeben. Fachkonferenzen sollten wenigstens einmal pro Schulhalbjahr einberufen werden.<br><\/p>\n\n\n\n<p class=\"has-black-color has-text-color has-medium-font-size\">Mit freundlichen Gr\u00fc\u00dfen<br><\/p>\n\n\n\n<p class=\"has-black-color has-text-color has-medium-font-size\">Der SER-Vorstand<\/p>\n\n\n\n<p class=\"has-medium-font-size\"><strong>Bet\u00fcl Doksoez, Karsten Holdorf, Verena Gnad<\/strong><\/p>\n","protected":false},"excerpt":{"rendered":"<p>Gremien\u00fcberblick f\u00fcr die ElternarbeitSchuljahr 2021\/2022 10.09.2021 Bet\u00fcl Doksoez, Karsten Holdorf, Verena Gnad Liebe Eltern, jetzt ist es soweit und Eure Kinder beginnen das neue Schuljahr. Daher m\u00f6chten wir einige Infos \u00fcber die Gremien teilen, f\u00fcr die Ihr Euch aufstellen und w\u00e4hlen lassen k\u00f6nnt. Elternvertreter \/ Vertreter Klassen- und Zeugniskonferenz Die erste Ebene der Elternmitarbeit in &#8230; <a title=\"Gremien der FES\" class=\"read-more\" href=\"https:\/\/wordpress.nibis.de\/gsfes\/gremien-der-fes\/\" aria-label=\"Mehr Informationen \u00fcber Gremien der FES\">Weiterlesen<\/a><\/p>\n","protected":false},"author":9192938,"featured_media":3233,"parent":0,"menu_order":0,"comment_status":"closed","ping_status":"closed","template":"","meta":{"footnotes":""},"class_list":["post-5192","page","type-page","status-publish","has-post-thumbnail"],"_links":{"self":[{"href":"https:\/\/wordpress.nibis.de\/gsfes\/wp-json\/wp\/v2\/pages\/5192","targetHints":{"allow":["GET"]}}],"collection":[{"href":"https:\/\/wordpress.nibis.de\/gsfes\/wp-json\/wp\/v2\/pages"}],"about":[{"href":"https:\/\/wordpress.nibis.de\/gsfes\/wp-json\/wp\/v2\/types\/page"}],"author":[{"embeddable":true,"href":"https:\/\/wordpress.nibis.de\/gsfes\/wp-json\/wp\/v2\/users\/9192938"}],"replies":[{"embeddable":true,"href":"https:\/\/wordpress.nibis.de\/gsfes\/wp-json\/wp\/v2\/comments?post=5192"}],"version-history":[{"count":12,"href":"https:\/\/wordpress.nibis.de\/gsfes\/wp-json\/wp\/v2\/pages\/5192\/revisions"}],"predecessor-version":[{"id":7427,"href":"https:\/\/wordpress.nibis.de\/gsfes\/wp-json\/wp\/v2\/pages\/5192\/revisions\/7427"}],"wp:featuredmedia":[{"embeddable":true,"href":"https:\/\/wordpress.nibis.de\/gsfes\/wp-json\/wp\/v2\/media\/3233"}],"wp:attachment":[{"href":"https:\/\/wordpress.nibis.de\/gsfes\/wp-json\/wp\/v2\/media?parent=5192"}],"curies":[{"name":"wp","href":"https:\/\/api.w.org\/{rel}","templated":true}]}}