{"id":5217,"date":"2021-09-22T15:25:56","date_gmt":"2021-09-22T13:25:56","guid":{"rendered":"https:\/\/wordpress.nibis.de\/gsfes\/?page_id=5217"},"modified":"2026-02-20T20:41:50","modified_gmt":"2026-02-20T19:41:50","slug":"schulleitung","status":"publish","type":"page","link":"https:\/\/wordpress.nibis.de\/gsfes\/schulleitung\/","title":{"rendered":"Schulleitung"},"content":{"rendered":"\n<p class=\"has-background\" style=\"background-color:#72b9f0;font-size:1px\"><\/p>\n\n\n\n<div class=\"wp-block-columns is-layout-flex wp-container-core-columns-is-layout-abceabcf wp-block-columns-is-layout-flex\">\n<div class=\"wp-block-column is-layout-flow wp-block-column-is-layout-flow\"><div class=\"wp-block-image is-resized is-style-tw-shadow\">\n<figure class=\"aligncenter size-full\"><img loading=\"lazy\" decoding=\"async\" width=\"400\" height=\"600\" src=\"https:\/\/wordpress.nibis.de\/gsfes\/files\/2023\/07\/FES_Kollegium_Wiebke-B.png\" alt=\"\" class=\"wp-image-6644\" \/><figcaption class=\"wp-element-caption\"><strong>Wiebke Binderszewsk<\/strong>y <br>Schulleiterin<br><\/figcaption><\/figure>\n<\/div><\/div>\n\n\n\n<div class=\"wp-block-column is-layout-flow wp-block-column-is-layout-flow\"><div class=\"wp-block-image is-resized is-style-tw-shadow\">\n<figure class=\"aligncenter size-full\"><img loading=\"lazy\" decoding=\"async\" width=\"406\" height=\"407\" src=\"https:\/\/wordpress.nibis.de\/gsfes\/files\/2021\/10\/Bild_Anne-edited-1.png\" alt=\"\" class=\"wp-image-5384\" style=\"aspect-ratio:0.9975429032134219;width:450px;height:auto\" \/><figcaption class=\"wp-element-caption\"><strong>Anne Dobers<\/strong>     <br>Kommissarische Konrektorin                     <br>Koordinatorin \u00dcberg\u00e4nge KiTa und weiterf\u00fchrende Schule<\/figcaption><\/figure>\n<\/div><\/div>\n<\/div>\n\n\n\n<p class=\"has-background\" style=\"background-color:#72b9f0;font-size:1px\"><\/p>\n\n\n\n<p class=\"has-blue-background-color has-background\" style=\"font-size:1px\"><\/p>\n\n\n\n<p class=\"has-background\" style=\"background-color:#72b9f0;font-size:1px\"><\/p>\n\n\n\n<div class=\"wp-block-columns is-layout-flex wp-container-core-columns-is-layout-abceabcf wp-block-columns-is-layout-flex\">\n<div class=\"wp-block-column is-layout-flow wp-block-column-is-layout-flow\"><div class=\"wp-block-image is-resized is-style-tw-shadow\">\n<figure class=\"aligncenter size-full\"><img loading=\"lazy\" decoding=\"async\" width=\"450\" height=\"450\" src=\"https:\/\/wordpress.nibis.de\/gsfes\/files\/2020\/09\/Schattenbild.jpg\" alt=\"\" class=\"wp-image-3837\" \/><figcaption class=\"wp-element-caption\"><strong>Anja Gr\u00fcneberg <\/strong><br>Schulsekret\u00e4rin<\/figcaption><\/figure>\n<\/div><\/div>\n\n\n\n<div class=\"wp-block-column is-layout-flow wp-block-column-is-layout-flow\"><div class=\"wp-block-image is-resized is-style-tw-shadow\">\n<figure class=\"aligncenter size-full\"><img loading=\"lazy\" decoding=\"async\" width=\"585\" height=\"600\" src=\"https:\/\/wordpress.nibis.de\/gsfes\/files\/2020\/09\/Anette-585-x-600.jpg\" alt=\"\" class=\"wp-image-3846\" \/><figcaption class=\"wp-element-caption\"><strong>Anette Pilarski <br><\/strong>Schulassistentin<\/figcaption><\/figure>\n<\/div><\/div>\n\n\n\n<div class=\"wp-block-column is-layout-flow wp-block-column-is-layout-flow\"><div class=\"wp-block-image is-resized is-style-tw-shadow\">\n<figure class=\"aligncenter size-full\"><img loading=\"lazy\" decoding=\"async\" width=\"450\" height=\"450\" src=\"https:\/\/wordpress.nibis.de\/gsfes\/files\/2020\/09\/Schattenbild.jpg\" alt=\"\" class=\"wp-image-3837\" \/><figcaption class=\"wp-element-caption\"><strong>N. N.<br><\/strong>Schulsekret\u00e4rin<\/figcaption><\/figure>\n<\/div><\/div>\n<\/div>\n\n\n\n<p class=\"has-background\" style=\"background-color:#72b9f0;font-size:1px\"><\/p>\n\n\n\n<p><\/p>\n\n\n\n<div class=\"wp-block-columns is-layout-flex wp-container-core-columns-is-layout-abceabcf wp-block-columns-is-layout-flex\">\n<div class=\"wp-block-column is-layout-flow wp-block-column-is-layout-flow\"><div class=\"wp-block-image is-resized is-style-tw-hard-shadow wp-duotone-dark-grayscale\">\n<figure class=\"aligncenter size-full\"><img loading=\"lazy\" decoding=\"async\" width=\"337\" height=\"449\" src=\"https:\/\/wordpress.nibis.de\/gsfes\/files\/2021\/09\/DSC05594-edited-1.png\" alt=\"\" class=\"wp-image-5249\" \/><figcaption class=\"wp-element-caption\"><strong>Mike Haberding <br><\/strong>Schulhausmeister<\/figcaption><\/figure>\n<\/div><\/div>\n\n\n\n<div class=\"wp-block-column is-layout-flow wp-block-column-is-layout-flow\"><div class=\"wp-block-image is-style-tw-shadow\">\n<figure class=\"aligncenter size-full\"><img loading=\"lazy\" decoding=\"async\" width=\"450\" height=\"450\" src=\"https:\/\/wordpress.nibis.de\/gsfes\/files\/2020\/09\/Schattenbild.jpg\" alt=\"\" class=\"wp-image-3837\" \/><figcaption class=\"wp-element-caption\"><strong>Deysim Toprakli<br><\/strong>Schulhausmeister im Sp\u00e4tdienst<\/figcaption><\/figure>\n<\/div><\/div>\n<\/div>\n\n\n\n<p class=\"has-background\" style=\"background-color:#b6dcfa;font-size:1px\"><\/p>\n","protected":false},"excerpt":{"rendered":"","protected":false},"author":9192938,"featured_media":0,"parent":0,"menu_order":0,"comment_status":"closed","ping_status":"closed","template":"","meta":{"footnotes":""},"class_list":["post-5217","page","type-page","status-publish"],"_links":{"self":[{"href":"https:\/\/wordpress.nibis.de\/gsfes\/wp-json\/wp\/v2\/pages\/5217","targetHints":{"allow":["GET"]}}],"collection":[{"href":"https:\/\/wordpress.nibis.de\/gsfes\/wp-json\/wp\/v2\/pages"}],"about":[{"href":"https:\/\/wordpress.nibis.de\/gsfes\/wp-json\/wp\/v2\/types\/page"}],"author":[{"embeddable":true,"href":"https:\/\/wordpress.nibis.de\/gsfes\/wp-json\/wp\/v2\/users\/9192938"}],"replies":[{"embeddable":true,"href":"https:\/\/wordpress.nibis.de\/gsfes\/wp-json\/wp\/v2\/comments?post=5217"}],"version-history":[{"count":41,"href":"https:\/\/wordpress.nibis.de\/gsfes\/wp-json\/wp\/v2\/pages\/5217\/revisions"}],"predecessor-version":[{"id":8457,"href":"https:\/\/wordpress.nibis.de\/gsfes\/wp-json\/wp\/v2\/pages\/5217\/revisions\/8457"}],"wp:attachment":[{"href":"https:\/\/wordpress.nibis.de\/gsfes\/wp-json\/wp\/v2\/media?parent=5217"}],"curies":[{"name":"wp","href":"https:\/\/api.w.org\/{rel}","templated":true}]}}