{"id":5425,"date":"2021-12-02T20:25:44","date_gmt":"2021-12-02T19:25:44","guid":{"rendered":"https:\/\/wordpress.nibis.de\/gsfes\/?page_id=5425"},"modified":"2021-12-02T21:34:25","modified_gmt":"2021-12-02T20:34:25","slug":"unser-friedensweg","status":"publish","type":"page","link":"https:\/\/wordpress.nibis.de\/gsfes\/unser-friedensweg\/","title":{"rendered":"Unser Friedensweg"},"content":{"rendered":"\n<p style=\"font-size:24px\"><strong>Die wichtigsten Regeln f\u00fcr ein friedliches Miteinander an der Grundschule Friedrich-Ebert schm\u00fccken den Eingangsbereich<\/strong><\/p>\n\n\n\n<p style=\"font-size:18px\">Der Arbeitskreis &#8222;Eine Schule&#8220; hat \u00fcber einen langen Zeitraum das Schulprojekt \u201eFriedensweg\u201c initiiert und begleitet. So konnte unter Einbindung aller an Schule Beteiligten eine ganzheitliche Schulordnung, die ein friedliches Miteinander erm\u00f6glicht, entstehen.<\/p>\n\n\n\n<p class=\"has-blue-background-color has-background\" style=\"font-size:1px\"><\/p>\n\n\n\n<div class=\"wp-block-media-text alignwide is-stacked-on-mobile is-vertically-aligned-center is-style-default\" style=\"grid-template-columns:42% auto\"><figure class=\"wp-block-media-text__media\"><img loading=\"lazy\" decoding=\"async\" width=\"600\" height=\"258\" src=\"https:\/\/wordpress.nibis.de\/gsfes\/files\/2021\/12\/Friedensweg-2.png\" alt=\"\" class=\"wp-image-5426 size-full\" \/><\/figure><div class=\"wp-block-media-text__content\">\n<p><\/p>\n\n\n\n<p style=\"font-size:18px\">Die wichtigsten Regeln f\u00fcr ein friedliches Leben in unserer Schulgemeinde wurden nun endlich als Dibondschild im Digitaldruck im Geb\u00e4ude an neuralgischer Stelle am Treppenaufgang visualisiert. <\/p>\n\n\n\n<p class=\"has-text-color\" style=\"color:#5e5e5e;font-size:18px\"><span data-mce-type=\"bookmark\" id=\"mce_1_start\" data-mce-style=\"overflow:hidden;line-height:0px\" style=\"overflow:hidden;line-height:0px\"><span data-mce-type=\"bookmark\" id=\"mce_1_start\" data-mce-style=\"overflow:hidden;line-height:0px\" style=\"overflow:hidden;line-height:0px\"><br><\/span><\/span><\/p>\n<\/div><\/div>\n\n\n\n<p class=\"has-blue-background-color has-background\" style=\"font-size:1px\"><\/p>\n\n\n\n<p style=\"font-size:18px\">Hierf\u00fcr haben federf\u00fchrend unsere Ganztags-Mitarbeitende Janin Zielke vom Kooperationspartner KJW und Wiebke Binderszewsky als Beratungslehrerin der FES am Layout der Visualisierung gearbeitet und diese professionell durch einen im Stadtteil ans\u00e4ssigen Digitaldruck umsetzen lassen.\u00a0<\/p>\n\n\n\n<p style=\"font-size:18px\">Der Integrationsbeirat der Stadt Hannover hat dieses Visualisierungsvorhaben finanziert und gro\u00dfz\u00fcgig unterst\u00fctzt. Daf\u00fcr einen ganz herzlichen Dank!<\/p>\n\n\n\n<p class=\"has-blue-background-color has-background\" style=\"font-size:1px\"><\/p>\n\n\n\n<div class=\"wp-block-media-text alignwide has-media-on-the-right is-stacked-on-mobile is-vertically-aligned-center is-style-default\" style=\"grid-template-columns:auto 40%\"><figure class=\"wp-block-media-text__media\"><img loading=\"lazy\" decoding=\"async\" width=\"1200\" height=\"675\" src=\"https:\/\/wordpress.nibis.de\/gsfes\/files\/2021\/12\/20211202_161457-f9704009-1200x675.jpg\" alt=\"\" class=\"wp-image-5427 size-full\" srcset=\"https:\/\/wordpress.nibis.de\/gsfes\/files\/2021\/12\/20211202_161457-f9704009-1200x675.jpg 1200w, https:\/\/wordpress.nibis.de\/gsfes\/files\/2021\/12\/20211202_161457-f9704009-850x478.jpg 850w, https:\/\/wordpress.nibis.de\/gsfes\/files\/2021\/12\/20211202_161457-f9704009-250x141.jpg 250w\" sizes=\"auto, (max-width: 1200px) 100vw, 1200px\" \/><\/figure><div class=\"wp-block-media-text__content\">\n<p style=\"font-size:18px\">Im Sozialen Lernen, dem Klassenrat, im Schul-Kinderrat der FES u.v.m. werden diese Regeln nun etabliert und gemeinsam gelebt. Durch die Reduzierung der Regelmenge und eine ausschlie\u00dflich positive Ausdrucksform erinnert sich jede Person, die die Schule betritt, an unseren gew\u00fcnschten Umgang miteinander.<\/p>\n\n\n<\/div><\/div>\n\n\n\n<p class=\"has-blue-background-color has-background\" style=\"font-size:1px\"><\/p>\n\n\n\n<p style=\"font-size:18px\">Wichtig ist uns auch die Implementierung unseres Leitbildes &#8222;vielf\u00e4ltig, lebendig und kreativ&#8220; in unseren Schulregeln. Jede*r Einzelne konnte im Prozess mitgenommen werden und der Begriff \u201eEine Schule f\u00fcr alle\u201c bekommt eine grundlegende Bedeutung. So konnte sich eine Haltung und Schulkultur, in der Diversit\u00e4t selbstverst\u00e4ndlich ist, entwickeln.<\/p>\n\n\n\n<p style=\"font-size:18px\">Jessica Welzel<br>(Schulleiterin)<\/p>\n\n\n\n\n\n<p><\/p>\n","protected":false},"excerpt":{"rendered":"<p>Die wichtigsten Regeln f\u00fcr ein friedliches Miteinander an der Grundschule Friedrich-Ebert schm\u00fccken den Eingangsbereich Der Arbeitskreis &#8222;Eine Schule&#8220; hat \u00fcber einen langen Zeitraum das Schulprojekt \u201eFriedensweg\u201c initiiert und begleitet. So konnte unter Einbindung aller an Schule Beteiligten eine ganzheitliche Schulordnung, die ein friedliches Miteinander erm\u00f6glicht, entstehen. Die wichtigsten Regeln f\u00fcr ein friedliches Leben in unserer &#8230; <a title=\"Unser Friedensweg\" class=\"read-more\" href=\"https:\/\/wordpress.nibis.de\/gsfes\/unser-friedensweg\/\" aria-label=\"Mehr Informationen \u00fcber Unser Friedensweg\">Weiterlesen<\/a><\/p>\n","protected":false},"author":9192938,"featured_media":3233,"parent":0,"menu_order":0,"comment_status":"closed","ping_status":"closed","template":"","meta":{"footnotes":""},"class_list":["post-5425","page","type-page","status-publish","has-post-thumbnail"],"_links":{"self":[{"href":"https:\/\/wordpress.nibis.de\/gsfes\/wp-json\/wp\/v2\/pages\/5425","targetHints":{"allow":["GET"]}}],"collection":[{"href":"https:\/\/wordpress.nibis.de\/gsfes\/wp-json\/wp\/v2\/pages"}],"about":[{"href":"https:\/\/wordpress.nibis.de\/gsfes\/wp-json\/wp\/v2\/types\/page"}],"author":[{"embeddable":true,"href":"https:\/\/wordpress.nibis.de\/gsfes\/wp-json\/wp\/v2\/users\/9192938"}],"replies":[{"embeddable":true,"href":"https:\/\/wordpress.nibis.de\/gsfes\/wp-json\/wp\/v2\/comments?post=5425"}],"version-history":[{"count":9,"href":"https:\/\/wordpress.nibis.de\/gsfes\/wp-json\/wp\/v2\/pages\/5425\/revisions"}],"predecessor-version":[{"id":5444,"href":"https:\/\/wordpress.nibis.de\/gsfes\/wp-json\/wp\/v2\/pages\/5425\/revisions\/5444"}],"wp:featuredmedia":[{"embeddable":true,"href":"https:\/\/wordpress.nibis.de\/gsfes\/wp-json\/wp\/v2\/media\/3233"}],"wp:attachment":[{"href":"https:\/\/wordpress.nibis.de\/gsfes\/wp-json\/wp\/v2\/media?parent=5425"}],"curies":[{"name":"wp","href":"https:\/\/api.w.org\/{rel}","templated":true}]}}