{"id":6463,"date":"2023-04-24T19:31:28","date_gmt":"2023-04-24T17:31:28","guid":{"rendered":"https:\/\/wordpress.nibis.de\/gsfes\/?page_id=6463"},"modified":"2023-04-24T19:31:41","modified_gmt":"2023-04-24T17:31:41","slug":"kaenguru-wettbewerb-2023","status":"publish","type":"page","link":"https:\/\/wordpress.nibis.de\/gsfes\/kaenguru-wettbewerb-2023\/","title":{"rendered":"K\u00e4nguru-Wettbewerb 2023"},"content":{"rendered":"\n<p style=\"font-size:16px\">Knobelspa\u00df mit einem Insel-Puzzel &#8211; als Spiel zu zweit oder als Challenge f\u00fcr sich allein &#8211; das ist der Preis f\u00fcr alle in 2023, mit dem die teilnehmenden FES-Kids nach der FES-Siegerehrung vom Knobelwettbewerb K\u00e4nguru der Mathematik stolz nach Hause gehen durften. Carla, Sophie, Dhuruvan, Jorin und Niklas haben sogar so viele Punkte in der jeweiligen Jahrgangswertung erreicht, dass sie vom Veranstalter zus\u00e4tzlich mit einem besonderen Preis ausgezeichnet wurden. Wir freuen uns, dass wir auch in diesem Jahr wieder einige Kinder aus Jahrgang 2 dabei hatten, die sich mit den Kindern aus Jahrgang 3 messen wollten.<\/p>\n\n\n\n<div class=\"wp-block-image is-style-tw-frame\"><figure class=\"aligncenter size-full is-resized\"><img loading=\"lazy\" decoding=\"async\" src=\"https:\/\/wordpress.nibis.de\/gsfes\/files\/2023\/04\/Knguru2023_renamed_6456.png\" alt=\"\" class=\"wp-image-6464\" width=\"1434\" height=\"1041\" srcset=\"https:\/\/wordpress.nibis.de\/gsfes\/files\/2023\/04\/Knguru2023_renamed_6456.png 1200w, https:\/\/wordpress.nibis.de\/gsfes\/files\/2023\/04\/Knguru2023_renamed_6456-768x557.png 768w\" sizes=\"auto, (max-width: 1434px) 100vw, 1434px\" \/><figcaption>Dhuruvan, Niklas, Jorin, Sophie, Carla (v.l.n.r) <\/figcaption><\/figure><\/div>\n\n\n\n<p>Einmal im Jahr l\u00e4dt der K\u00e4nguru-Wettbewerb zum Rechnen, Knobeln und Nachdenken ein. Mit dem K\u00e4nguru-Wettbewerb soll Lust auf Mathematik gemacht und die mathematische Bildung an den Schulen unterst\u00fctzt werden. Der Wettbewerb wird zentral durch den gemeinn\u00fctzigen Verein Mathematik\u00adwettbewerb K\u00e4nguru e.V., der seinen Sitz an der Humboldt-Universit\u00e4t zu Berlin hat, vorbereitet und ausgewertet. Durchgef\u00fchrt wird der Wettbewerb dezentral an den Schulen. In der Regel findet der K\u00e4nguru-Wettbewerb am 3. Donnerstag im M\u00e4rz statt, in diesem Jahr war es der 16.03.2023. 52 mutige und knobelinteressierte FES-Sch\u00fclerinnen und Sch\u00fcler hatten sich 2023 angemeldet. Es war sch\u00f6n, dass der Wettbewerb wieder f\u00fcr alle in Pr\u00e4senz am Vormittagsbereich stattfand und wir auch \u00dcbestunde anbieten konnten. Hier k\u00f6nnen sich Kinder, die das K\u00e4nguru-Aufgaben-Format noch nicht kennen, \u00fcber L\u00f6sungsstrategien, taktisches Vorgehen und besonders knobelige Aufgaben austauschen.<\/p>\n","protected":false},"excerpt":{"rendered":"<p>Knobelspa\u00df mit einem Insel-Puzzel &#8211; als Spiel zu zweit oder als Challenge f\u00fcr sich allein &#8211; das ist der Preis f\u00fcr alle in 2023, mit dem die teilnehmenden FES-Kids nach der FES-Siegerehrung vom Knobelwettbewerb K\u00e4nguru der Mathematik stolz nach Hause gehen durften. Carla, Sophie, Dhuruvan, Jorin und Niklas haben sogar so viele Punkte in der &#8230; <a title=\"K\u00e4nguru-Wettbewerb 2023\" class=\"read-more\" href=\"https:\/\/wordpress.nibis.de\/gsfes\/kaenguru-wettbewerb-2023\/\" aria-label=\"Mehr Informationen \u00fcber K\u00e4nguru-Wettbewerb 2023\">Weiterlesen<\/a><\/p>\n","protected":false},"author":9192938,"featured_media":0,"parent":0,"menu_order":0,"comment_status":"closed","ping_status":"closed","template":"","meta":{"footnotes":""},"class_list":["post-6463","page","type-page","status-publish"],"_links":{"self":[{"href":"https:\/\/wordpress.nibis.de\/gsfes\/wp-json\/wp\/v2\/pages\/6463","targetHints":{"allow":["GET"]}}],"collection":[{"href":"https:\/\/wordpress.nibis.de\/gsfes\/wp-json\/wp\/v2\/pages"}],"about":[{"href":"https:\/\/wordpress.nibis.de\/gsfes\/wp-json\/wp\/v2\/types\/page"}],"author":[{"embeddable":true,"href":"https:\/\/wordpress.nibis.de\/gsfes\/wp-json\/wp\/v2\/users\/9192938"}],"replies":[{"embeddable":true,"href":"https:\/\/wordpress.nibis.de\/gsfes\/wp-json\/wp\/v2\/comments?post=6463"}],"version-history":[{"count":1,"href":"https:\/\/wordpress.nibis.de\/gsfes\/wp-json\/wp\/v2\/pages\/6463\/revisions"}],"predecessor-version":[{"id":6465,"href":"https:\/\/wordpress.nibis.de\/gsfes\/wp-json\/wp\/v2\/pages\/6463\/revisions\/6465"}],"wp:attachment":[{"href":"https:\/\/wordpress.nibis.de\/gsfes\/wp-json\/wp\/v2\/media?parent=6463"}],"curies":[{"name":"wp","href":"https:\/\/api.w.org\/{rel}","templated":true}]}}