{"id":7761,"date":"2025-02-07T21:50:45","date_gmt":"2025-02-07T20:50:45","guid":{"rendered":"https:\/\/wordpress.nibis.de\/gsfes\/?page_id=7761"},"modified":"2025-08-01T08:11:01","modified_gmt":"2025-08-01T06:11:01","slug":"schulsozialarbeit-jan-meuel","status":"publish","type":"page","link":"https:\/\/wordpress.nibis.de\/gsfes\/schulsozialarbeit-jan-meuel\/","title":{"rendered":"Schulsozialarbeit &#8211; Jan Meuel"},"content":{"rendered":"\n<div class=\"wp-block-columns is-layout-flex wp-container-core-columns-is-layout-abceabcf wp-block-columns-is-layout-flex\">\n<div class=\"wp-block-column is-layout-flow wp-block-column-is-layout-flow\">\n<div class=\"wp-block-image is-style-tw-frame\"><figure class=\"aligncenter size-full is-resized\"><img loading=\"lazy\" decoding=\"async\" src=\"https:\/\/wordpress.nibis.de\/gsfes\/files\/2025\/02\/Schuso-2.png\" alt=\"\" class=\"wp-image-7748\" width=\"419\" height=\"314\" \/><figcaption>Jan Meuel &#8211; Schulsozialarbeiter an der FES<\/figcaption><\/figure><\/div>\n<\/div>\n\n\n\n<div class=\"wp-block-column is-layout-flow wp-block-column-is-layout-flow\">\n<p class=\"has-text-align-right has-background\" style=\"background-color:#f6fdca\">Jan Meuel &#8211; Schulsozialarbeit <\/p>\n\n\n\n<p class=\"has-text-align-right has-background\" style=\"background-color:#f6fdca\">Telefon: <strong>0511 &#8211; 168-33898<\/strong><\/p>\n\n\n\n<p class=\"has-text-align-right has-background\" style=\"background-color:#f6fdca\">Email: <strong>jan.meuel(at)fes-badenstedt.de<\/strong><\/p>\n\n\n\n<p class=\"has-text-align-right has-background\" style=\"background-color:#f6fdca\">Raum: 3.005 (Neubau)<\/p>\n<\/div>\n<\/div>\n\n\n\n<p class=\"tw-mt-4 has-global-color-9-background-color has-background\" style=\"font-size:1px\"><\/p>\n\n\n\n<p class=\"tw-mt-4\"><strong>Meine Aufgabenbereiche umfassen unter anderem \u2026<\/strong><\/p>\n\n\n\n<ul class=\"wp-block-list\"><li>die Beratung und Begleitung von Sch\u00fcler:innen, Lehrkr\u00e4ften sowie Eltern bei Fragen, Schwierigkeiten oder Sorgen in schulischen und\/oder pers\u00f6nlichen Angelegenheiten<\/li><li>die Gestaltung von sozialp\u00e4dagogischen und pr\u00e4ventiven Angeboten<\/li><li>die Unterst\u00fctzung der Kinder bei Konflikten untereinander in Form einer Mediation<\/li><li>die Begleitung und Weiterentwicklung von partizipativen Angeboten, z.B. dem Schulkinderrat<\/li><li>die Mitarbeit in der Institution Schule, beispielsweise durch Teilnahme an den Konferenzen, Mitwirkung bei Festen oder Veranstaltungen<\/li><li>die Unterst\u00fctzung des Ganztagsangebots,<\/li><li>die Zusammenarbeit und Vernetzung mit au\u00dferschulischen Institutionen im Stadtteil und dar\u00fcber hinaus.<\/li><\/ul>\n\n\n\n<p class=\"has-global-color-9-background-color has-background\" style=\"font-size:1px\"><\/p>\n\n\n\n<p class=\"tw-mt-4\">Gerne k\u00f6nnt ihr euch\/ k\u00f6nnen Sie sich mit deinem\/Ihren Anliegen an mich wenden. Wir vereinbaren dann einen gemeinsamen Termin. Mein B\u00fcro befindet sich im Neubau, Raum 3.005 (direkt vor dem Eingang zur Turnhalle auf der linken Seite).<\/p>\n\n\n\n<p>Ich freue mich dich\/ Sie kennenzulernen!<\/p>\n\n\n\n<p class=\"tw-mb-4 tw-mt-4 has-global-color-9-background-color has-background\" style=\"font-size:1px\"><\/p>\n\n\n\n<div class=\"wp-block-buttons is-layout-flex wp-block-buttons-is-layout-flex\">\n<div class=\"wp-block-button aligncenter is-style-fill\"><a class=\"wp-block-button__link has-base-3-color has-global-color-9-background-color has-text-color has-background\" href=\"https:\/\/cloudfiles.fes-badenstedt.de\/index.php\/s\/m3HxtJWCKFpRp9e\/download\/Kurzvorstellung%20Meuel.pdf\" target=\"_blank\" rel=\"noreferrer noopener\">Diese Infos als pdf-Datei herunterladen<\/a><\/div>\n<\/div>\n","protected":false},"excerpt":{"rendered":"<p>Jan Meuel &#8211; Schulsozialarbeit Telefon: 0511 &#8211; 168-33898 Email: jan.meuel(at)fes-badenstedt.de Raum: 3.005 (Neubau) Meine Aufgabenbereiche umfassen unter anderem \u2026 die Beratung und Begleitung von Sch\u00fcler:innen, Lehrkr\u00e4ften sowie Eltern bei Fragen, Schwierigkeiten oder Sorgen in schulischen und\/oder pers\u00f6nlichen Angelegenheiten die Gestaltung von sozialp\u00e4dagogischen und pr\u00e4ventiven Angeboten die Unterst\u00fctzung der Kinder bei Konflikten untereinander in Form einer &#8230; <a title=\"Schulsozialarbeit &#8211; Jan Meuel\" class=\"read-more\" href=\"https:\/\/wordpress.nibis.de\/gsfes\/schulsozialarbeit-jan-meuel\/\" aria-label=\"Mehr Informationen \u00fcber Schulsozialarbeit &#8211; Jan Meuel\">Weiterlesen<\/a><\/p>\n","protected":false},"author":9192938,"featured_media":0,"parent":0,"menu_order":0,"comment_status":"closed","ping_status":"closed","template":"","meta":{"footnotes":""},"class_list":["post-7761","page","type-page","status-publish"],"_links":{"self":[{"href":"https:\/\/wordpress.nibis.de\/gsfes\/wp-json\/wp\/v2\/pages\/7761","targetHints":{"allow":["GET"]}}],"collection":[{"href":"https:\/\/wordpress.nibis.de\/gsfes\/wp-json\/wp\/v2\/pages"}],"about":[{"href":"https:\/\/wordpress.nibis.de\/gsfes\/wp-json\/wp\/v2\/types\/page"}],"author":[{"embeddable":true,"href":"https:\/\/wordpress.nibis.de\/gsfes\/wp-json\/wp\/v2\/users\/9192938"}],"replies":[{"embeddable":true,"href":"https:\/\/wordpress.nibis.de\/gsfes\/wp-json\/wp\/v2\/comments?post=7761"}],"version-history":[{"count":13,"href":"https:\/\/wordpress.nibis.de\/gsfes\/wp-json\/wp\/v2\/pages\/7761\/revisions"}],"predecessor-version":[{"id":7903,"href":"https:\/\/wordpress.nibis.de\/gsfes\/wp-json\/wp\/v2\/pages\/7761\/revisions\/7903"}],"wp:attachment":[{"href":"https:\/\/wordpress.nibis.de\/gsfes\/wp-json\/wp\/v2\/media?parent=7761"}],"curies":[{"name":"wp","href":"https:\/\/api.w.org\/{rel}","templated":true}]}}