{"id":8258,"date":"2026-01-12T13:03:44","date_gmt":"2026-01-12T12:03:44","guid":{"rendered":"https:\/\/wordpress.nibis.de\/gsfes\/?page_id=8258"},"modified":"2026-02-19T15:28:23","modified_gmt":"2026-02-19T14:28:23","slug":"unsere-podcasts","status":"publish","type":"page","link":"https:\/\/wordpress.nibis.de\/gsfes\/unsere-podcasts\/","title":{"rendered":"Unsere Podcasts"},"content":{"rendered":"\n\n\n<div class=\"wp-block-media-text is-stacked-on-mobile is-vertically-aligned-center tw-mb-5 has-base-background-color has-background tw-block-animation tw-animation-fade-in tw-duration-4\"><figure class=\"wp-block-media-text__media\"><img loading=\"lazy\" decoding=\"async\" width=\"600\" height=\"450\" src=\"https:\/\/wordpress.nibis.de\/gsfes\/files\/2026\/01\/Logo-FES-Podcast-600-x-450.jpg\" alt=\"\" class=\"wp-image-8263 size-full\" srcset=\"https:\/\/wordpress.nibis.de\/gsfes\/files\/2026\/01\/Logo-FES-Podcast-600-x-450.jpg 600w, https:\/\/wordpress.nibis.de\/gsfes\/files\/2026\/01\/Logo-FES-Podcast-600-x-450-100x75.jpg 100w\" sizes=\"auto, (max-width: 600px) 100vw, 600px\" \/><\/figure><div class=\"wp-block-media-text__content\">\n<p class=\"has-text-align-left has-contrast-color has-base-background-color has-text-color has-background has-link-color has-medium-font-size wp-elements-e2d7d1180d94a10d8741acdcf46aff47\">In der Podcast-AG haben die Kinder unter Anleitung von Jan Meuel im Schuljahr 2025\/26 eigene Podcasts produziert. Die Themen haben sie sich mit \u00fcberlegt und die Fragen eigenst\u00e4ndig ausgedacht.<\/p>\n<\/div><\/div>\n\n\n\n<p class=\"has-global-color-9-background-color has-background\" style=\"font-size:1px\"><\/p>\n\n\n\n<p class=\"has-text-align-center has-contrast-color has-text-color has-link-color wp-elements-840296dc189bd17283afd352bdb5d43c\" style=\"font-size:33px\"><strong>Klickt und h\u00f6rt doch mal  rein!<\/strong><\/p>\n\n\n\n<ul class=\"wp-block-list\">\n<li class=\"has-global-color-9-color has-text-color has-link-color wp-elements-27167feaaca6cefb6f7233d3c387ba4e tw-block-animation tw-animation-fade-in tw-duration-2\" style=\"font-size:26px\"><a href=\"https:\/\/cloudfiles.fes-badenstedt.de\/s\/jWYewGCTKpJgXG5\">Das ist die Podcast-AG<\/a> <\/li>\n\n\n\n<li class=\"has-global-color-10-color has-text-color has-link-color wp-elements-3c66cffff647c45b7ea35ac40b2b3a50 tw-block-animation tw-animation-fade-in\" style=\"--tw-animation-delay:0.3s;font-size:26px\"><a href=\"https:\/\/cloudfiles.fes-badenstedt.de\/s\/GAAB65FWi4cnQAk\">Wir feiern Weihnachten<\/a><\/li>\n\n\n\n<li class=\"has-text-color has-link-color wp-elements-b63da3a2a35a6bba3f0e3d2d90349ccf tw-block-animation tw-animation-fade-in tw-duration-2\" style=\"--tw-animation-delay:0.6s;color:#b08a00;font-size:26px\"><a href=\"https:\/\/cloudfiles.fes-badenstedt.de\/s\/dPB75DSHnm5xpMD\">Kathrin und Petro<\/a><\/li>\n\n\n\n<li class=\"has-text-color has-link-color wp-elements-0cabbb5b66f4ea70cf1a626737571617 tw-block-animation tw-animation-fade-in tw-duration-2\" style=\"--tw-animation-delay:0.9s;color:#cc0000;font-size:26px\"><a href=\"https:\/\/cloudfiles.fes-badenstedt.de\/s\/k9CtkYfpi42Zsfe\">Unterricht an der FES<\/a><\/li>\n\n\n\n<li class=\"has-text-color has-link-color wp-elements-d0c42fa1c20eda7052ba3ea8191e8ef0 tw-block-animation tw-animation-fade-in tw-duration-2\" style=\"--tw-animation-delay:1.2s;color:#10821a;font-size:26px\"><a href=\"https:\/\/cloudfiles.fes-badenstedt.de\/s\/7RDJJicq6apRBw4\">Das Mensa-Essen<\/a><\/li>\n\n\n\n<li class=\"has-text-color has-link-color wp-elements-97f029c8b9b406f410cd23ac93a6742b tw-block-animation tw-animation-fade-in tw-duration-2\" style=\"--tw-animation-delay:1.5s;color:#5100cc;font-size:26px\"><a href=\"https:\/\/cloudfiles.fes-badenstedt.de\/s\/5mzWn93CHx7jJYM\">Moritz<\/a><\/li>\n\n\n\n<li class=\"has-text-color has-link-color wp-elements-3f65dc0c20ccc8bbdba49054f3f1bab6 tw-block-animation tw-animation-fade-in tw-duration-2\" style=\"--tw-animation-delay:1.8s;color:#856d00;font-size:26px\"><a href=\"https:\/\/cloudfiles.fes-badenstedt.de\/s\/7SqHzodfzcpxgwt\">Die Wunsch-Schule<\/a><\/li>\n\n\n\n<li class=\"has-text-color has-link-color wp-elements-08c637f66ab94ba391fba986f3aed7af tw-block-animation tw-animation-fade-in tw-duration-2\" style=\"--tw-animation-delay:2.1s;color:#234a81;font-size:26px\"><a href=\"https:\/\/cloudfiles.fes-badenstedt.de\/s\/LaFiGTYjXSRcZB8\" target=\"_blank\" rel=\"noreferrer noopener\">Emma und Helena berichten aus dem Kinderrat <\/a><\/li>\n<\/ul>\n\n\n\n<p class=\"has-global-color-9-background-color has-background\" style=\"font-size:1px\"><\/p>\n\n\n","protected":false},"excerpt":{"rendered":"<p>In der Podcast-AG haben die Kinder unter Anleitung von Jan Meuel im Schuljahr 2025\/26 eigene Podcasts produziert. Die Themen haben sie sich mit \u00fcberlegt und die Fragen eigenst\u00e4ndig ausgedacht. Klickt und h\u00f6rt doch mal rein!<\/p>\n","protected":false},"author":9192938,"featured_media":0,"parent":0,"menu_order":0,"comment_status":"closed","ping_status":"closed","template":"","meta":{"footnotes":""},"class_list":["post-8258","page","type-page","status-publish"],"_links":{"self":[{"href":"https:\/\/wordpress.nibis.de\/gsfes\/wp-json\/wp\/v2\/pages\/8258","targetHints":{"allow":["GET"]}}],"collection":[{"href":"https:\/\/wordpress.nibis.de\/gsfes\/wp-json\/wp\/v2\/pages"}],"about":[{"href":"https:\/\/wordpress.nibis.de\/gsfes\/wp-json\/wp\/v2\/types\/page"}],"author":[{"embeddable":true,"href":"https:\/\/wordpress.nibis.de\/gsfes\/wp-json\/wp\/v2\/users\/9192938"}],"replies":[{"embeddable":true,"href":"https:\/\/wordpress.nibis.de\/gsfes\/wp-json\/wp\/v2\/comments?post=8258"}],"version-history":[{"count":25,"href":"https:\/\/wordpress.nibis.de\/gsfes\/wp-json\/wp\/v2\/pages\/8258\/revisions"}],"predecessor-version":[{"id":8452,"href":"https:\/\/wordpress.nibis.de\/gsfes\/wp-json\/wp\/v2\/pages\/8258\/revisions\/8452"}],"wp:attachment":[{"href":"https:\/\/wordpress.nibis.de\/gsfes\/wp-json\/wp\/v2\/media?parent=8258"}],"curies":[{"name":"wp","href":"https:\/\/api.w.org\/{rel}","templated":true}]}}