{"id":408,"date":"2015-11-19T18:17:35","date_gmt":"2015-11-19T17:17:35","guid":{"rendered":"http:\/\/wordpress.nibis.de\/gsfindorff\/?page_id=408"},"modified":"2023-10-16T15:50:53","modified_gmt":"2023-10-16T13:50:53","slug":"haus-und-hof-4","status":"publish","type":"page","link":"https:\/\/wordpress.nibis.de\/gsfindorff\/haus-und-hof-4\/","title":{"rendered":"Haus und Hof"},"content":{"rendered":"\n<figure class=\"wp-block-gallery has-nested-images columns-1 tw-gutter-large wp-block-gallery-1 is-layout-flex wp-block-gallery-is-layout-flex\">\n<figure class=\"wp-block-image size-large\"><img loading=\"lazy\" decoding=\"async\" width=\"1260\" height=\"297\" data-id=\"1221\" src=\"https:\/\/wordpress.nibis.de\/gsfindorff\/files\/2023\/10\/cropped-headerbildzaun-3.jpg\" alt=\"\" class=\"wp-image-1221\" srcset=\"https:\/\/wordpress.nibis.de\/gsfindorff\/files\/2023\/10\/cropped-headerbildzaun-3.jpg 1260w, https:\/\/wordpress.nibis.de\/gsfindorff\/files\/2023\/10\/cropped-headerbildzaun-3-768x181.jpg 768w\" sizes=\"auto, (max-width: 1260px) 100vw, 1260px\" \/><figcaption>Schulgarten von au\u00dfen<\/figcaption><\/figure>\n\n\n\n<figure class=\"wp-block-image size-large\"><img loading=\"lazy\" decoding=\"async\" width=\"1024\" height=\"576\" data-id=\"1122\" src=\"https:\/\/wordpress.nibis.de\/gsfindorff\/files\/2019\/11\/DSC_0117-1-e1573230051253.jpg\" alt=\"\" class=\"wp-image-1122\" srcset=\"https:\/\/wordpress.nibis.de\/gsfindorff\/files\/2019\/11\/DSC_0117-1-e1573230051253.jpg 1024w, https:\/\/wordpress.nibis.de\/gsfindorff\/files\/2019\/11\/DSC_0117-1-e1573230051253-300x169.jpg 300w, https:\/\/wordpress.nibis.de\/gsfindorff\/files\/2019\/11\/DSC_0117-1-e1573230051253-768x432.jpg 768w, https:\/\/wordpress.nibis.de\/gsfindorff\/files\/2019\/11\/DSC_0117-1-e1573230051253-800x450.jpg 800w\" sizes=\"auto, (max-width: 1024px) 100vw, 1024px\" \/><figcaption>Schulgarten<\/figcaption><\/figure>\n\n\n\n<figure class=\"wp-block-image size-large\"><img loading=\"lazy\" decoding=\"async\" width=\"1024\" height=\"576\" data-id=\"1077\" src=\"https:\/\/wordpress.nibis.de\/gsfindorff\/files\/2019\/11\/20180502_104435.jpg\" alt=\"\" class=\"wp-image-1077\" srcset=\"https:\/\/wordpress.nibis.de\/gsfindorff\/files\/2019\/11\/20180502_104435.jpg 1024w, https:\/\/wordpress.nibis.de\/gsfindorff\/files\/2019\/11\/20180502_104435-300x169.jpg 300w, https:\/\/wordpress.nibis.de\/gsfindorff\/files\/2019\/11\/20180502_104435-768x432.jpg 768w, https:\/\/wordpress.nibis.de\/gsfindorff\/files\/2019\/11\/20180502_104435-800x450.jpg 800w\" sizes=\"auto, (max-width: 1024px) 100vw, 1024px\" \/><figcaption>Vorderansicht<\/figcaption><\/figure>\n\n\n\n<figure class=\"wp-block-image size-large\"><img loading=\"lazy\" decoding=\"async\" width=\"1778\" height=\"1000\" data-id=\"1016\" src=\"https:\/\/wordpress.nibis.de\/gsfindorff\/files\/2019\/11\/DSC_0129-1-e1572723007728.jpg\" alt=\"\" class=\"wp-image-1016\" \/><figcaption>Zaun<\/figcaption><\/figure>\n\n\n\n<figure class=\"wp-block-image size-large\"><img loading=\"lazy\" decoding=\"async\" width=\"1000\" height=\"380\" data-id=\"1007\" src=\"https:\/\/wordpress.nibis.de\/gsfindorff\/files\/2019\/11\/DSC_0039-3-e1572724314456.jpg\" alt=\"\" class=\"wp-image-1007\" \/><figcaption>Pausenhalle<\/figcaption><\/figure>\n\n\n\n<figure class=\"wp-block-image size-large\"><img loading=\"lazy\" decoding=\"async\" width=\"2560\" height=\"1440\" data-id=\"1259\" src=\"https:\/\/wordpress.nibis.de\/gsfindorff\/files\/2023\/10\/DSC_0023-7-scaled.jpg\" alt=\"\" class=\"wp-image-1259\" srcset=\"https:\/\/wordpress.nibis.de\/gsfindorff\/files\/2023\/10\/DSC_0023-7-scaled.jpg 2560w, https:\/\/wordpress.nibis.de\/gsfindorff\/files\/2023\/10\/DSC_0023-7-850x478.jpg 850w, https:\/\/wordpress.nibis.de\/gsfindorff\/files\/2023\/10\/DSC_0023-7-1200x675.jpg 1200w, https:\/\/wordpress.nibis.de\/gsfindorff\/files\/2023\/10\/DSC_0023-7-250x141.jpg 250w, https:\/\/wordpress.nibis.de\/gsfindorff\/files\/2023\/10\/DSC_0023-7-768x432.jpg 768w, https:\/\/wordpress.nibis.de\/gsfindorff\/files\/2023\/10\/DSC_0023-7-1536x864.jpg 1536w, https:\/\/wordpress.nibis.de\/gsfindorff\/files\/2023\/10\/DSC_0023-7-2048x1152.jpg 2048w\" sizes=\"auto, (max-width: 2560px) 100vw, 2560px\" \/><figcaption>Begr\u00fc\u00dfung der zuk\u00fcnftigen Erstkl\u00e4ssler<\/figcaption><\/figure>\n\n\n\n<figure class=\"wp-block-image size-large\"><img loading=\"lazy\" decoding=\"async\" width=\"1920\" height=\"1080\" data-id=\"1260\" src=\"https:\/\/wordpress.nibis.de\/gsfindorff\/files\/2023\/10\/Schnappschuss.png\" alt=\"\" class=\"wp-image-1260\" srcset=\"https:\/\/wordpress.nibis.de\/gsfindorff\/files\/2023\/10\/Schnappschuss.png 1920w, https:\/\/wordpress.nibis.de\/gsfindorff\/files\/2023\/10\/Schnappschuss-850x478.png 850w, https:\/\/wordpress.nibis.de\/gsfindorff\/files\/2023\/10\/Schnappschuss-1200x675.png 1200w, https:\/\/wordpress.nibis.de\/gsfindorff\/files\/2023\/10\/Schnappschuss-250x141.png 250w, https:\/\/wordpress.nibis.de\/gsfindorff\/files\/2023\/10\/Schnappschuss-768x432.png 768w, https:\/\/wordpress.nibis.de\/gsfindorff\/files\/2023\/10\/Schnappschuss-1536x864.png 1536w\" sizes=\"auto, (max-width: 1920px) 100vw, 1920px\" \/><figcaption>Tanzen auf dem hinteren Schulhof<\/figcaption><\/figure>\n<\/figure>\n","protected":false},"excerpt":{"rendered":"","protected":false},"author":828,"featured_media":0,"parent":0,"menu_order":1,"comment_status":"closed","ping_status":"closed","template":"","meta":{"footnotes":""},"class_list":["post-408","page","type-page","status-publish","hentry"],"_links":{"self":[{"href":"https:\/\/wordpress.nibis.de\/gsfindorff\/wp-json\/wp\/v2\/pages\/408","targetHints":{"allow":["GET"]}}],"collection":[{"href":"https:\/\/wordpress.nibis.de\/gsfindorff\/wp-json\/wp\/v2\/pages"}],"about":[{"href":"https:\/\/wordpress.nibis.de\/gsfindorff\/wp-json\/wp\/v2\/types\/page"}],"author":[{"embeddable":true,"href":"https:\/\/wordpress.nibis.de\/gsfindorff\/wp-json\/wp\/v2\/users\/828"}],"replies":[{"embeddable":true,"href":"https:\/\/wordpress.nibis.de\/gsfindorff\/wp-json\/wp\/v2\/comments?post=408"}],"version-history":[{"count":9,"href":"https:\/\/wordpress.nibis.de\/gsfindorff\/wp-json\/wp\/v2\/pages\/408\/revisions"}],"predecessor-version":[{"id":1261,"href":"https:\/\/wordpress.nibis.de\/gsfindorff\/wp-json\/wp\/v2\/pages\/408\/revisions\/1261"}],"wp:attachment":[{"href":"https:\/\/wordpress.nibis.de\/gsfindorff\/wp-json\/wp\/v2\/media?parent=408"}],"curies":[{"name":"wp","href":"https:\/\/api.w.org\/{rel}","templated":true}]}}

<figure class="wp-block-gallery has-nested-images columns-1 tw-gutter-large wp-block-gallery-1 is-layout-flex wp-block-gallery-is-layout-flex">
<figure class="wp-block-image size-large"><img loading="lazy" decoding="async" width="1260" height="297" data-id="1221" src="https://wordpress.nibis.de/gsfindorff/files/2023/10/cropped-headerbildzaun-3.jpg" alt="" class="wp-image-1221" srcset="https://wordpress.nibis.de/gsfindorff/files/2023/10/cropped-headerbildzaun-3.jpg 1260w, https://wordpress.nibis.de/gsfindorff/files/2023/10/cropped-headerbildzaun-3-768x181.jpg 768w" sizes="auto, (max-width: 1260px) 100vw, 1260px" /><figcaption>Schulgarten von außen</figcaption></figure>



<figure class="wp-block-image size-large"><img loading="lazy" decoding="async" width="1024" height="576" data-id="1122" src="https://wordpress.nibis.de/gsfindorff/files/2019/11/DSC_0117-1-e1573230051253.jpg" alt="" class="wp-image-1122" srcset="https://wordpress.nibis.de/gsfindorff/files/2019/11/DSC_0117-1-e1573230051253.jpg 1024w, https://wordpress.nibis.de/gsfindorff/files/2019/11/DSC_0117-1-e1573230051253-300x169.jpg 300w, https://wordpress.nibis.de/gsfindorff/files/2019/11/DSC_0117-1-e1573230051253-768x432.jpg 768w, https://wordpress.nibis.de/gsfindorff/files/2019/11/DSC_0117-1-e1573230051253-800x450.jpg 800w" sizes="auto, (max-width: 1024px) 100vw, 1024px" /><figcaption>Schulgarten</figcaption></figure>



<figure class="wp-block-image size-large"><img loading="lazy" decoding="async" width="1024" height="576" data-id="1077" src="https://wordpress.nibis.de/gsfindorff/files/2019/11/20180502_104435.jpg" alt="" class="wp-image-1077" srcset="https://wordpress.nibis.de/gsfindorff/files/2019/11/20180502_104435.jpg 1024w, https://wordpress.nibis.de/gsfindorff/files/2019/11/20180502_104435-300x169.jpg 300w, https://wordpress.nibis.de/gsfindorff/files/2019/11/20180502_104435-768x432.jpg 768w, https://wordpress.nibis.de/gsfindorff/files/2019/11/20180502_104435-800x450.jpg 800w" sizes="auto, (max-width: 1024px) 100vw, 1024px" /><figcaption>Vorderansicht</figcaption></figure>



<figure class="wp-block-image size-large"><img loading="lazy" decoding="async" width="1778" height="1000" data-id="1016" src="https://wordpress.nibis.de/gsfindorff/files/2019/11/DSC_0129-1-e1572723007728.jpg" alt="" class="wp-image-1016" /><figcaption>Zaun</figcaption></figure>



<figure class="wp-block-image size-large"><img loading="lazy" decoding="async" width="1000" height="380" data-id="1007" src="https://wordpress.nibis.de/gsfindorff/files/2019/11/DSC_0039-3-e1572724314456.jpg" alt="" class="wp-image-1007" /><figcaption>Pausenhalle</figcaption></figure>



<figure class="wp-block-image size-large"><img loading="lazy" decoding="async" width="2560" height="1440" data-id="1259" src="https://wordpress.nibis.de/gsfindorff/files/2023/10/DSC_0023-7-scaled.jpg" alt="" class="wp-image-1259" srcset="https://wordpress.nibis.de/gsfindorff/files/2023/10/DSC_0023-7-scaled.jpg 2560w, https://wordpress.nibis.de/gsfindorff/files/2023/10/DSC_0023-7-850x478.jpg 850w, https://wordpress.nibis.de/gsfindorff/files/2023/10/DSC_0023-7-1200x675.jpg 1200w, https://wordpress.nibis.de/gsfindorff/files/2023/10/DSC_0023-7-250x141.jpg 250w, https://wordpress.nibis.de/gsfindorff/files/2023/10/DSC_0023-7-768x432.jpg 768w, https://wordpress.nibis.de/gsfindorff/files/2023/10/DSC_0023-7-1536x864.jpg 1536w, https://wordpress.nibis.de/gsfindorff/files/2023/10/DSC_0023-7-2048x1152.jpg 2048w" sizes="auto, (max-width: 2560px) 100vw, 2560px" /><figcaption>Begrüßung der zukünftigen Erstklässler</figcaption></figure>



<figure class="wp-block-image size-large"><img loading="lazy" decoding="async" width="1920" height="1080" data-id="1260" src="https://wordpress.nibis.de/gsfindorff/files/2023/10/Schnappschuss.png" alt="" class="wp-image-1260" srcset="https://wordpress.nibis.de/gsfindorff/files/2023/10/Schnappschuss.png 1920w, https://wordpress.nibis.de/gsfindorff/files/2023/10/Schnappschuss-850x478.png 850w, https://wordpress.nibis.de/gsfindorff/files/2023/10/Schnappschuss-1200x675.png 1200w, https://wordpress.nibis.de/gsfindorff/files/2023/10/Schnappschuss-250x141.png 250w, https://wordpress.nibis.de/gsfindorff/files/2023/10/Schnappschuss-768x432.png 768w, https://wordpress.nibis.de/gsfindorff/files/2023/10/Schnappschuss-1536x864.png 1536w" sizes="auto, (max-width: 1920px) 100vw, 1920px" /><figcaption>Tanzen auf dem hinteren Schulhof</figcaption></figure>
</figure>
