{"id":687,"date":"2017-05-20T14:44:07","date_gmt":"2017-05-20T12:44:07","guid":{"rendered":"http:\/\/wordpress.nibis.de\/gsfindorff\/?page_id=687"},"modified":"2019-11-08T17:46:44","modified_gmt":"2019-11-08T16:46:44","slug":"projektwoche-2017-von-bullerbue-bis-panama-buecher-sind-fuer-alle-da","status":"publish","type":"page","link":"https:\/\/wordpress.nibis.de\/gsfindorff\/projektwoche-2017-von-bullerbue-bis-panama-buecher-sind-fuer-alle-da\/","title":{"rendered":"Projektwoche 2017"},"content":{"rendered":"<p style=\"text-align: center\"><strong>Von Bullerb\u00fc bis Panama &#8211; B\u00fccher sind f\u00fcr alle da!<\/strong><\/p>\n<p><img loading=\"lazy\" decoding=\"async\" class=\"size-medium wp-image-733 aligncenter\" src=\"http:\/\/wordpress.nibis.de\/gsfindorff\/files\/2017\/05\/101-AAA-Beginn-und-Abschluss-300x271.jpg\" alt=\"\" width=\"300\" height=\"271\" srcset=\"https:\/\/wordpress.nibis.de\/gsfindorff\/files\/2017\/05\/101-AAA-Beginn-und-Abschluss-300x271.jpg 300w, https:\/\/wordpress.nibis.de\/gsfindorff\/files\/2017\/05\/101-AAA-Beginn-und-Abschluss-768x694.jpg 768w, https:\/\/wordpress.nibis.de\/gsfindorff\/files\/2017\/05\/101-AAA-Beginn-und-Abschluss.jpg 799w\" sizes=\"auto, (max-width: 300px) 100vw, 300px\" \/><\/p>\n<p>Die Projektwoche fand vom 15. 05. &#8211; 19. 05. 2017 statt.\u00a0 In neun Gruppen wurde f\u00fcnf Tage lang altergemischt und klassen\u00fcbergreifend zu verschiedenen Kinderb\u00fcchern gearbeitet, die das Thema Freundschaft zum Inhalt hatten.<\/p>\n<p><img loading=\"lazy\" decoding=\"async\" class=\"alignnone size-medium wp-image-788\" src=\"http:\/\/wordpress.nibis.de\/gsfindorff\/files\/2017\/05\/101-xxx-Autorenlesung-260x300.jpg\" alt=\"\" width=\"260\" height=\"300\" srcset=\"https:\/\/wordpress.nibis.de\/gsfindorff\/files\/2017\/05\/101-xxx-Autorenlesung-260x300.jpg 260w, https:\/\/wordpress.nibis.de\/gsfindorff\/files\/2017\/05\/101-xxx-Autorenlesung-768x888.jpg 768w, https:\/\/wordpress.nibis.de\/gsfindorff\/files\/2017\/05\/101-xxx-Autorenlesung-692x800.jpg 692w, https:\/\/wordpress.nibis.de\/gsfindorff\/files\/2017\/05\/101-xxx-Autorenlesung.jpg 886w\" sizes=\"auto, (max-width: 260px) 100vw, 260px\" \/><\/p>\n<p><a href=\"http:\/\/wordpress.nibis.de\/gsfindorff\/lucy-astner-war-\u2026r-findorffschule\/\">Am Donnerstag war die Autorin Lucy Astner bei uns zu Besuch<\/a>.<\/p>\n<p><img loading=\"lazy\" decoding=\"async\" class=\"alignnone size-medium wp-image-793\" src=\"http:\/\/wordpress.nibis.de\/gsfindorff\/files\/2017\/05\/103_0-Gruppe2-300x225.jpg\" alt=\"\" width=\"300\" height=\"225\" srcset=\"https:\/\/wordpress.nibis.de\/gsfindorff\/files\/2017\/05\/103_0-Gruppe2-300x225.jpg 300w, https:\/\/wordpress.nibis.de\/gsfindorff\/files\/2017\/05\/103_0-Gruppe2-768x576.jpg 768w, https:\/\/wordpress.nibis.de\/gsfindorff\/files\/2017\/05\/103_0-Gruppe2-800x600.jpg 800w, https:\/\/wordpress.nibis.de\/gsfindorff\/files\/2017\/05\/103_0-Gruppe2.jpg 1024w\" sizes=\"auto, (max-width: 300px) 100vw, 300px\" \/><\/p>\n<p><a href=\"http:\/\/wordpress.nibis.de\/gsfindorff\/buecher-mit-dem-ipad-erstellen\/\">Zu den Ergebnissen der Gruppe: &#8222;Wir erstellen ein Buch mit dem IPad<\/a><\/p>\n","protected":false},"excerpt":{"rendered":"<p>Von Bullerb\u00fc bis Panama &#8211; B\u00fccher sind f\u00fcr alle da! Die Projektwoche fand vom 15. 05. &#8211; 19. 05. 2017 statt.\u00a0 In neun Gruppen wurde f\u00fcnf Tage lang altergemischt und klassen\u00fcbergreifend zu verschiedenen Kinderb\u00fcchern gearbeitet, die das Thema Freundschaft zum Inhalt hatten. Am Donnerstag war die Autorin Lucy Astner bei uns zu Besuch. Zu den Ergebnissen der Gruppe: &#8222;Wir erstellen ein Buch mit dem IPad<\/p>\n","protected":false},"author":828,"featured_media":0,"parent":0,"menu_order":0,"comment_status":"closed","ping_status":"closed","template":"","meta":{"footnotes":""},"class_list":["post-687","page","type-page","status-publish","hentry"],"_links":{"self":[{"href":"https:\/\/wordpress.nibis.de\/gsfindorff\/wp-json\/wp\/v2\/pages\/687","targetHints":{"allow":["GET"]}}],"collection":[{"href":"https:\/\/wordpress.nibis.de\/gsfindorff\/wp-json\/wp\/v2\/pages"}],"about":[{"href":"https:\/\/wordpress.nibis.de\/gsfindorff\/wp-json\/wp\/v2\/types\/page"}],"author":[{"embeddable":true,"href":"https:\/\/wordpress.nibis.de\/gsfindorff\/wp-json\/wp\/v2\/users\/828"}],"replies":[{"embeddable":true,"href":"https:\/\/wordpress.nibis.de\/gsfindorff\/wp-json\/wp\/v2\/comments?post=687"}],"version-history":[{"count":9,"href":"https:\/\/wordpress.nibis.de\/gsfindorff\/wp-json\/wp\/v2\/pages\/687\/revisions"}],"predecessor-version":[{"id":1126,"href":"https:\/\/wordpress.nibis.de\/gsfindorff\/wp-json\/wp\/v2\/pages\/687\/revisions\/1126"}],"wp:attachment":[{"href":"https:\/\/wordpress.nibis.de\/gsfindorff\/wp-json\/wp\/v2\/media?parent=687"}],"curies":[{"name":"wp","href":"https:\/\/api.w.org\/{rel}","templated":true}]}}

<p style="text-align: center"><strong>Von Bullerbü bis Panama &#8211; Bücher sind für alle da!</strong></p>
<p><img loading="lazy" decoding="async" class="size-medium wp-image-733 aligncenter" src="http://wordpress.nibis.de/gsfindorff/files/2017/05/101-AAA-Beginn-und-Abschluss-300x271.jpg" alt="" width="300" height="271" srcset="https://wordpress.nibis.de/gsfindorff/files/2017/05/101-AAA-Beginn-und-Abschluss-300x271.jpg 300w, https://wordpress.nibis.de/gsfindorff/files/2017/05/101-AAA-Beginn-und-Abschluss-768x694.jpg 768w, https://wordpress.nibis.de/gsfindorff/files/2017/05/101-AAA-Beginn-und-Abschluss.jpg 799w" sizes="auto, (max-width: 300px) 100vw, 300px" /></p>
<p>Die Projektwoche fand vom 15. 05. &#8211; 19. 05. 2017 statt.  In neun Gruppen wurde fünf Tage lang altergemischt und klassenübergreifend zu verschiedenen Kinderbüchern gearbeitet, die das Thema Freundschaft zum Inhalt hatten.</p>
<p><img loading="lazy" decoding="async" class="alignnone size-medium wp-image-788" src="http://wordpress.nibis.de/gsfindorff/files/2017/05/101-xxx-Autorenlesung-260x300.jpg" alt="" width="260" height="300" srcset="https://wordpress.nibis.de/gsfindorff/files/2017/05/101-xxx-Autorenlesung-260x300.jpg 260w, https://wordpress.nibis.de/gsfindorff/files/2017/05/101-xxx-Autorenlesung-768x888.jpg 768w, https://wordpress.nibis.de/gsfindorff/files/2017/05/101-xxx-Autorenlesung-692x800.jpg 692w, https://wordpress.nibis.de/gsfindorff/files/2017/05/101-xxx-Autorenlesung.jpg 886w" sizes="auto, (max-width: 260px) 100vw, 260px" /></p>
<p><a href="http://wordpress.nibis.de/gsfindorff/lucy-astner-war-…r-findorffschule/">Am Donnerstag war die Autorin Lucy Astner bei uns zu Besuch</a>.</p>
<p><img loading="lazy" decoding="async" class="alignnone size-medium wp-image-793" src="http://wordpress.nibis.de/gsfindorff/files/2017/05/103_0-Gruppe2-300x225.jpg" alt="" width="300" height="225" srcset="https://wordpress.nibis.de/gsfindorff/files/2017/05/103_0-Gruppe2-300x225.jpg 300w, https://wordpress.nibis.de/gsfindorff/files/2017/05/103_0-Gruppe2-768x576.jpg 768w, https://wordpress.nibis.de/gsfindorff/files/2017/05/103_0-Gruppe2-800x600.jpg 800w, https://wordpress.nibis.de/gsfindorff/files/2017/05/103_0-Gruppe2.jpg 1024w" sizes="auto, (max-width: 300px) 100vw, 300px" /></p>
<p><a href="http://wordpress.nibis.de/gsfindorff/buecher-mit-dem-ipad-erstellen/">Zu den Ergebnissen der Gruppe: &#8222;Wir erstellen ein Buch mit dem IPad</a></p>

<p>Von Bullerbü bis Panama &#8211; Bücher sind für alle da! Die Projektwoche fand vom 15. 05. &#8211; 19. 05. 2017 statt.  In neun Gruppen wurde fünf Tage lang altergemischt und klassenübergreifend zu verschiedenen Kinderbüchern gearbeitet, die das Thema Freundschaft zum Inhalt hatten. Am Donnerstag war die Autorin Lucy Astner bei uns zu Besuch. Zu den Ergebnissen der Gruppe: &#8222;Wir erstellen ein Buch mit dem IPad</p>
