{"id":157,"date":"2014-04-12T19:46:09","date_gmt":"2014-04-12T17:46:09","guid":{"rendered":"http:\/\/wordpress.nibis.de\/gsfinken\/?page_id=157"},"modified":"2024-02-19T09:56:32","modified_gmt":"2024-02-19T08:56:32","slug":"impressumkontakt","status":"publish","type":"page","link":"https:\/\/wordpress.nibis.de\/gsfinken\/impressumkontakt\/","title":{"rendered":"Impressum\/Kontakt"},"content":{"rendered":"<table width=\"100%\">\n<tbody>\n<tr>\n<td>Die Grundschule Wittmund befindet sich in der Tr\u00e4gerschaft der Stadt Wittmund. Die Stadt Wittmund ist eine K\u00f6rperschaft des \u00f6ffentlichen Rechts. Sie wird vertreten durch den B\u00fcrgermeister Rolf Clau\u00dfen.<\/td>\n<\/tr>\n<\/tbody>\n<\/table>\n<p><strong>Herausgeber und Verantwortlichkeit<\/strong><\/p>\n<p><strong>Stadt Wittmund\u00a0<\/strong><br \/>\nKurt-Schwitters-Platz 1<br \/>\n26409 Wittmund<\/p>\n<table style=\"height: 162px;width: 78.0908%\" width=\"499\">\n<tbody>\n<tr style=\"height: 30px\">\n<td style=\"height: 30px\" width=\"70\">Telefon<\/td>\n<td style=\"height: 30px\">(0 44 62) 9 83 &#8211; 0<\/td>\n<\/tr>\n<tr style=\"height: 64px\">\n<td style=\"height: 32px\">Telefax<\/td>\n<td style=\"height: 32px\">(0 44 62) 9 83 &#8211; 2 99<\/td>\n<\/tr>\n<tr style=\"height: 64px\">\n<td style=\"height: 38px\">E-Mail:<\/td>\n<td style=\"height: 38px\"><a href=\"mailto:r&#97;&#116;&#104;&#97;&#117;&#115;&#64;&#115;&#116;&#97;&#x64;&#x74;&#x2e;&#x77;&#x69;&#x74;&#x74;&#x6d;&#x75;&#x6e;&#x64;&#x2e;&#x64;&#x65;\">&#x72;&#x61;&#116;&#104;a&#x75;&#x73;&#x40;&#115;ta&#x64;&#x74;&#46;&#119;i&#x74;&#x74;&#x6d;&#117;nd&#x2e;&#x64;&#101;<\/a><\/td>\n<\/tr>\n<tr style=\"height: 10px\">\n<td style=\"height: 10px\">Internet:<\/td>\n<td style=\"height: 10px\"><a href=\"http:\/\/www.wittmund.de\/\">http:\/\/www.wittmund.de<\/a><\/td>\n<\/tr>\n<\/tbody>\n<\/table>\n<p><strong>Redaktion<\/strong><\/p>\n<p>Grundschule Wittmund<\/p>\n<p><strong>Gestaltung,\u00a0Realisierung und technischer Betrieb<\/strong><\/p>\n<p>www.nibis.de<\/p>\n<p><strong>Datenschutzkoordinator<\/strong><\/p>\n<p>&#x64;&#x61;&#x74;&#x65;&#x6e;&#115;&#99;&#104;&#117;tz&#64;&#x67;&#x73;&#x2d;&#x77;&#x74;&#x6d;&#46;&#100;&#101;<\/p>\n<p><strong>Landesbeauftragter f\u00fcr den Datenschutz<\/strong><\/p>\n<p><a href=\"http:\/\/www.lfd.niedersachsen.de\/\">http:\/\/www.lfd.niedersachsen.de<\/a><\/p>\n<p>Zweckverband KDO, AM Patentbusch 2, 26125 Oldenburg<\/p>\n<p><strong>Zugang zur elektronischen Kommunikation<\/strong><\/p>\n<p>Die Stadt Wittmund er\u00f6ffnet den Zugang f\u00fcr eine elektronische Kommunikation mittels E-Mail oder durch Verwendung elektronischer\u00a0Formulare. Die auf diesen Internetseiten und auf dem Briefbogen der Stadt Wittmund bekannt gemachten E-Mail-Adressen k\u00f6nnen gem\u00e4\u00df \u00a7 3a des Verwaltungsverfahrensgesetzes f\u00fcr die elektronische Kommunikation verwendet werden.<\/p>\n<p>F\u00fcr die \u00dcbermittlung von E-Mails und die Verwendung elektronischer Formulare sind folgende Anforderungen zu beachten:<\/p>\n<ol>\n<li>Die Stadt Wittmund verwendet z. Z. keine elektronische Verschl\u00fcsselung und keine elektronischen Signaturen. Dokumente die eine besondere Schriftform erfordern, sollten daher nicht per E-Mail \u00fcbermittelt werden.<\/li>\n<li>Aus Sicherheitsgr\u00fcnden sollten E-Mails nur im Text-Format versendet werden. Dokumente, die als Anlage mit einer E-Mail an die Stadt Wittmund gesendet werden, sollten nur folgende Formate haben: .doc, .rtf, .txt, .xls, .pdf, .ppt, .pps, .gif, .tif, .jpg, .bmp und .zip. Es wird darauf hingewiesen, dass andere Dokumenttypen unter Umst\u00e4nden nicht verarbeitet werden k\u00f6nnen.<\/li>\n<li>Elektronische Formulare auf den Internetseiten der Stadt\u00a0Wittmund k\u00f6nnen nur verwendet werden, wenn das Programm Acrobat Reader auf dem PC installiert ist.<\/li>\n<\/ol>\n<p><strong>Datenschutzerkl\u00e4rung<\/strong><\/p>\n<p>Zugriffe auf unseren Web-Server werden nur anonym protokolliert. Erfasst werden nur die Tatsache des Zugriffs und das aufgerufene Dokument. Ein Bezug auf die Person des Nutzers ist auf jedem Fall ausgeschlossen. Die Protokolldaten werden gespeichert und statistisch ausgewertet. Sofern innerhalb unseres Internetangebotes die M\u00f6glichkeit zur Eingabe pers\u00f6nlicher oder gesch\u00e4ftlicher Daten (E-Mailadressen, Namen, Anschriften) besteht, so erfolgt die Preisgabe dieser Daten durch die Nutzerinnen und Nutzer ausdr\u00fccklich freiwillig. Die Inanspruchnahme aller angebotenen Dienste ist &#8211; soweit technisch m\u00f6glich und zumutbar &#8211; auch ohne Angabe solcher Daten m\u00f6glich. Sie k\u00f6nnen alle zug\u00e4nglichen Seiten benutzen, ohne dass Cookies gesetzt oder Active-X-Controls benutzt werden. Selbst beim Aufruf von Seiten, f\u00fcr die eine Anmeldung erforderlich ist, wird kein Session Cookie gesetzt, das die Identit\u00e4t der Browser-Sitzung auf Ihrem Rechner festh\u00e4lt. Lediglich f\u00fcr die Darstellung des Navigations-Men\u00fcs wird Java TM verwendet.<\/p>\n<p><strong>Haftungsausschluss<\/strong><\/p>\n<ol>\n<li><strong> Inhalt des Onlineangebotes\u00a0<\/strong><br \/>\nDer Autor \u00fcbernimmt keinerlei Gew\u00e4hr f\u00fcr die Aktualit\u00e4t, Korrektheit, Vollst\u00e4ndigkeit oder Qualit\u00e4t der bereitgestellten Informationen. Haftungsanspr\u00fcche gegen den Autor, welche sich auf Sch\u00e4den materieller oder ideeller Art beziehen, die durch die Nutzung oder Nichtnutzung der dargebotenen Informationen bzw. durch die Nutzung fehlerhafter und unvollst\u00e4ndiger Informationen verursacht wurden, sind grunds\u00e4tzlich ausgeschlossen, sofern seitens des Autors kein nachweislich vors\u00e4tzliches oder grob fahrl\u00e4ssiges Verschulden vorliegt.<\/li>\n<li><strong>Verweise und Links\u00a0<\/strong><br \/>\nBei direkten oder indirekten Verweisen auf fremde Internetseiten (&#8222;Links&#8220;), die au\u00dferhalb des Verantwortungsbereiches des Autors liegen, w\u00fcrde eine Haftungsverpflichtung ausschlie\u00dflich in dem Fall in Kraft treten, in dem der Autor von den Inhalten Kenntnis hat und es ihm technisch m\u00f6glich und zumutbar w\u00e4re, die Nutzung im Falle rechtswidriger Inhalte zu verhindern.<br \/>\nDer Autor erkl\u00e4rt hiermit ausdr\u00fccklich, dass zum Zeitpunkt der Linksetzung keine illegalen Inhalte auf den zu verlinkenden Seiten erkennbar waren. Auf die aktuelle und zuk\u00fcnftige Gestaltung, die Inhalte oder die Urheberschaft der gelinkten\/verkn\u00fcpften Seiten hat der Autor keinerlei Einfluss. Deshalb distanziert er sich hiermit ausdr\u00fccklich von allen Inhalten aller gelinkten \/verkn\u00fcpften Seiten, die nach der Linksetzung ver\u00e4ndert wurden. Diese Feststellung gilt f\u00fcr alle innerhalb des eigenen Internetangebotes gesetzten Links und Verweise sowie f\u00fcr Fremdeintr\u00e4ge in vom Autor eingerichteten G\u00e4steb\u00fcchern, Diskussionsforen und Mailinglisten. F\u00fcr illegale, fehlerhafte oder unvollst\u00e4ndige Inhalte und insbesondere f\u00fcr Sch\u00e4den, die aus der Nutzung oder Nichtnutzung solcherart dargebotener Informationen entstehen, haftet allein der Anbieter der Seite, auf welche verwiesen wurde, nicht derjenige, der \u00fcber Links auf die jeweilige Ver\u00f6ffentlichung lediglich verweist.<\/li>\n<li><strong>Urheber- und Kennzeichenrecht\u00a0<\/strong><br \/>\nDer Autor ist bestrebt, in allen Publikationen die Urheberrechte der verwendeten Grafiken, Tondokumente, Videosequenzen und Texte zu beachten, von ihm selbst erstellte Grafiken, Tondokumente, Videosequenzen und Texte zu nutzen oder auf lizenzfreie Grafiken, Tondokumente, Videosequenzen und Texte zur\u00fcckzugreifen.<br \/>\nAlle innerhalb des Internetangebotes genannten und ggf. durch Dritte gesch\u00fctzten Marken- und Warenzeichen unterliegen uneingeschr\u00e4nkt den Bestimmungen des jeweils g\u00fcltigen Kennzeichenrechts und den Besitzrechten der jeweiligen eingetragenen Eigent\u00fcmer. Allein aufgrund der blo\u00dfen Nennung ist nicht der Schluss zu ziehen, dass Markenzeichen nicht durch Rechte Dritter gesch\u00fctzt sind!<br \/>\nDas Copyright f\u00fcr ver\u00f6ffentlichte, vom Autor selbst erstellte Objekte bleibt allein beim Autor der Seiten. Eine Vervielf\u00e4ltigung oder Verwendung solcher Grafiken, Tondokumente, Videosequenzen und Texte in anderen elektronischen oder gedruckten Publikationen ist ohne ausdr\u00fcckliche Zustimmung des Autors nicht gestattet.<\/li>\n<li><strong>Rechtswirksamkeit dieses Haftungsausschlusses\u00a0<\/strong><br \/>\nDieser Haftungsausschluss ist als Teil des Internetangebotes zu betrachten, von dem aus auf diese Seite verwiesen wurde. Sofern Teile oder einzelne Formulierungen dieses Textes der geltenden Rechtslage nicht, nicht mehr oder nicht vollst\u00e4ndig entsprechen sollten, bleiben die \u00fcbrigen Teile des Dokumentes in ihrem Inhalt und ihrer G\u00fcltigkeit davon unber\u00fchrt.<\/li>\n<\/ol>\n<p>&nbsp;<\/p>\n","protected":false},"excerpt":{"rendered":"<p>Die Grundschule Wittmund befindet sich in der Tr\u00e4gerschaft der Stadt Wittmund. Die Stadt Wittmund ist eine K\u00f6rperschaft des \u00f6ffentlichen Rechts. Sie wird vertreten durch den B\u00fcrgermeister Rolf Clau\u00dfen. Herausgeber und Verantwortlichkeit Stadt Wittmund\u00a0 Kurt-Schwitters-Platz 1 26409 Wittmund Telefon (0 44 &hellip; <a href=\"https:\/\/wordpress.nibis.de\/gsfinken\/impressumkontakt\/\">Weiterlesen <span class=\"meta-nav\">&rarr;<\/span><\/a><\/p>\n","protected":false},"author":393,"featured_media":0,"parent":0,"menu_order":0,"comment_status":"closed","ping_status":"closed","template":"","meta":{"footnotes":""},"class_list":["post-157","page","type-page","status-publish","hentry"],"_links":{"self":[{"href":"https:\/\/wordpress.nibis.de\/gsfinken\/wp-json\/wp\/v2\/pages\/157","targetHints":{"allow":["GET"]}}],"collection":[{"href":"https:\/\/wordpress.nibis.de\/gsfinken\/wp-json\/wp\/v2\/pages"}],"about":[{"href":"https:\/\/wordpress.nibis.de\/gsfinken\/wp-json\/wp\/v2\/types\/page"}],"author":[{"embeddable":true,"href":"https:\/\/wordpress.nibis.de\/gsfinken\/wp-json\/wp\/v2\/users\/393"}],"replies":[{"embeddable":true,"href":"https:\/\/wordpress.nibis.de\/gsfinken\/wp-json\/wp\/v2\/comments?post=157"}],"version-history":[{"count":12,"href":"https:\/\/wordpress.nibis.de\/gsfinken\/wp-json\/wp\/v2\/pages\/157\/revisions"}],"predecessor-version":[{"id":4237,"href":"https:\/\/wordpress.nibis.de\/gsfinken\/wp-json\/wp\/v2\/pages\/157\/revisions\/4237"}],"wp:attachment":[{"href":"https:\/\/wordpress.nibis.de\/gsfinken\/wp-json\/wp\/v2\/media?parent=157"}],"curies":[{"name":"wp","href":"https:\/\/api.w.org\/{rel}","templated":true}]}}