{"id":2801,"date":"2019-12-10T17:17:43","date_gmt":"2019-12-10T16:17:43","guid":{"rendered":"https:\/\/wordpress.nibis.de\/gsfinken\/?page_id=2801"},"modified":"2020-02-25T07:35:21","modified_gmt":"2020-02-25T06:35:21","slug":"nikolausfest-2019","status":"publish","type":"page","link":"https:\/\/wordpress.nibis.de\/gsfinken\/willen\/ausfluege-und-veranstaltungen-der-grundschule-willen\/nikolausfest-2019\/","title":{"rendered":"Nikolausfest 2019"},"content":{"rendered":"<div id=\"attachment_2803\" style=\"width: 650px\" class=\"wp-caption aligncenter\"><a href=\"https:\/\/wordpress.nibis.de\/gsfinken\/files\/20191207_nikolaus_gs_willen_01.jpg\"><img loading=\"lazy\" decoding=\"async\" aria-describedby=\"caption-attachment-2803\" class=\"size-large wp-image-2803\" src=\"https:\/\/wordpress.nibis.de\/gsfinken\/files\/20191207_nikolaus_gs_willen_01-800x533.jpg\" alt=\"\" width=\"640\" height=\"426\" srcset=\"https:\/\/wordpress.nibis.de\/gsfinken\/files\/20191207_nikolaus_gs_willen_01-800x533.jpg 800w, https:\/\/wordpress.nibis.de\/gsfinken\/files\/20191207_nikolaus_gs_willen_01-300x200.jpg 300w, https:\/\/wordpress.nibis.de\/gsfinken\/files\/20191207_nikolaus_gs_willen_01-768x512.jpg 768w, https:\/\/wordpress.nibis.de\/gsfinken\/files\/20191207_nikolaus_gs_willen_01.jpg 1080w\" sizes=\"auto, (max-width: 640px) 100vw, 640px\" \/><\/a><p id=\"caption-attachment-2803\" class=\"wp-caption-text\">Aufstellen f\u00fcr den Willener Chor<\/p><\/div>\n<p>Wie in jedem Jahr hat der B\u00fcrger- und Heimatverein Willen Jung und Alt wieder zum Nikolausfest auf dem Schulhof eingeladen. \u00dcber 40 Kinder der Schulgemeinschaft haben sich am Samstag, dem 07. Dezember 2019 zusammengefunden, um f\u00fcr den Nikolaus und die Dorfgemeinschaft zu singen.<\/p>\n<div id=\"attachment_2804\" style=\"width: 650px\" class=\"wp-caption aligncenter\"><a href=\"https:\/\/wordpress.nibis.de\/gsfinken\/files\/20191207_nikolaus_gs_willen_02.jpg\"><img loading=\"lazy\" decoding=\"async\" aria-describedby=\"caption-attachment-2804\" class=\"size-large wp-image-2804\" src=\"https:\/\/wordpress.nibis.de\/gsfinken\/files\/20191207_nikolaus_gs_willen_02-800x600.jpg\" alt=\"\" width=\"640\" height=\"480\" srcset=\"https:\/\/wordpress.nibis.de\/gsfinken\/files\/20191207_nikolaus_gs_willen_02-800x600.jpg 800w, https:\/\/wordpress.nibis.de\/gsfinken\/files\/20191207_nikolaus_gs_willen_02-300x225.jpg 300w, https:\/\/wordpress.nibis.de\/gsfinken\/files\/20191207_nikolaus_gs_willen_02-768x576.jpg 768w, https:\/\/wordpress.nibis.de\/gsfinken\/files\/20191207_nikolaus_gs_willen_02.jpg 1280w\" sizes=\"auto, (max-width: 640px) 100vw, 640px\" \/><\/a><p id=\"caption-attachment-2804\" class=\"wp-caption-text\">Und jetzt alle: &#8222;Lasst uns froh und munter sein&#8220;<\/p><\/div>\n<p>So wurden \u201edicke rote Kerzen\u201c und \u201eRudolf hat es eilig\u201c angestimmt, genauso wie der Klassiker \u201eLasst uns froh und munter sein\u201c. Belohnt wurden die Kinder durch den Besuch vom heiligen Nikolaus, der hoch zu Ross auf den Schulhof geritten kam und Gabens\u00e4ckchen verteilte. Auch der B\u00fcrger- und Heimatverein dankte allen Sch\u00fclern mit einer leckeren Waffel.<span class=\"Apple-converted-space\">\u00a0<\/span><\/p>\n<div id=\"attachment_2805\" style=\"width: 650px\" class=\"wp-caption aligncenter\"><a href=\"https:\/\/wordpress.nibis.de\/gsfinken\/files\/20191207_nikolaus_gs_willen_03.jpg\"><img loading=\"lazy\" decoding=\"async\" aria-describedby=\"caption-attachment-2805\" class=\"size-large wp-image-2805\" src=\"https:\/\/wordpress.nibis.de\/gsfinken\/files\/20191207_nikolaus_gs_willen_03-800x600.jpg\" alt=\"\" width=\"640\" height=\"480\" srcset=\"https:\/\/wordpress.nibis.de\/gsfinken\/files\/20191207_nikolaus_gs_willen_03-800x600.jpg 800w, https:\/\/wordpress.nibis.de\/gsfinken\/files\/20191207_nikolaus_gs_willen_03-300x225.jpg 300w, https:\/\/wordpress.nibis.de\/gsfinken\/files\/20191207_nikolaus_gs_willen_03-768x576.jpg 768w, https:\/\/wordpress.nibis.de\/gsfinken\/files\/20191207_nikolaus_gs_willen_03.jpg 1280w\" sizes=\"auto, (max-width: 640px) 100vw, 640px\" \/><\/a><p id=\"caption-attachment-2805\" class=\"wp-caption-text\">Der Nikolaus kam auf seinem Pferd<\/p><\/div>\n<p>So war es f\u00fcr alle Kinder, Eltern, Nachbarn und Freunde ein sch\u00f6ner Nikolausnachmittag mit netten Gespr\u00e4chen, Punsch und vielen weiteren Leckereien.<span class=\"Apple-converted-space\">\u00a0<\/span><\/p>\n","protected":false},"excerpt":{"rendered":"<p>Wie in jedem Jahr hat der B\u00fcrger- und Heimatverein Willen Jung und Alt wieder zum Nikolausfest auf dem Schulhof eingeladen. \u00dcber 40 Kinder der Schulgemeinschaft haben sich am Samstag, dem 07. Dezember 2019 zusammengefunden, um f\u00fcr den Nikolaus und die &hellip; <a href=\"https:\/\/wordpress.nibis.de\/gsfinken\/willen\/ausfluege-und-veranstaltungen-der-grundschule-willen\/nikolausfest-2019\/\">Weiterlesen <span class=\"meta-nav\">&rarr;<\/span><\/a><\/p>\n","protected":false},"author":9192783,"featured_media":0,"parent":2909,"menu_order":0,"comment_status":"closed","ping_status":"closed","template":"","meta":{"footnotes":""},"class_list":["post-2801","page","type-page","status-publish","hentry"],"_links":{"self":[{"href":"https:\/\/wordpress.nibis.de\/gsfinken\/wp-json\/wp\/v2\/pages\/2801","targetHints":{"allow":["GET"]}}],"collection":[{"href":"https:\/\/wordpress.nibis.de\/gsfinken\/wp-json\/wp\/v2\/pages"}],"about":[{"href":"https:\/\/wordpress.nibis.de\/gsfinken\/wp-json\/wp\/v2\/types\/page"}],"author":[{"embeddable":true,"href":"https:\/\/wordpress.nibis.de\/gsfinken\/wp-json\/wp\/v2\/users\/9192783"}],"replies":[{"embeddable":true,"href":"https:\/\/wordpress.nibis.de\/gsfinken\/wp-json\/wp\/v2\/comments?post=2801"}],"version-history":[{"count":3,"href":"https:\/\/wordpress.nibis.de\/gsfinken\/wp-json\/wp\/v2\/pages\/2801\/revisions"}],"predecessor-version":[{"id":2808,"href":"https:\/\/wordpress.nibis.de\/gsfinken\/wp-json\/wp\/v2\/pages\/2801\/revisions\/2808"}],"up":[{"embeddable":true,"href":"https:\/\/wordpress.nibis.de\/gsfinken\/wp-json\/wp\/v2\/pages\/2909"}],"wp:attachment":[{"href":"https:\/\/wordpress.nibis.de\/gsfinken\/wp-json\/wp\/v2\/media?parent=2801"}],"curies":[{"name":"wp","href":"https:\/\/api.w.org\/{rel}","templated":true}]}}