{"id":2898,"date":"2020-02-24T22:47:57","date_gmt":"2020-02-24T21:47:57","guid":{"rendered":"https:\/\/wordpress.nibis.de\/gsfinken\/?page_id=2898"},"modified":"2020-02-25T07:34:17","modified_gmt":"2020-02-25T06:34:17","slug":"fasching-2020","status":"publish","type":"page","link":"https:\/\/wordpress.nibis.de\/gsfinken\/willen\/ausfluege-und-veranstaltungen-der-grundschule-willen\/fasching-2020\/","title":{"rendered":"Fasching 2020"},"content":{"rendered":"<p><a href=\"https:\/\/wordpress.nibis.de\/gsfinken\/files\/Fasching_GS-Willen_2020_04.jpg\"><img loading=\"lazy\" decoding=\"async\" class=\"aligncenter wp-image-2905 size-full\" src=\"https:\/\/wordpress.nibis.de\/gsfinken\/files\/Fasching_GS-Willen_2020_04.jpg\" alt=\"\" width=\"1280\" height=\"622\" srcset=\"https:\/\/wordpress.nibis.de\/gsfinken\/files\/Fasching_GS-Willen_2020_04.jpg 1280w, https:\/\/wordpress.nibis.de\/gsfinken\/files\/Fasching_GS-Willen_2020_04-300x146.jpg 300w, https:\/\/wordpress.nibis.de\/gsfinken\/files\/Fasching_GS-Willen_2020_04-768x373.jpg 768w, https:\/\/wordpress.nibis.de\/gsfinken\/files\/Fasching_GS-Willen_2020_04-800x389.jpg 800w\" sizes=\"auto, (max-width: 1280px) 100vw, 1280px\" \/><\/a>Einmal im Jahr tummeln sich an der Grundschule Willen unz\u00e4hlige Polizisten, wundersch\u00f6ne Prinzessinnen, starke Superhelden und wilde Tiere. Dann muss Fasching sein.<span class=\"Apple-converted-space\">\u00a0<\/span><\/p>\n<div id=\"attachment_2901\" style=\"width: 310px\" class=\"wp-caption alignright\"><a href=\"https:\/\/wordpress.nibis.de\/gsfinken\/files\/IMG_0185.jpg\"><img loading=\"lazy\" decoding=\"async\" aria-describedby=\"caption-attachment-2901\" class=\"size-medium wp-image-2901\" src=\"https:\/\/wordpress.nibis.de\/gsfinken\/files\/IMG_0185-300x200.jpg\" alt=\"\" width=\"300\" height=\"200\" \/><\/a><p id=\"caption-attachment-2901\" class=\"wp-caption-text\">Leckeres Essen f\u00fcr eine gelungene Feier<\/p><\/div>\n<p>Am diesj\u00e4hrigen Rosenmontag versammelte sich zu Beginn des Tages die ganze Schule in der Turnhalle, um sich gemeinsam bei einem Faschingslied einzustimmen. Dann durften sich alle Kinder am Faschingsbuffett<span class=\"Apple-converted-space\">\u00a0 <\/span>bedienen. Ausnahmsweise mal kein gesundes Fr\u00fchst\u00fcck,<span class=\"Apple-converted-space\">\u00a0 <\/span>sondern mit Chips, Muffins, Gummib\u00e4rchen und anderen s\u00fc\u00dfen Leckereien best\u00fcckt. Nach dieser St\u00e4rkung und Modenschauen in den einzelnen Klassen, ging es zusammen in die Turnhalle. Dort haben die Kinder mit Luftballons, Zeitungen und lauter Musik getanzt und gespielt.<span class=\"Apple-converted-space\">\u00a0<\/span><\/p>\n<div id='gallery-1' class='gallery galleryid-2898 gallery-columns-2 gallery-size-medium'><dl class='gallery-item'>\n\t\t\t<dt class='gallery-icon landscape'>\n\t\t\t\t<a href='https:\/\/wordpress.nibis.de\/gsfinken\/files\/Fasching_GS-Willen_2020_07.jpg'><img loading=\"lazy\" decoding=\"async\" width=\"300\" height=\"200\" src=\"https:\/\/wordpress.nibis.de\/gsfinken\/files\/Fasching_GS-Willen_2020_07-300x200.jpg\" class=\"attachment-medium size-medium\" alt=\"\" aria-describedby=\"gallery-1-2904\" srcset=\"https:\/\/wordpress.nibis.de\/gsfinken\/files\/Fasching_GS-Willen_2020_07-300x200.jpg 300w, https:\/\/wordpress.nibis.de\/gsfinken\/files\/Fasching_GS-Willen_2020_07-768x512.jpg 768w, https:\/\/wordpress.nibis.de\/gsfinken\/files\/Fasching_GS-Willen_2020_07-800x534.jpg 800w, https:\/\/wordpress.nibis.de\/gsfinken\/files\/Fasching_GS-Willen_2020_07.jpg 1147w\" sizes=\"auto, (max-width: 300px) 100vw, 300px\" \/><\/a>\n\t\t\t<\/dt>\n\t\t\t\t<dd class='wp-caption-text gallery-caption' id='gallery-1-2904'>\n\t\t\t\tKlasse 4w\n\t\t\t\t<\/dd><\/dl>\n\t\t\t<br style='clear: both' \/>\n\t\t<\/div>\n\n<p>Nicht fehlen darf nat\u00fcrlich die traditionelle Polon\u00e4se mit allen Klassen durchs Schulgeb\u00e4ude: Hier fliegen gleich die L\u00f6cher aus dem K\u00e4se, denn schon geht sie los unsre Polon\u00e4se. Vom Klassenzimmer bis in den Essenssaal. Nun geht es los, mit L\u00e4rm und Get\u00f6se, \u00fcber Tisch und B\u00e4nke geht die Polon\u00e4se; durch unsre Schule, und alle machen mit\u2026<\/p>\n","protected":false},"excerpt":{"rendered":"<p>Einmal im Jahr tummeln sich an der Grundschule Willen unz\u00e4hlige Polizisten, wundersch\u00f6ne Prinzessinnen, starke Superhelden und wilde Tiere. Dann muss Fasching sein.\u00a0 Am diesj\u00e4hrigen Rosenmontag versammelte sich zu Beginn des Tages die ganze Schule in der Turnhalle, um sich gemeinsam &hellip; <a href=\"https:\/\/wordpress.nibis.de\/gsfinken\/willen\/ausfluege-und-veranstaltungen-der-grundschule-willen\/fasching-2020\/\">Weiterlesen <span class=\"meta-nav\">&rarr;<\/span><\/a><\/p>\n","protected":false},"author":9192783,"featured_media":2900,"parent":2909,"menu_order":0,"comment_status":"closed","ping_status":"closed","template":"","meta":{"footnotes":""},"class_list":["post-2898","page","type-page","status-publish","has-post-thumbnail","hentry"],"_links":{"self":[{"href":"https:\/\/wordpress.nibis.de\/gsfinken\/wp-json\/wp\/v2\/pages\/2898","targetHints":{"allow":["GET"]}}],"collection":[{"href":"https:\/\/wordpress.nibis.de\/gsfinken\/wp-json\/wp\/v2\/pages"}],"about":[{"href":"https:\/\/wordpress.nibis.de\/gsfinken\/wp-json\/wp\/v2\/types\/page"}],"author":[{"embeddable":true,"href":"https:\/\/wordpress.nibis.de\/gsfinken\/wp-json\/wp\/v2\/users\/9192783"}],"replies":[{"embeddable":true,"href":"https:\/\/wordpress.nibis.de\/gsfinken\/wp-json\/wp\/v2\/comments?post=2898"}],"version-history":[{"count":2,"href":"https:\/\/wordpress.nibis.de\/gsfinken\/wp-json\/wp\/v2\/pages\/2898\/revisions"}],"predecessor-version":[{"id":2907,"href":"https:\/\/wordpress.nibis.de\/gsfinken\/wp-json\/wp\/v2\/pages\/2898\/revisions\/2907"}],"up":[{"embeddable":true,"href":"https:\/\/wordpress.nibis.de\/gsfinken\/wp-json\/wp\/v2\/pages\/2909"}],"wp:featuredmedia":[{"embeddable":true,"href":"https:\/\/wordpress.nibis.de\/gsfinken\/wp-json\/wp\/v2\/media\/2900"}],"wp:attachment":[{"href":"https:\/\/wordpress.nibis.de\/gsfinken\/wp-json\/wp\/v2\/media?parent=2898"}],"curies":[{"name":"wp","href":"https:\/\/api.w.org\/{rel}","templated":true}]}}