{"id":2909,"date":"2020-02-25T07:30:12","date_gmt":"2020-02-25T06:30:12","guid":{"rendered":"https:\/\/wordpress.nibis.de\/gsfinken\/?page_id=2909"},"modified":"2020-02-25T07:59:05","modified_gmt":"2020-02-25T06:59:05","slug":"ausfluege-und-veranstaltungen-der-grundschule-willen","status":"publish","type":"page","link":"https:\/\/wordpress.nibis.de\/gsfinken\/willen\/ausfluege-und-veranstaltungen-der-grundschule-willen\/","title":{"rendered":"Ausfl\u00fcge und Veranstaltungen der Grundschule Willen"},"content":{"rendered":"<h3><a href=\"https:\/\/wordpress.nibis.de\/gsfinken\/willen\/ausfluege-und-veranstaltungen-der-grundschule-willen\/fasching-2020\/\"><img loading=\"lazy\" decoding=\"async\" class=\"alignleft wp-image-2900 size-medium\" src=\"https:\/\/wordpress.nibis.de\/gsfinken\/files\/IMG_0184-300x90.jpg\" alt=\"\" width=\"300\" height=\"90\" srcset=\"https:\/\/wordpress.nibis.de\/gsfinken\/files\/IMG_0184-300x90.jpg 300w, https:\/\/wordpress.nibis.de\/gsfinken\/files\/IMG_0184-768x231.jpg 768w, https:\/\/wordpress.nibis.de\/gsfinken\/files\/IMG_0184-800x240.jpg 800w, https:\/\/wordpress.nibis.de\/gsfinken\/files\/IMG_0184.jpg 1016w\" sizes=\"auto, (max-width: 300px) 100vw, 300px\" \/><\/a>Fasching 2020<\/h3>\n<p>Einmal im Jahr tummeln sich an der Grundschule Willen unz\u00e4hlige Polizisten, wundersch\u00f6ne Prinzessinnen, starke Superhelden und wilde Tiere. Dann muss Fasching sein. <a href=\"https:\/\/wordpress.nibis.de\/gsfinken\/willen\/ausfluege-und-veranstaltungen-der-grundschule-willen\/fasching-2020\/\">&#8211;&gt; weiterlesen<\/a><\/p>\n<h3><a href=\"https:\/\/wordpress.nibis.de\/gsfinken\/willen\/schlittschuhlaufen-in-sande\/\"><img loading=\"lazy\" decoding=\"async\" class=\"alignleft wp-image-2860 size-medium\" src=\"https:\/\/wordpress.nibis.de\/gsfinken\/files\/IMG_2156-300x200.jpg\" alt=\"\" width=\"300\" height=\"200\" srcset=\"https:\/\/wordpress.nibis.de\/gsfinken\/files\/IMG_2156-300x200.jpg 300w, https:\/\/wordpress.nibis.de\/gsfinken\/files\/IMG_2156-768x512.jpg 768w, https:\/\/wordpress.nibis.de\/gsfinken\/files\/IMG_2156-800x534.jpg 800w, https:\/\/wordpress.nibis.de\/gsfinken\/files\/IMG_2156.jpg 1600w\" sizes=\"auto, (max-width: 300px) 100vw, 300px\" \/><\/a>Schlittschuhlaufen in Sande<\/h3>\n<p>Wir Kinder der Grundschule Willen waren am 27.01.2020 dem Montag in der Eishalle in Sande. Wir sind mit einem Doppeldeckerbus gefahren und waren von 9 bis 11:30 Uhr da. Dann durften die Kinder, die sich sicher waren, schon aufs Eis. <a href=\"https:\/\/wordpress.nibis.de\/gsfinken\/willen\/schlittschuhlaufen-in-sande\/\">&#8211;&gt; weiterlesen<\/a><\/p>\n<h3><a href=\"https:\/\/wordpress.nibis.de\/gsfinken\/willen\/ausfluege-und-veranstaltungen-der-grundschule-willen\/nikolausfest-2019\/\"><img loading=\"lazy\" decoding=\"async\" class=\"alignleft wp-image-2805 size-medium\" src=\"https:\/\/wordpress.nibis.de\/gsfinken\/files\/20191207_nikolaus_gs_willen_03-300x225.jpg\" alt=\"\" width=\"300\" height=\"225\" srcset=\"https:\/\/wordpress.nibis.de\/gsfinken\/files\/20191207_nikolaus_gs_willen_03-300x225.jpg 300w, https:\/\/wordpress.nibis.de\/gsfinken\/files\/20191207_nikolaus_gs_willen_03-768x576.jpg 768w, https:\/\/wordpress.nibis.de\/gsfinken\/files\/20191207_nikolaus_gs_willen_03-800x600.jpg 800w, https:\/\/wordpress.nibis.de\/gsfinken\/files\/20191207_nikolaus_gs_willen_03.jpg 1280w\" sizes=\"auto, (max-width: 300px) 100vw, 300px\" \/><\/a>Nikolausfest 2019<\/h3>\n<p>Wie in jedem Jahr hat der B\u00fcrger- und Heimatverein Willen Jung und Alt wieder zum Nikolausfest auf dem Schulhof eingeladen. \u00dcber 40 Kinder der Schulgemeinschaft haben sich am Samstag, dem 07. Dezember 2019 zusammengefunden, um f\u00fcr den Nikolaus und die Dorfgemeinschaft zu singen. <a href=\"https:\/\/wordpress.nibis.de\/gsfinken\/willen\/ausfluege-und-veranstaltungen-der-grundschule-willen\/nikolausfest-2019\/\">&#8211;&gt; weiterlesen<\/a><\/p>\n<h3><a href=\"https:\/\/wordpress.nibis.de\/gsfinken\/willen\/ausfluege-und-veranstaltungen-der-grundschule-willen\/vorlesetag-am-19-november\/\"><img loading=\"lazy\" decoding=\"async\" class=\"alignleft wp-image-2788 size-medium\" src=\"https:\/\/wordpress.nibis.de\/gsfinken\/files\/P1700613-300x200.jpg\" alt=\"\" width=\"300\" height=\"200\" \/><\/a>Vorlesetag am 19.11.2019<\/h3>\n<p class=\"western\" align=\"left\">Am 19.11.2019 sah der Schultag in der Grundschule Willen etwas anders aus. Statt zu schreiben oder das Einmaleins zu lernen, bestand der Tag der Kinder aus Lesen, Malen, Basteln und Proben in altersgemischten Gruppen. <a href=\"https:\/\/wordpress.nibis.de\/gsfinken\/willen\/ausfluege-und-veranstaltungen-der-grundschule-willen\/vorlesetag-am-19-november\/\">&#8211;&gt; weiterlesen<\/a><\/p>\n","protected":false},"excerpt":{"rendered":"<p>Fasching 2020 Einmal im Jahr tummeln sich an der Grundschule Willen unz\u00e4hlige Polizisten, wundersch\u00f6ne Prinzessinnen, starke Superhelden und wilde Tiere. Dann muss Fasching sein. &#8211;&gt; weiterlesen Schlittschuhlaufen in Sande Wir Kinder der Grundschule Willen waren am 27.01.2020 dem Montag in &hellip; <a href=\"https:\/\/wordpress.nibis.de\/gsfinken\/willen\/ausfluege-und-veranstaltungen-der-grundschule-willen\/\">Weiterlesen <span class=\"meta-nav\">&rarr;<\/span><\/a><\/p>\n","protected":false},"author":9192783,"featured_media":0,"parent":1935,"menu_order":0,"comment_status":"closed","ping_status":"closed","template":"","meta":{"footnotes":""},"class_list":["post-2909","page","type-page","status-publish","hentry"],"_links":{"self":[{"href":"https:\/\/wordpress.nibis.de\/gsfinken\/wp-json\/wp\/v2\/pages\/2909","targetHints":{"allow":["GET"]}}],"collection":[{"href":"https:\/\/wordpress.nibis.de\/gsfinken\/wp-json\/wp\/v2\/pages"}],"about":[{"href":"https:\/\/wordpress.nibis.de\/gsfinken\/wp-json\/wp\/v2\/types\/page"}],"author":[{"embeddable":true,"href":"https:\/\/wordpress.nibis.de\/gsfinken\/wp-json\/wp\/v2\/users\/9192783"}],"replies":[{"embeddable":true,"href":"https:\/\/wordpress.nibis.de\/gsfinken\/wp-json\/wp\/v2\/comments?post=2909"}],"version-history":[{"count":8,"href":"https:\/\/wordpress.nibis.de\/gsfinken\/wp-json\/wp\/v2\/pages\/2909\/revisions"}],"predecessor-version":[{"id":2918,"href":"https:\/\/wordpress.nibis.de\/gsfinken\/wp-json\/wp\/v2\/pages\/2909\/revisions\/2918"}],"up":[{"embeddable":true,"href":"https:\/\/wordpress.nibis.de\/gsfinken\/wp-json\/wp\/v2\/pages\/1935"}],"wp:attachment":[{"href":"https:\/\/wordpress.nibis.de\/gsfinken\/wp-json\/wp\/v2\/media?parent=2909"}],"curies":[{"name":"wp","href":"https:\/\/api.w.org\/{rel}","templated":true}]}}