{"id":1180,"date":"2021-01-22T11:06:58","date_gmt":"2021-01-22T10:06:58","guid":{"rendered":"https:\/\/wordpress.nibis.de\/gsflewes\/?page_id=1180"},"modified":"2025-09-15T13:59:22","modified_gmt":"2025-09-15T11:59:22","slug":"einschulung","status":"publish","type":"page","link":"https:\/\/wordpress.nibis.de\/gsflewes\/einschulung\/","title":{"rendered":"Einschulung- Mein Kind kommt in die Schule"},"content":{"rendered":"\n<div class=\"wp-block-image\"><figure class=\"alignright size-large is-resized\"><img loading=\"lazy\" decoding=\"async\" src=\"https:\/\/wordpress.nibis.de\/gsflewes\/files\/2021\/03\/Schultuete-1.gif\" alt=\"\" class=\"wp-image-1245\" width=\"85\" height=\"120\" \/><\/figure><\/div>\n\n\n\n<p>Liebe Eltern und Erziehungsberechtigte unserer zuk\u00fcnftigen Erstkl\u00e4ssler,<\/p>\n\n\n\n<p>wir haben Ihnen auf dieser Seite einige Informationen zur Einschulung, zur Arbeit in der Grundschule und zum Thema &#8222;Mein Kind kommt in die Schule&#8220; zusammengestellt.<\/p>\n\n\n\n<p>Die Schulanmeldung erfolgt immer ca. 1 1\/2 Jahre vor der Einschulung.<\/p>\n\n\n\n<p><strong><mark>NEU!<\/mark><\/strong><\/p>\n\n\n\n<p><strong><mark>Die Schulanmeldung erfolgt ab dem 10.02.2025 f\u00fcr alle Grundschulen der Stadt Hasel\u00fcnne online<\/mark><\/strong> unter<\/p>\n\n\n\n<p><a href=\"https:\/\/openrathaus.haseluenne.de\/dienstleistungen\/-\/egov-bis-detail\/dienstleistung\/24240\/show\">https:\/\/openrathaus.haseluenne.de\/dienstleistungen\/-\/egov-bis-detail\/dienstleistung\/24240\/show<\/a><\/p>\n\n\n\n<p><mark>Eine Einladung zu einem Gespr\u00e4ch zur Schulanmeldung mit Ihrem Kind erhalten Sie anschlie\u00dfend von uns schriftlich per Post oder \u00fcber den Kindergarten.<\/mark><\/p>\n\n\n\n<div class=\"wp-block-file\"><a id=\"wp-block-file--media-16ca8fd6-21f6-4ac1-9fa9-06d8e8988ccc\" href=\"https:\/\/wordpress.nibis.de\/gsflewes\/files\/2021\/02\/Hinweise-Schulf\u00e4higkeit.pdf\">Hinweise-Schulf\u00e4higkeit<\/a><a href=\"https:\/\/wordpress.nibis.de\/gsflewes\/files\/2021\/02\/Hinweise-Schulf\u00e4higkeit.pdf\" class=\"wp-block-file__button\" download aria-describedby=\"wp-block-file--media-16ca8fd6-21f6-4ac1-9fa9-06d8e8988ccc\">Herunterladen<\/a><\/div>\n\n\n\n<div class=\"wp-block-file\"><a id=\"wp-block-file--media-fda277a4-601a-4b9e-a6b9-df25e5eea0a7\" href=\"https:\/\/wordpress.nibis.de\/gsflewes\/files\/2021\/02\/Infos-Flexibilisierung-des-Einschulungstermins.pdf\">Infos-Flexibilisierung-des-Einschulungstermins<\/a><a href=\"https:\/\/wordpress.nibis.de\/gsflewes\/files\/2021\/02\/Infos-Flexibilisierung-des-Einschulungstermins.pdf\" class=\"wp-block-file__button\" download aria-describedby=\"wp-block-file--media-fda277a4-601a-4b9e-a6b9-df25e5eea0a7\">Herunterladen<\/a><\/div>\n\n\n\n<div class=\"wp-block-file\"><a id=\"wp-block-file--media-1f01df63-0ccd-4d27-ac3f-f2a48bd16c37\" href=\"https:\/\/wordpress.nibis.de\/gsflewes\/files\/2021\/02\/2017.12.15_Mein_Schultag_web_2017_12_14__web.pdf\">2017.12.15_Mein_Schultag_web_2017_12_14__web<\/a><a href=\"https:\/\/wordpress.nibis.de\/gsflewes\/files\/2021\/02\/2017.12.15_Mein_Schultag_web_2017_12_14__web.pdf\" class=\"wp-block-file__button\" download aria-describedby=\"wp-block-file--media-1f01df63-0ccd-4d27-ac3f-f2a48bd16c37\">Herunterladen<\/a><\/div>\n\n\n\n<div data-wp-interactive=\"core\/file\" class=\"wp-block-file\"><object data-wp-bind--hidden=\"!state.hasPdfPreview\" hidden class=\"wp-block-file__embed\" data=\"https:\/\/wordpress.nibis.de\/gsflewes\/files\/2025\/01\/2023.05.03_BROSCH_knapp_u_klar_Nachdruck_2023_v02_nf_WEB.pdf\" type=\"application\/pdf\" style=\"width:100%;height:600px\" aria-label=\"Einbettung von Einbettung von 2023.05.03_BROSCH_knapp_u_klar_Nachdruck_2023_v02_nf_WEB..\"><\/object><a id=\"wp-block-file--media-8205a36a-fa30-4b50-b6fb-da115bd5f2bc\" href=\"https:\/\/wordpress.nibis.de\/gsflewes\/files\/2025\/01\/2023.05.03_BROSCH_knapp_u_klar_Nachdruck_2023_v02_nf_WEB.pdf\">2023.05.03_BROSCH_knapp_u_klar_Nachdruck_2023_v02_nf_WEB<\/a><a href=\"https:\/\/wordpress.nibis.de\/gsflewes\/files\/2025\/01\/2023.05.03_BROSCH_knapp_u_klar_Nachdruck_2023_v02_nf_WEB.pdf\" class=\"wp-block-file__button\" download aria-describedby=\"wp-block-file--media-8205a36a-fa30-4b50-b6fb-da115bd5f2bc\">Herunterladen<\/a><\/div>\n\n\n\n<p><\/p>\n\n\n\n<div data-wp-interactive=\"core\/file\" class=\"wp-block-file\"><object data-wp-bind--hidden=\"!state.hasPdfPreview\" hidden class=\"wp-block-file__embed\" data=\"https:\/\/wordpress.nibis.de\/gsflewes\/files\/2025\/01\/2023.05.15_BROSCH_Arbeit_in_der_GS_v02_2023_nf_WEB-2.pdf\" type=\"application\/pdf\" style=\"width:100%;height:600px\" aria-label=\"Einbettung von Einbettung von 2023.05.15_BROSCH_Arbeit_in_der_GS_v02_2023_nf_WEB-2..\"><\/object><a id=\"wp-block-file--media-9e1072a2-92c5-47b8-bf72-3a6df29b958a\" href=\"https:\/\/wordpress.nibis.de\/gsflewes\/files\/2025\/01\/2023.05.15_BROSCH_Arbeit_in_der_GS_v02_2023_nf_WEB-2.pdf\">2023.05.15_BROSCH_Arbeit_in_der_GS_v02_2023_nf_WEB-2<\/a><a href=\"https:\/\/wordpress.nibis.de\/gsflewes\/files\/2025\/01\/2023.05.15_BROSCH_Arbeit_in_der_GS_v02_2023_nf_WEB-2.pdf\" class=\"wp-block-file__button\" download aria-describedby=\"wp-block-file--media-9e1072a2-92c5-47b8-bf72-3a6df29b958a\">Herunterladen<\/a><\/div>\n\n\n\n<p><a href=\"https:\/\/wordpress.nibis.de\/gsflewes\/einschulung\/2020-06-19-_web-pdf-unser_schulwesen_dose_-1\/\" rel=\"attachment wp-att-1722\">2020.06.19._web-pdf-Unser_Schulwesen_DoSe_-1<\/a><\/p>\n\n\n\n<p><\/p>\n\n\n\n<div data-wp-interactive=\"core\/file\" class=\"wp-block-file\"><object data-wp-bind--hidden=\"!state.hasPdfPreview\" hidden class=\"wp-block-file__embed\" data=\"https:\/\/wordpress.nibis.de\/gsflewes\/files\/2025\/01\/2023.06.01_Flyer-inklusion-WEB-1.pdf\" type=\"application\/pdf\" style=\"width:100%;height:600px\" aria-label=\"Einbettung von Einbettung von 2023.06.01_Flyer-inklusion-WEB-1..\"><\/object><a id=\"wp-block-file--media-e12098c0-10da-497e-9eac-fd84101c1203\" href=\"https:\/\/wordpress.nibis.de\/gsflewes\/files\/2025\/01\/2023.06.01_Flyer-inklusion-WEB-1.pdf\">2023.06.01_Flyer-inklusion-WEB-1<\/a><a href=\"https:\/\/wordpress.nibis.de\/gsflewes\/files\/2025\/01\/2023.06.01_Flyer-inklusion-WEB-1.pdf\" class=\"wp-block-file__button\" download aria-describedby=\"wp-block-file--media-e12098c0-10da-497e-9eac-fd84101c1203\">Herunterladen<\/a><\/div>\n\n\n\n<p><\/p>\n\n\n\n<p><\/p>\n\n\n\n<div data-wp-interactive=\"core\/file\" class=\"wp-block-file\"><object data-wp-bind--hidden=\"!state.hasPdfPreview\" hidden class=\"wp-block-file__embed\" data=\"https:\/\/wordpress.nibis.de\/gsflewes\/files\/2025\/01\/2023.12.05_Gute_GTS_Flyer_2023_v05_nf_WEB.pdf\" type=\"application\/pdf\" style=\"width:100%;height:600px\" aria-label=\"Einbettung von Einbettung von 2023.12.05_Gute_GTS_Flyer_2023_v05_nf_WEB..\"><\/object><a id=\"wp-block-file--media-9dc12144-c600-473e-8a90-90297fb48987\" href=\"https:\/\/wordpress.nibis.de\/gsflewes\/files\/2025\/01\/2023.12.05_Gute_GTS_Flyer_2023_v05_nf_WEB.pdf\">2023.12.05_Gute_GTS_Flyer_2023_v05_nf_WEB<\/a><a href=\"https:\/\/wordpress.nibis.de\/gsflewes\/files\/2025\/01\/2023.12.05_Gute_GTS_Flyer_2023_v05_nf_WEB.pdf\" class=\"wp-block-file__button\" download aria-describedby=\"wp-block-file--media-9dc12144-c600-473e-8a90-90297fb48987\">Herunterladen<\/a><\/div>\n\n\n\n<p><\/p>\n\n\n\n<div data-wp-interactive=\"core\/file\" class=\"wp-block-file\"><object data-wp-bind--hidden=\"!state.hasPdfPreview\" hidden class=\"wp-block-file__embed\" data=\"https:\/\/wordpress.nibis.de\/gsflewes\/files\/2025\/01\/Mathe_ein_Kinderspiel_umgestellt_150918.pdf\" type=\"application\/pdf\" style=\"width:100%;height:600px\" aria-label=\"Einbettung von Einbettung von Mathe_ein_Kinderspiel_umgestellt_150918..\"><\/object><a id=\"wp-block-file--media-6dca3e93-c0c4-440e-b319-00e63f78217d\" href=\"https:\/\/wordpress.nibis.de\/gsflewes\/files\/2025\/01\/Mathe_ein_Kinderspiel_umgestellt_150918.pdf\">Mathe_ein_Kinderspiel_umgestellt_150918<\/a><a href=\"https:\/\/wordpress.nibis.de\/gsflewes\/files\/2025\/01\/Mathe_ein_Kinderspiel_umgestellt_150918.pdf\" class=\"wp-block-file__button\" download aria-describedby=\"wp-block-file--media-6dca3e93-c0c4-440e-b319-00e63f78217d\">Herunterladen<\/a><\/div>\n\n\n\n<p><strong>Schulanmeldung<\/strong><\/p>\n\n\n\n<p>Die Schulanmeldung erfolgt immer ca. 1 1\/2 Jahre vor der Einschulung. <\/p>\n\n\n\n<p>Dazu erhalten die Eltern vorab die Einladung zu einem Gespr\u00e4chstermin oder die Anmeldeformulare werden den Eltern per Post oder \u00fcber den Kindergarten zugeschickt, der R\u00fccklauf erfolgt ebenfalls per Post oder Einwurf.<\/p>\n\n\n\n<p><strong>Schuleingangsuntersuchung<\/strong><\/p>\n\n\n\n<p>Schuleingangsuntersuchungen werden durch die Gesundheits\u00e4mter durchgef\u00fchrt. Eine Terminvergabe erfolgt im letzten Kindergartenjahr, meist im Februar, \u00fcber die Schule.<\/p>\n\n\n\n<p>I<strong>nformationsveranstaltung &#8222;Ist mein Kind schulf\u00e4hig?&#8220;<\/strong><\/p>\n\n\n\n<p>Im letzten Kindergartenjahr bietet die Schule eine Informationsveranstaltung zur Schulf\u00e4higkeit an. Eine Einladung wird \u00fcber die Kinderg\u00e4rten verteilt.<\/p>\n\n\n\n<p>Die Entscheidung \u00fcber die Schulf\u00e4higkeit obliegt den Schulleitungen. Hinweise dazu k\u00f6nnen und sollten die Erziehungsberechtigten, Therapeuten sowie insbesondere die Erzieherinnen und Erzieher der abgebenden Kitas geben. <\/p>\n\n\n\n<p>Nutzen Sie das Beratungsangebot Ihrer vorschulischen Einrichtung \/ Kindergarten. Bei Gespr\u00e4chsbedarf nehmen Sie bitte Kontakt mit uns oder den angegebenen Stellen auf. <\/p>\n\n\n\n<p><strong>Bei Nachfragen oder Unsicherheiten stehe ich Ihnen als Schulleiterin telefonisch oder per Mail gern zur Verf\u00fcgung.<\/strong><\/p>\n\n\n\n<p>Mit freundlichen Gr\u00fc\u00dfen<\/p>\n\n\n\n<p>M. Deters<\/p>\n\n\n\n<hr class=\"wp-block-separator\" \/>\n\n\n\n<p>Kooperationskalender der Grundschule Flechum &#8211; Westerloh und der Kindertagesst\u00e4tte Westerloh<\/p>\n\n\n\n<p><a href=\"https:\/\/wordpress.nibis.de\/gsflewes\/einschulung\/kooperationskalender-gs-kita-25-26\/\" rel=\"attachment wp-att-2143\">Kooperationskalender GS &#8211; Kita 25 26<\/a><\/p>\n","protected":false},"excerpt":{"rendered":"<p>Liebe Eltern und Erziehungsberechtigte unserer zuk\u00fcnftigen Erstkl\u00e4ssler, wir haben Ihnen auf dieser Seite einige Informationen zur Einschulung, zur Arbeit in der Grundschule und zum Thema &#8222;Mein Kind kommt in die Schule&#8220; zusammengestellt. Die Schulanmeldung erfolgt immer ca. 1 1\/2 Jahre vor der Einschulung. NEU! Die Schulanmeldung erfolgt ab dem 10.02.2025 f\u00fcr alle Grundschulen der Stadt [&hellip;]<\/p>\n","protected":false},"author":720,"featured_media":0,"parent":0,"menu_order":0,"comment_status":"closed","ping_status":"closed","template":"","meta":{"footnotes":""},"class_list":["post-1180","page","type-page","status-publish","hentry"],"_links":{"self":[{"href":"https:\/\/wordpress.nibis.de\/gsflewes\/wp-json\/wp\/v2\/pages\/1180","targetHints":{"allow":["GET"]}}],"collection":[{"href":"https:\/\/wordpress.nibis.de\/gsflewes\/wp-json\/wp\/v2\/pages"}],"about":[{"href":"https:\/\/wordpress.nibis.de\/gsflewes\/wp-json\/wp\/v2\/types\/page"}],"author":[{"embeddable":true,"href":"https:\/\/wordpress.nibis.de\/gsflewes\/wp-json\/wp\/v2\/users\/720"}],"replies":[{"embeddable":true,"href":"https:\/\/wordpress.nibis.de\/gsflewes\/wp-json\/wp\/v2\/comments?post=1180"}],"version-history":[{"count":26,"href":"https:\/\/wordpress.nibis.de\/gsflewes\/wp-json\/wp\/v2\/pages\/1180\/revisions"}],"predecessor-version":[{"id":2144,"href":"https:\/\/wordpress.nibis.de\/gsflewes\/wp-json\/wp\/v2\/pages\/1180\/revisions\/2144"}],"wp:attachment":[{"href":"https:\/\/wordpress.nibis.de\/gsflewes\/wp-json\/wp\/v2\/media?parent=1180"}],"curies":[{"name":"wp","href":"https:\/\/api.w.org\/{rel}","templated":true}]}}

<div class="wp-block-image"><figure class="alignright size-large is-resized"><img loading="lazy" decoding="async" src="https://wordpress.nibis.de/gsflewes/files/2021/03/Schultuete-1.gif" alt="" class="wp-image-1245" width="85" height="120" /></figure></div>



<p>Liebe Eltern und Erziehungsberechtigte unserer zukünftigen Erstklässler,</p>



<p>wir haben Ihnen auf dieser Seite einige Informationen zur Einschulung, zur Arbeit in der Grundschule und zum Thema &#8222;Mein Kind kommt in die Schule&#8220; zusammengestellt.</p>



<p>Die Schulanmeldung erfolgt immer ca. 1 1/2 Jahre vor der Einschulung.</p>



<p><strong><mark>NEU!</mark></strong></p>



<p><strong><mark>Die Schulanmeldung erfolgt ab dem 10.02.2025 für alle Grundschulen der Stadt Haselünne online</mark></strong> unter</p>



<p><a href="https://openrathaus.haseluenne.de/dienstleistungen/-/egov-bis-detail/dienstleistung/24240/show">https://openrathaus.haseluenne.de/dienstleistungen/-/egov-bis-detail/dienstleistung/24240/show</a></p>



<p><mark>Eine Einladung zu einem Gespräch zur Schulanmeldung mit Ihrem Kind erhalten Sie anschließend von uns schriftlich per Post oder über den Kindergarten.</mark></p>



<div class="wp-block-file"><a id="wp-block-file--media-16ca8fd6-21f6-4ac1-9fa9-06d8e8988ccc" href="https://wordpress.nibis.de/gsflewes/files/2021/02/Hinweise-Schulfähigkeit.pdf">Hinweise-Schulfähigkeit</a><a href="https://wordpress.nibis.de/gsflewes/files/2021/02/Hinweise-Schulfähigkeit.pdf" class="wp-block-file__button" download aria-describedby="wp-block-file--media-16ca8fd6-21f6-4ac1-9fa9-06d8e8988ccc">Herunterladen</a></div>



<div class="wp-block-file"><a id="wp-block-file--media-fda277a4-601a-4b9e-a6b9-df25e5eea0a7" href="https://wordpress.nibis.de/gsflewes/files/2021/02/Infos-Flexibilisierung-des-Einschulungstermins.pdf">Infos-Flexibilisierung-des-Einschulungstermins</a><a href="https://wordpress.nibis.de/gsflewes/files/2021/02/Infos-Flexibilisierung-des-Einschulungstermins.pdf" class="wp-block-file__button" download aria-describedby="wp-block-file--media-fda277a4-601a-4b9e-a6b9-df25e5eea0a7">Herunterladen</a></div>



<div class="wp-block-file"><a id="wp-block-file--media-1f01df63-0ccd-4d27-ac3f-f2a48bd16c37" href="https://wordpress.nibis.de/gsflewes/files/2021/02/2017.12.15_Mein_Schultag_web_2017_12_14__web.pdf">2017.12.15_Mein_Schultag_web_2017_12_14__web</a><a href="https://wordpress.nibis.de/gsflewes/files/2021/02/2017.12.15_Mein_Schultag_web_2017_12_14__web.pdf" class="wp-block-file__button" download aria-describedby="wp-block-file--media-1f01df63-0ccd-4d27-ac3f-f2a48bd16c37">Herunterladen</a></div>



<div data-wp-interactive="core/file" class="wp-block-file"><object data-wp-bind--hidden="!state.hasPdfPreview" hidden class="wp-block-file__embed" data="https://wordpress.nibis.de/gsflewes/files/2025/01/2023.05.03_BROSCH_knapp_u_klar_Nachdruck_2023_v02_nf_WEB.pdf" type="application/pdf" style="width:100%;height:600px" aria-label="Einbettung von Einbettung von 2023.05.03_BROSCH_knapp_u_klar_Nachdruck_2023_v02_nf_WEB.."></object><a id="wp-block-file--media-8205a36a-fa30-4b50-b6fb-da115bd5f2bc" href="https://wordpress.nibis.de/gsflewes/files/2025/01/2023.05.03_BROSCH_knapp_u_klar_Nachdruck_2023_v02_nf_WEB.pdf">2023.05.03_BROSCH_knapp_u_klar_Nachdruck_2023_v02_nf_WEB</a><a href="https://wordpress.nibis.de/gsflewes/files/2025/01/2023.05.03_BROSCH_knapp_u_klar_Nachdruck_2023_v02_nf_WEB.pdf" class="wp-block-file__button" download aria-describedby="wp-block-file--media-8205a36a-fa30-4b50-b6fb-da115bd5f2bc">Herunterladen</a></div>



<p></p>



<div data-wp-interactive="core/file" class="wp-block-file"><object data-wp-bind--hidden="!state.hasPdfPreview" hidden class="wp-block-file__embed" data="https://wordpress.nibis.de/gsflewes/files/2025/01/2023.05.15_BROSCH_Arbeit_in_der_GS_v02_2023_nf_WEB-2.pdf" type="application/pdf" style="width:100%;height:600px" aria-label="Einbettung von Einbettung von 2023.05.15_BROSCH_Arbeit_in_der_GS_v02_2023_nf_WEB-2.."></object><a id="wp-block-file--media-9e1072a2-92c5-47b8-bf72-3a6df29b958a" href="https://wordpress.nibis.de/gsflewes/files/2025/01/2023.05.15_BROSCH_Arbeit_in_der_GS_v02_2023_nf_WEB-2.pdf">2023.05.15_BROSCH_Arbeit_in_der_GS_v02_2023_nf_WEB-2</a><a href="https://wordpress.nibis.de/gsflewes/files/2025/01/2023.05.15_BROSCH_Arbeit_in_der_GS_v02_2023_nf_WEB-2.pdf" class="wp-block-file__button" download aria-describedby="wp-block-file--media-9e1072a2-92c5-47b8-bf72-3a6df29b958a">Herunterladen</a></div>



<p><a href="https://wordpress.nibis.de/gsflewes/einschulung/2020-06-19-_web-pdf-unser_schulwesen_dose_-1/" rel="attachment wp-att-1722">2020.06.19._web-pdf-Unser_Schulwesen_DoSe_-1</a></p>



<p></p>



<div data-wp-interactive="core/file" class="wp-block-file"><object data-wp-bind--hidden="!state.hasPdfPreview" hidden class="wp-block-file__embed" data="https://wordpress.nibis.de/gsflewes/files/2025/01/2023.06.01_Flyer-inklusion-WEB-1.pdf" type="application/pdf" style="width:100%;height:600px" aria-label="Einbettung von Einbettung von 2023.06.01_Flyer-inklusion-WEB-1.."></object><a id="wp-block-file--media-e12098c0-10da-497e-9eac-fd84101c1203" href="https://wordpress.nibis.de/gsflewes/files/2025/01/2023.06.01_Flyer-inklusion-WEB-1.pdf">2023.06.01_Flyer-inklusion-WEB-1</a><a href="https://wordpress.nibis.de/gsflewes/files/2025/01/2023.06.01_Flyer-inklusion-WEB-1.pdf" class="wp-block-file__button" download aria-describedby="wp-block-file--media-e12098c0-10da-497e-9eac-fd84101c1203">Herunterladen</a></div>



<p></p>



<p></p>



<div data-wp-interactive="core/file" class="wp-block-file"><object data-wp-bind--hidden="!state.hasPdfPreview" hidden class="wp-block-file__embed" data="https://wordpress.nibis.de/gsflewes/files/2025/01/2023.12.05_Gute_GTS_Flyer_2023_v05_nf_WEB.pdf" type="application/pdf" style="width:100%;height:600px" aria-label="Einbettung von Einbettung von 2023.12.05_Gute_GTS_Flyer_2023_v05_nf_WEB.."></object><a id="wp-block-file--media-9dc12144-c600-473e-8a90-90297fb48987" href="https://wordpress.nibis.de/gsflewes/files/2025/01/2023.12.05_Gute_GTS_Flyer_2023_v05_nf_WEB.pdf">2023.12.05_Gute_GTS_Flyer_2023_v05_nf_WEB</a><a href="https://wordpress.nibis.de/gsflewes/files/2025/01/2023.12.05_Gute_GTS_Flyer_2023_v05_nf_WEB.pdf" class="wp-block-file__button" download aria-describedby="wp-block-file--media-9dc12144-c600-473e-8a90-90297fb48987">Herunterladen</a></div>



<p></p>



<div data-wp-interactive="core/file" class="wp-block-file"><object data-wp-bind--hidden="!state.hasPdfPreview" hidden class="wp-block-file__embed" data="https://wordpress.nibis.de/gsflewes/files/2025/01/Mathe_ein_Kinderspiel_umgestellt_150918.pdf" type="application/pdf" style="width:100%;height:600px" aria-label="Einbettung von Einbettung von Mathe_ein_Kinderspiel_umgestellt_150918.."></object><a id="wp-block-file--media-6dca3e93-c0c4-440e-b319-00e63f78217d" href="https://wordpress.nibis.de/gsflewes/files/2025/01/Mathe_ein_Kinderspiel_umgestellt_150918.pdf">Mathe_ein_Kinderspiel_umgestellt_150918</a><a href="https://wordpress.nibis.de/gsflewes/files/2025/01/Mathe_ein_Kinderspiel_umgestellt_150918.pdf" class="wp-block-file__button" download aria-describedby="wp-block-file--media-6dca3e93-c0c4-440e-b319-00e63f78217d">Herunterladen</a></div>



<p><strong>Schulanmeldung</strong></p>



<p>Die Schulanmeldung erfolgt immer ca. 1 1/2 Jahre vor der Einschulung. </p>



<p>Dazu erhalten die Eltern vorab die Einladung zu einem Gesprächstermin oder die Anmeldeformulare werden den Eltern per Post oder über den Kindergarten zugeschickt, der Rücklauf erfolgt ebenfalls per Post oder Einwurf.</p>



<p><strong>Schuleingangsuntersuchung</strong></p>



<p>Schuleingangsuntersuchungen werden durch die Gesundheitsämter durchgeführt. Eine Terminvergabe erfolgt im letzten Kindergartenjahr, meist im Februar, über die Schule.</p>



<p>I<strong>nformationsveranstaltung &#8222;Ist mein Kind schulfähig?&#8220;</strong></p>



<p>Im letzten Kindergartenjahr bietet die Schule eine Informationsveranstaltung zur Schulfähigkeit an. Eine Einladung wird über die Kindergärten verteilt.</p>



<p>Die Entscheidung über die Schulfähigkeit obliegt den Schulleitungen. Hinweise dazu können und sollten die Erziehungsberechtigten, Therapeuten sowie insbesondere die Erzieherinnen und Erzieher der abgebenden Kitas geben. </p>



<p>Nutzen Sie das Beratungsangebot Ihrer vorschulischen Einrichtung / Kindergarten. Bei Gesprächsbedarf nehmen Sie bitte Kontakt mit uns oder den angegebenen Stellen auf. </p>



<p><strong>Bei Nachfragen oder Unsicherheiten stehe ich Ihnen als Schulleiterin telefonisch oder per Mail gern zur Verfügung.</strong></p>



<p>Mit freundlichen Grüßen</p>



<p>M. Deters</p>



<hr class="wp-block-separator" />



<p>Kooperationskalender der Grundschule Flechum &#8211; Westerloh und der Kindertagesstätte Westerloh</p>



<p><a href="https://wordpress.nibis.de/gsflewes/einschulung/kooperationskalender-gs-kita-25-26/" rel="attachment wp-att-2143">Kooperationskalender GS &#8211; Kita 25 26</a></p>

<p>Liebe Eltern und Erziehungsberechtigte unserer zukünftigen Erstklässler, wir haben Ihnen auf dieser Seite einige Informationen zur Einschulung, zur Arbeit in der Grundschule und zum Thema &#8222;Mein Kind kommt in die Schule&#8220; zusammengestellt. Die Schulanmeldung erfolgt immer ca. 1 1/2 Jahre vor der Einschulung. NEU! Die Schulanmeldung erfolgt ab dem 10.02.2025 für alle Grundschulen der Stadt [&hellip;]</p>
