{"id":1190,"date":"2021-02-05T11:05:39","date_gmt":"2021-02-05T10:05:39","guid":{"rendered":"https:\/\/wordpress.nibis.de\/gsflewes\/?page_id=1190"},"modified":"2026-04-20T12:46:54","modified_gmt":"2026-04-20T10:46:54","slug":"aktuelles","status":"publish","type":"page","link":"https:\/\/wordpress.nibis.de\/gsflewes\/aktuelles\/","title":{"rendered":"Aktuelles"},"content":{"rendered":"\n\n\n<p>Unterst\u00fctzen Sie uns bei der Sparda Spendenwahl!<\/p>\n\n\n\n<p><a href=\"https:\/\/spardaspendenwahl.de\/projekte\/69bbdc19dce5feae7c067196\" target=\"_blank\" rel=\"noopener\">https:\/\/spardaspendenwahl.de\/projekte\/69bbdc19dce5feae7c067196<\/a><\/p>\n\n\n\n\n\n<div class=\"wp-block-image\"><a href=\"https:\/\/wordpress.nibis.de\/gsflewes\/aktuelles\/jede-stimme-zaehlt\/\" rel=\"attachment wp-att-2399\"><img loading=\"lazy\" decoding=\"async\" class=\"wpa-warning wpa-image-missing-alt alignnone size-medium wp-image-2399\" src=\"https:\/\/wordpress.nibis.de\/gsflewes\/files\/2026\/04\/Jede-Stimme-zaehlt-300x203.png\" alt=\"\" width=\"300\" height=\"203\" data-warning=\"Missing alt text\" srcset=\"https:\/\/wordpress.nibis.de\/gsflewes\/files\/2026\/04\/Jede-Stimme-zaehlt-300x203.png 300w, https:\/\/wordpress.nibis.de\/gsflewes\/files\/2026\/04\/Jede-Stimme-zaehlt-100x68.png 100w, https:\/\/wordpress.nibis.de\/gsflewes\/files\/2026\/04\/Jede-Stimme-zaehlt.png 600w\" sizes=\"auto, (max-width: 300px) 100vw, 300px\" \/><\/a><\/div>\n<div>&nbsp;<\/div>\n\n\n\n<h1 class=\"text-primary\">So bringt unser Projekt Kunst &amp; Kultur in die Schule:<\/h1>\n<p>Kunst und Kultur machen Schule lebendig \u2013 sie verbinden, f\u00f6rdern Kreativit\u00e4t und st\u00e4rken das Miteinander. Genau das m\u00f6chten wir an unserer Schule weiter ausbauen!<\/p>\n<p>Im Schuljahr 2026\/2027 nehmen wir am Tanzprojekt \u201eWir bewegen Schule\u201c teil.<\/p>\n<p>F\u00fcnf Tage lang wird getanzt, geprobt und gemeinsam etwas Gro\u00dfartiges geschaffen. Unsere Sch\u00fclerinnen und Sch\u00fcler erleben in dieser intensiven Zeit, wie viel Freude Bewegung, Musik und Teamarbeit bringen k\u00f6nnen. Den kr\u00f6nenden Abschluss bildet ein Schulfest mit einer Auff\u00fchrung \u2013 inklusive selbst gestalteter Requisiten und eigener T-Shirts.<\/p>\n<p>Auch \u00fcber dieses Projekt hinaus engagieren wir uns aktiv f\u00fcr kulturelle Bildung: Traditionell treten wir jedes Jahr beim Sch\u00fctzenfest unseres Ortes auf. Um dort Sketche, Theaterst\u00fccke und weitere Beitr\u00e4ge professionell pr\u00e4sentieren zu k\u00f6nnen, ben\u00f6tigen wir dringend mehrere Kopfmikrofone. Kreativit\u00e4t geh\u00f6rt bei uns zum Alltag: In den Pausen wird bei gutem Wetter getanzt, Musik geh\u00f6rt und gemeinsam an neuen Choreografien gearbeitet. Die Kinder inspirieren sich gegenseitig, bringen sich Schritte bei und wachsen dabei \u00fcber sich hinaus. Diese Begeisterung m\u00f6chten wir f\u00f6rdern und weiter st\u00e4rken \u2013 auch \u00fcber den Unterricht hinaus.<\/p>\n<p>Unterst\u00fctzen Sie uns \u2013 f\u00fcr mehr Bewegung, Kreativit\u00e4t und Gemeinschaft!<\/p>\n","protected":false},"excerpt":{"rendered":"<p>Unterst\u00fctzen Sie uns bei der Sparda Spendenwahl! https:\/\/spardaspendenwahl.de\/projekte\/69bbdc19dce5feae7c067196 &nbsp; So bringt unser Projekt Kunst &amp; Kultur in die Schule: Kunst und Kultur machen Schule lebendig \u2013 sie verbinden, f\u00f6rdern Kreativit\u00e4t und st\u00e4rken das Miteinander. Genau das m\u00f6chten wir an unserer Schule weiter ausbauen! Im Schuljahr 2026\/2027 nehmen wir am Tanzprojekt \u201eWir bewegen Schule\u201c teil. F\u00fcnf [&hellip;]<\/p>\n","protected":false},"author":720,"featured_media":0,"parent":0,"menu_order":0,"comment_status":"closed","ping_status":"closed","template":"","meta":{"footnotes":""},"class_list":["post-1190","page","type-page","status-publish","hentry"],"_links":{"self":[{"href":"https:\/\/wordpress.nibis.de\/gsflewes\/wp-json\/wp\/v2\/pages\/1190","targetHints":{"allow":["GET"]}}],"collection":[{"href":"https:\/\/wordpress.nibis.de\/gsflewes\/wp-json\/wp\/v2\/pages"}],"about":[{"href":"https:\/\/wordpress.nibis.de\/gsflewes\/wp-json\/wp\/v2\/types\/page"}],"author":[{"embeddable":true,"href":"https:\/\/wordpress.nibis.de\/gsflewes\/wp-json\/wp\/v2\/users\/720"}],"replies":[{"embeddable":true,"href":"https:\/\/wordpress.nibis.de\/gsflewes\/wp-json\/wp\/v2\/comments?post=1190"}],"version-history":[{"count":82,"href":"https:\/\/wordpress.nibis.de\/gsflewes\/wp-json\/wp\/v2\/pages\/1190\/revisions"}],"predecessor-version":[{"id":2406,"href":"https:\/\/wordpress.nibis.de\/gsflewes\/wp-json\/wp\/v2\/pages\/1190\/revisions\/2406"}],"wp:attachment":[{"href":"https:\/\/wordpress.nibis.de\/gsflewes\/wp-json\/wp\/v2\/media?parent=1190"}],"curies":[{"name":"wp","href":"https:\/\/api.w.org\/{rel}","templated":true}]}}

<p>Unterstützen Sie uns bei der Sparda Spendenwahl!</p>



<p><a href="https://spardaspendenwahl.de/projekte/69bbdc19dce5feae7c067196" target="_blank" rel="noopener">https://spardaspendenwahl.de/projekte/69bbdc19dce5feae7c067196</a></p>





<div class="wp-block-image"><a href="https://wordpress.nibis.de/gsflewes/aktuelles/jede-stimme-zaehlt/" rel="attachment wp-att-2399"><img loading="lazy" decoding="async" class="wpa-warning wpa-image-missing-alt alignnone size-medium wp-image-2399" src="https://wordpress.nibis.de/gsflewes/files/2026/04/Jede-Stimme-zaehlt-300x203.png" alt="" width="300" height="203" data-warning="Missing alt text" srcset="https://wordpress.nibis.de/gsflewes/files/2026/04/Jede-Stimme-zaehlt-300x203.png 300w, https://wordpress.nibis.de/gsflewes/files/2026/04/Jede-Stimme-zaehlt-100x68.png 100w, https://wordpress.nibis.de/gsflewes/files/2026/04/Jede-Stimme-zaehlt.png 600w" sizes="auto, (max-width: 300px) 100vw, 300px" /></a></div>
<div>&nbsp;</div>



<h1 class="text-primary">So bringt unser Projekt Kunst &amp; Kultur in die Schule:</h1>
<p>Kunst und Kultur machen Schule lebendig – sie verbinden, fördern Kreativität und stärken das Miteinander. Genau das möchten wir an unserer Schule weiter ausbauen!</p>
<p>Im Schuljahr 2026/2027 nehmen wir am Tanzprojekt „Wir bewegen Schule“ teil.</p>
<p>Fünf Tage lang wird getanzt, geprobt und gemeinsam etwas Großartiges geschaffen. Unsere Schülerinnen und Schüler erleben in dieser intensiven Zeit, wie viel Freude Bewegung, Musik und Teamarbeit bringen können. Den krönenden Abschluss bildet ein Schulfest mit einer Aufführung – inklusive selbst gestalteter Requisiten und eigener T-Shirts.</p>
<p>Auch über dieses Projekt hinaus engagieren wir uns aktiv für kulturelle Bildung: Traditionell treten wir jedes Jahr beim Schützenfest unseres Ortes auf. Um dort Sketche, Theaterstücke und weitere Beiträge professionell präsentieren zu können, benötigen wir dringend mehrere Kopfmikrofone. Kreativität gehört bei uns zum Alltag: In den Pausen wird bei gutem Wetter getanzt, Musik gehört und gemeinsam an neuen Choreografien gearbeitet. Die Kinder inspirieren sich gegenseitig, bringen sich Schritte bei und wachsen dabei über sich hinaus. Diese Begeisterung möchten wir fördern und weiter stärken – auch über den Unterricht hinaus.</p>
<p>Unterstützen Sie uns – für mehr Bewegung, Kreativität und Gemeinschaft!</p>

<p>Unterstützen Sie uns bei der Sparda Spendenwahl! https://spardaspendenwahl.de/projekte/69bbdc19dce5feae7c067196 &nbsp; So bringt unser Projekt Kunst &amp; Kultur in die Schule: Kunst und Kultur machen Schule lebendig – sie verbinden, fördern Kreativität und stärken das Miteinander. Genau das möchten wir an unserer Schule weiter ausbauen! Im Schuljahr 2026/2027 nehmen wir am Tanzprojekt „Wir bewegen Schule“ teil. Fünf [&hellip;]</p>
