{"id":1445,"date":"2022-01-14T12:13:22","date_gmt":"2022-01-14T11:13:22","guid":{"rendered":"https:\/\/wordpress.nibis.de\/gsflewes\/?page_id=1445"},"modified":"2025-07-03T10:00:08","modified_gmt":"2025-07-03T08:00:08","slug":"schulanmeldung-waehrend-der-schulzeit","status":"publish","type":"page","link":"https:\/\/wordpress.nibis.de\/gsflewes\/schulanmeldung-waehrend-der-schulzeit\/","title":{"rendered":"Schulanmeldung w\u00e4hrend der Schulzeit"},"content":{"rendered":"\n<p>Bei einem Wohnortwechsel im laufenden Schuljahr vereinbaren Sie mit uns einen Gespr\u00e4chstermin f\u00fcr die Schulanmeldung Ihres Kindes.<\/p>\n<p>Sie k\u00f6nnen Ihr Kind gern vorab auch online anmelden:\u00a0<a href=\"https:\/\/openrathaus.haseluenne.de\/dienstleistungen\/-\/egov-bis-detail\/dienstleistung\/24240\/show\" target=\"_blank\" rel=\"noopener\">https:\/\/openrathaus.haseluenne.de\/dienstleistungen\/-\/egov-bis-detail\/dienstleistung\/24240\/show<\/a><\/p>\n<p>Wenn die Online-Anmeldung f\u00fcr Sie nicht in Frage kommt, dann k\u00f6nnen Sie vorab den anliegenden Anmeldebogen ausdrucken, ausf\u00fcllen und diesen zur Schulanmeldung mitbringen.<\/p>\n\n\n\n<p><a href=\"https:\/\/wordpress.nibis.de\/gsflewes\/schulanmeldung-waehrend-der-schulzeit\/anmeldebogen-bei-schulwechsel\/\" rel=\"attachment wp-att-1447\">Anmeldebogen bei Schulwechsel<\/a><\/p>\n","protected":false},"excerpt":{"rendered":"<p>Bei einem Wohnortwechsel im laufenden Schuljahr vereinbaren Sie mit uns einen Gespr\u00e4chstermin f\u00fcr die Schulanmeldung Ihres Kindes. Sie k\u00f6nnen Ihr Kind gern vorab auch online anmelden:\u00a0https:\/\/openrathaus.haseluenne.de\/dienstleistungen\/-\/egov-bis-detail\/dienstleistung\/24240\/show Wenn die Online-Anmeldung f\u00fcr Sie nicht in Frage kommt, dann k\u00f6nnen Sie vorab den anliegenden Anmeldebogen ausdrucken, ausf\u00fcllen und diesen zur Schulanmeldung mitbringen. Anmeldebogen bei Schulwechsel<\/p>\n","protected":false},"author":720,"featured_media":0,"parent":0,"menu_order":0,"comment_status":"closed","ping_status":"closed","template":"","meta":{"footnotes":""},"class_list":["post-1445","page","type-page","status-publish","hentry"],"_links":{"self":[{"href":"https:\/\/wordpress.nibis.de\/gsflewes\/wp-json\/wp\/v2\/pages\/1445","targetHints":{"allow":["GET"]}}],"collection":[{"href":"https:\/\/wordpress.nibis.de\/gsflewes\/wp-json\/wp\/v2\/pages"}],"about":[{"href":"https:\/\/wordpress.nibis.de\/gsflewes\/wp-json\/wp\/v2\/types\/page"}],"author":[{"embeddable":true,"href":"https:\/\/wordpress.nibis.de\/gsflewes\/wp-json\/wp\/v2\/users\/720"}],"replies":[{"embeddable":true,"href":"https:\/\/wordpress.nibis.de\/gsflewes\/wp-json\/wp\/v2\/comments?post=1445"}],"version-history":[{"count":5,"href":"https:\/\/wordpress.nibis.de\/gsflewes\/wp-json\/wp\/v2\/pages\/1445\/revisions"}],"predecessor-version":[{"id":2111,"href":"https:\/\/wordpress.nibis.de\/gsflewes\/wp-json\/wp\/v2\/pages\/1445\/revisions\/2111"}],"wp:attachment":[{"href":"https:\/\/wordpress.nibis.de\/gsflewes\/wp-json\/wp\/v2\/media?parent=1445"}],"curies":[{"name":"wp","href":"https:\/\/api.w.org\/{rel}","templated":true}]}}