{"id":55,"date":"2015-05-19T20:12:05","date_gmt":"2015-05-19T18:12:05","guid":{"rendered":"http:\/\/wordpress.nibis.de\/gsflewes\/?page_id=55"},"modified":"2025-08-29T08:02:32","modified_gmt":"2025-08-29T06:02:32","slug":"kollegium","status":"publish","type":"page","link":"https:\/\/wordpress.nibis.de\/gsflewes\/schulleben\/kollegium\/","title":{"rendered":"Kollegium"},"content":{"rendered":"<p style=\"text-align: left\">\n<p style=\"text-align: left\">Im Schuljahr 2025 \/2026 unterrichten Frau Deters, Frau Kaiser, Frau Rowold und Herr Schl\u00fctken die Sch\u00fclerinnen und Sch\u00fcler unserer Schule. Der F\u00f6rderschullehrer Herr P\u00f6ttker unterst\u00fctzt uns 1 mal pro Woche.<\/p>\n<p>Das Sekretariat ist donnerstags von 8:15 Uhr bis 12:15 Uhr besetzt. Frau Wesselmann k\u00fcmmert sich um Ihre Anliegen.<\/p>\n<p>Die Bis-Mittag-Betreuungsgruppe wird von Frau Heskamp, unserer p\u00e4dagogischen Mitarbeiterin, geleitet.<\/p>\n<p>Im Nachmittagsbereich k\u00fcmmern sich Frau Flint und Frau D\u00f6rtelmann, unsere p\u00e4dagogische Mitarbeiterinnen, sowie Lehrkr\u00e4fte um den Ganztagsbetrieb.<\/p>\n<p>Unser Reinigungsteam sorgt daf\u00fcr, dass wir uns in der Schule wohl f\u00fchlen. Vielen Dank an Frau Gill, Frau Hatting und Herrn Gr\u00fcnloh.<\/p>\n","protected":false},"excerpt":{"rendered":"<p>Im Schuljahr 2025 \/2026 unterrichten Frau Deters, Frau Kaiser, Frau Rowold und Herr Schl\u00fctken die Sch\u00fclerinnen und Sch\u00fcler unserer Schule. Der F\u00f6rderschullehrer Herr P\u00f6ttker unterst\u00fctzt uns 1 mal pro Woche. Das Sekretariat ist donnerstags von 8:15 Uhr bis 12:15 Uhr besetzt. Frau Wesselmann k\u00fcmmert sich um Ihre Anliegen. Die Bis-Mittag-Betreuungsgruppe wird von Frau Heskamp, unserer [&hellip;]<\/p>\n","protected":false},"author":720,"featured_media":0,"parent":38,"menu_order":0,"comment_status":"closed","ping_status":"closed","template":"","meta":{"footnotes":""},"class_list":["post-55","page","type-page","status-publish","hentry"],"_links":{"self":[{"href":"https:\/\/wordpress.nibis.de\/gsflewes\/wp-json\/wp\/v2\/pages\/55","targetHints":{"allow":["GET"]}}],"collection":[{"href":"https:\/\/wordpress.nibis.de\/gsflewes\/wp-json\/wp\/v2\/pages"}],"about":[{"href":"https:\/\/wordpress.nibis.de\/gsflewes\/wp-json\/wp\/v2\/types\/page"}],"author":[{"embeddable":true,"href":"https:\/\/wordpress.nibis.de\/gsflewes\/wp-json\/wp\/v2\/users\/720"}],"replies":[{"embeddable":true,"href":"https:\/\/wordpress.nibis.de\/gsflewes\/wp-json\/wp\/v2\/comments?post=55"}],"version-history":[{"count":21,"href":"https:\/\/wordpress.nibis.de\/gsflewes\/wp-json\/wp\/v2\/pages\/55\/revisions"}],"predecessor-version":[{"id":2127,"href":"https:\/\/wordpress.nibis.de\/gsflewes\/wp-json\/wp\/v2\/pages\/55\/revisions\/2127"}],"up":[{"embeddable":true,"href":"https:\/\/wordpress.nibis.de\/gsflewes\/wp-json\/wp\/v2\/pages\/38"}],"wp:attachment":[{"href":"https:\/\/wordpress.nibis.de\/gsflewes\/wp-json\/wp\/v2\/media?parent=55"}],"curies":[{"name":"wp","href":"https:\/\/api.w.org\/{rel}","templated":true}]}}