{"id":554,"date":"2016-04-28T15:22:04","date_gmt":"2016-04-28T13:22:04","guid":{"rendered":"http:\/\/wordpress.nibis.de\/gsflewes\/?page_id=554"},"modified":"2025-08-29T08:03:54","modified_gmt":"2025-08-29T06:03:54","slug":"schulsozialarbeiterin-der-haseluenner-grundschulen","status":"publish","type":"page","link":"https:\/\/wordpress.nibis.de\/gsflewes\/schulleben\/schulsozialarbeiterin-der-haseluenner-grundschulen\/","title":{"rendered":"Schulsozialarbeiterin der Hasel\u00fcnner Grundschulen"},"content":{"rendered":"<p>Liebe Eltern,<\/p>\n<p>ich hei\u00dfe <strong>Monika Matula<\/strong><strong>.<\/strong><\/p>\n<p><a href=\"https:\/\/wordpress.nibis.de\/gsflewes\/schulleben\/schulsozialarbeiterin-der-haseluenner-grundschulen\/matula-foto\/\" rel=\"attachment wp-att-1424\"><img loading=\"lazy\" decoding=\"async\" class=\"alignnone size-thumbnail wp-image-1424\" src=\"https:\/\/wordpress.nibis.de\/gsflewes\/files\/2021\/12\/Matula-Foto-150x150.jpg\" alt=\"\" width=\"150\" height=\"150\" \/><\/a><\/p>\n<p>Seit dem 01.11.2018 bin ich mit einem Stundenumfang von 13 Stunden als Schulsozialarbeiterin an den Grundschulen in Hasel\u00fcnne t\u00e4tig. Als Schulsozialarbeiterin ist es mein Anliegen, dass sich die Sch\u00fclerinnen und Sch\u00fcler in der Schule wohl f\u00fchlen und Hilfe bekommen, wenn sie sie ben\u00f6tigen. Gerne stehe ich Ihnen und Ihrem Kind bei schulischen sowie h\u00e4uslichen Problemen zur Verf\u00fcgung.<\/p>\n<p>Mittwochs bin ich von 8:15 Uhr bis 10:15 Uhr in der Grundschule Flechum-Westerloh.<\/p>\n<p><u><strong>Meine Aufgaben :<\/strong> <\/u><\/p>\n<ul>\n<li>ich h\u00f6re den Sch\u00fclerinnen und Sch\u00fclern zu, wenn sie Schwierigkeiten in der Schule haben und helfe ihnen bei der L\u00f6sungsfindung,<\/li>\n<li>ich unterst\u00fctze die Kinder bei der Kl\u00e4rung von Konflikten untereinander,<\/li>\n<li>ich stehe den Sch\u00fclerinnen und Sch\u00fclern bei Problemen im Freundeskreis oder in der Familie zur Seite und berate sie hinsichtlich m\u00f6glicher L\u00f6sungsstrategien,<\/li>\n<\/ul>\n<p><strong>&#8230; in den Klassen<\/strong><\/p>\n<ul>\n<li>ich f\u00fchre verschiedene Projekte in den Klassen durch, um z.B. die Klassengemeinschaft zu st\u00e4rken oder die Sozialkompetenz zu verbessern,<\/li>\n<li>ich unterst\u00fctze und begleite Kinder im Unterricht und geben Hilfestellung im schulischen sowie im sozialen Kontext,<\/li>\n<\/ul>\n<p><strong>&#8230; f\u00fcr die Eltern<\/strong><\/p>\n<ul>\n<li>ich begleite Gespr\u00e4che zwischen Eltern und Lehrkraft\/Schulleitung als neutrale Vermittlerin,<\/li>\n<li>ich unterst\u00fctze Eltern bei schulischen Schwierigkeiten ihrer Kinder und berate sie in Zusammenarbeit mit der F\u00f6rderkraft bez\u00fcglich m\u00f6glicher F\u00f6rderma\u00dfnahmen,<\/li>\n<li>ich stelle auf Wunsch Kontakte zu Beratungsstellen oder anderen Einrichtungen her und informiere \u00fcber bestehende Angebote.<\/li>\n<\/ul>\n<p><strong>&#8230; f\u00fcr die Lehrerinnen und Lehrer<\/strong><\/p>\n<ul>\n<li>ich bin Ansprechpartnerin, wenn sich die Lehrer Sorgen um einzelne Kinder machen und helfe bei der Kl\u00e4rung verschiedener Anliegen.<\/li>\n<\/ul>\n<p>Ich bin erreichbar:<\/p>\n<p>telefonisch: 05961 &#8211; 9199311, mittwochs 05962 &#8211; 546<\/p>\n<p>per E-Mail: <a href=\"&#109;&#111;&#x6e;&#x69;&#107;&#97;&#x2e;&#x6d;&#97;&#116;&#x75;&#x6c;&#97;&#64;&#x67;&#x73;&#45;&#97;&#x6d;&#x2d;&#115;&#112;&#x6f;&#x72;&#116;&#122;&#x65;&#x6e;&#116;&#114;&#x75;&#x6d;&#46;&#100;&#x65;\">monika.matula@gs-am<\/a><u>-sportzentrum.de<\/u><\/p>\n\n","protected":false},"excerpt":{"rendered":"<p>Liebe Eltern, ich hei\u00dfe Monika Matula. Seit dem 01.11.2018 bin ich mit einem Stundenumfang von 13 Stunden als Schulsozialarbeiterin an den Grundschulen in Hasel\u00fcnne t\u00e4tig. Als Schulsozialarbeiterin ist es mein Anliegen, dass sich die Sch\u00fclerinnen und Sch\u00fcler in der Schule wohl f\u00fchlen und Hilfe bekommen, wenn sie sie ben\u00f6tigen. Gerne stehe ich Ihnen und Ihrem [&hellip;]<\/p>\n","protected":false},"author":720,"featured_media":0,"parent":38,"menu_order":0,"comment_status":"closed","ping_status":"closed","template":"sidebar-page.php","meta":{"footnotes":""},"class_list":["post-554","page","type-page","status-publish","hentry"],"_links":{"self":[{"href":"https:\/\/wordpress.nibis.de\/gsflewes\/wp-json\/wp\/v2\/pages\/554","targetHints":{"allow":["GET"]}}],"collection":[{"href":"https:\/\/wordpress.nibis.de\/gsflewes\/wp-json\/wp\/v2\/pages"}],"about":[{"href":"https:\/\/wordpress.nibis.de\/gsflewes\/wp-json\/wp\/v2\/types\/page"}],"author":[{"embeddable":true,"href":"https:\/\/wordpress.nibis.de\/gsflewes\/wp-json\/wp\/v2\/users\/720"}],"replies":[{"embeddable":true,"href":"https:\/\/wordpress.nibis.de\/gsflewes\/wp-json\/wp\/v2\/comments?post=554"}],"version-history":[{"count":13,"href":"https:\/\/wordpress.nibis.de\/gsflewes\/wp-json\/wp\/v2\/pages\/554\/revisions"}],"predecessor-version":[{"id":2128,"href":"https:\/\/wordpress.nibis.de\/gsflewes\/wp-json\/wp\/v2\/pages\/554\/revisions\/2128"}],"up":[{"embeddable":true,"href":"https:\/\/wordpress.nibis.de\/gsflewes\/wp-json\/wp\/v2\/pages\/38"}],"wp:attachment":[{"href":"https:\/\/wordpress.nibis.de\/gsflewes\/wp-json\/wp\/v2\/media?parent=554"}],"curies":[{"name":"wp","href":"https:\/\/api.w.org\/{rel}","templated":true}]}}