{"id":141,"date":"2016-05-23T14:29:51","date_gmt":"2016-05-23T12:29:51","guid":{"rendered":"http:\/\/wordpress.nibis.de\/gsftssol\/?page_id=141"},"modified":"2025-02-23T06:17:34","modified_gmt":"2025-02-23T05:17:34","slug":"mobilitaetstag","status":"publish","type":"page","link":"https:\/\/wordpress.nibis.de\/gsftssol\/mobilitaetstag\/","title":{"rendered":"Mobilit\u00e4tstag"},"content":{"rendered":"<p style=\"text-align: justify\">An der Freudenthalschule Soltau trainieren alle Kinder im Unterricht und an den beiden besonderen Tagen das Verhalten im Verkehr. Herr Rohleder von der Polizei unterst\u00fctzt dabei kr\u00e4ftig die Fahrradpr\u00fcfung der 4. Klassen.<\/p>\n<p style=\"text-align: justify\">Die 1.-3. Klassen \u00fcben auf dem Schulhof ihr Fahrverhalten, um sich sicher im Stra\u00dfenverkehr bewegen zu k\u00f6nnen.<br \/>Die 1. Klassen fahren dazu mit dem Roller und die 2. Klassen mit dem Fahrrad bzw. Roller einen kleinen Parcours.<br \/>Die 3. Klassen machen ein ADAC-Klassenturnier. Weitere Stationen zum Thema Mobilit\u00e4t (Verkehr) runden den Projekttag ab. Die Polizei L\u00fcneburg informiert zudem \u00fcber Gefahren in Bahnsteign\u00e4he. Der ADAC-Parcours erm\u00f6glicht eine Verbesserung der Fahrtechniken. Die 4. Klassen nehmen an der Fahrradkontrolle und der Fahrradpr\u00fcfung mit Unterst\u00fctzung des Polizisten Herrn Rohleder teil. Sie fahren ebenfalls ein ADAC-Klassenturnier. \u00dcbungen an der Stra\u00dfe werden von hilfsbereiten Eltern unterst\u00fctzt.<\/p>\n<p style=\"text-align: justify\">Den Eltern gilt hier auch unser besonderer Dank, da sie daf\u00fcr sorgen, dass alle Aktionen erfolgreich durchgef\u00fchrt werden k\u00f6nnen.<\/p>\n<p>\u00a0<\/p>\n\n\n<figure class=\"wp-block-gallery aligncenter has-nested-images columns-default is-cropped wp-block-gallery-1 is-layout-flex wp-block-gallery-is-layout-flex\"><\/figure>\n","protected":false},"excerpt":{"rendered":"<p>An der Freudenthalschule Soltau trainieren alle Kinder im Unterricht und an den beiden besonderen Tagen das Verhalten im Verkehr. Herr Rohleder von der Polizei unterst\u00fctzt dabei kr\u00e4ftig die Fahrradpr\u00fcfung der 4. Klassen. Die 1.-3. Klassen \u00fcben auf dem Schulhof ihr Fahrverhalten, um sich sicher im Stra\u00dfenverkehr bewegen zu k\u00f6nnen.Die 1. Klassen fahren dazu mit dem &hellip; <a href=\"https:\/\/wordpress.nibis.de\/gsftssol\/mobilitaetstag\/\" class=\"more-link\">Weiterlesen <span class=\"screen-reader-text\">Mobilit\u00e4tstag<\/span><\/a><\/p>\n","protected":false},"author":1010,"featured_media":0,"parent":0,"menu_order":0,"comment_status":"closed","ping_status":"closed","template":"","meta":{"footnotes":""},"class_list":["post-141","page","type-page","status-publish","hentry","without-featured-image"],"_links":{"self":[{"href":"https:\/\/wordpress.nibis.de\/gsftssol\/wp-json\/wp\/v2\/pages\/141","targetHints":{"allow":["GET"]}}],"collection":[{"href":"https:\/\/wordpress.nibis.de\/gsftssol\/wp-json\/wp\/v2\/pages"}],"about":[{"href":"https:\/\/wordpress.nibis.de\/gsftssol\/wp-json\/wp\/v2\/types\/page"}],"author":[{"embeddable":true,"href":"https:\/\/wordpress.nibis.de\/gsftssol\/wp-json\/wp\/v2\/users\/1010"}],"replies":[{"embeddable":true,"href":"https:\/\/wordpress.nibis.de\/gsftssol\/wp-json\/wp\/v2\/comments?post=141"}],"version-history":[{"count":8,"href":"https:\/\/wordpress.nibis.de\/gsftssol\/wp-json\/wp\/v2\/pages\/141\/revisions"}],"predecessor-version":[{"id":1652,"href":"https:\/\/wordpress.nibis.de\/gsftssol\/wp-json\/wp\/v2\/pages\/141\/revisions\/1652"}],"wp:attachment":[{"href":"https:\/\/wordpress.nibis.de\/gsftssol\/wp-json\/wp\/v2\/media?parent=141"}],"curies":[{"name":"wp","href":"https:\/\/api.w.org\/{rel}","templated":true}]}}