{"id":220,"date":"2016-05-23T15:35:36","date_gmt":"2016-05-23T13:35:36","guid":{"rendered":"http:\/\/wordpress.nibis.de\/gsftssol\/?page_id=220"},"modified":"2020-06-10T11:26:26","modified_gmt":"2020-06-10T09:26:26","slug":"walderlebnistag","status":"publish","type":"page","link":"https:\/\/wordpress.nibis.de\/gsftssol\/walderlebnistag\/","title":{"rendered":"Walderlebnistag"},"content":{"rendered":"<p>Der F\u00f6rderverein der Freudenthalschule erm\u00f6glicht den Sch\u00fclern und Sch\u00fclerinnen des 1. Jahrgangs einen Walderlebnistag im B\u00f6hmewald. Dort treffen sie die Teams der Naturschutzakademie Schneverdingen, die ihnen f\u00fcnf spannende Aufgaben stellen:<\/p>\n<ol>\n<li>Kunstwerke aus Naturmaterialien bauen<\/li>\n<li>Durch das Spinnennetz in den Zauberwald<\/li>\n<li>Tastweg<\/li>\n<li>H\u00f6rtest<\/li>\n<li>Nestbau aus Naturmaterialien<\/li>\n<\/ol>\n<p>Um die Aufgabe zu l\u00f6sen, m\u00fcssen alle an einem Strang ziehen. Nur gemeinsam k\u00f6nnen die Erstkl\u00e4ssler ihr Ziel erreichen. Nebenbei bleibt nat\u00fcrlich auch noch Zeit f\u00fcr Spielen und Toben.<\/p>\n\n\n<div class=\"wp-block-image\"><figure class=\"aligncenter is-resized\"><img loading=\"lazy\" decoding=\"async\" src=\"http:\/\/wordpress.nibis.de\/gsftssol\/files\/2020\/06\/Walderlebnistag.jpg\" alt=\"\" class=\"wp-image-1078\" width=\"339\" height=\"190\" srcset=\"https:\/\/wordpress.nibis.de\/gsftssol\/files\/2020\/06\/Walderlebnistag.jpg 667w, https:\/\/wordpress.nibis.de\/gsftssol\/files\/2020\/06\/Walderlebnistag-300x168.jpg 300w\" sizes=\"auto, (max-width: 339px) 100vw, 339px\" \/><\/figure><\/div>\n","protected":false},"excerpt":{"rendered":"<p>Der F\u00f6rderverein der Freudenthalschule erm\u00f6glicht den Sch\u00fclern und Sch\u00fclerinnen des 1. Jahrgangs einen Walderlebnistag im B\u00f6hmewald. Dort treffen sie die Teams der Naturschutzakademie Schneverdingen, die ihnen f\u00fcnf spannende Aufgaben stellen: Kunstwerke aus Naturmaterialien bauen Durch das Spinnennetz in den Zauberwald Tastweg H\u00f6rtest Nestbau aus Naturmaterialien Um die Aufgabe zu l\u00f6sen, m\u00fcssen alle an einem Strang &hellip; <a href=\"https:\/\/wordpress.nibis.de\/gsftssol\/walderlebnistag\/\" class=\"more-link\">Weiterlesen <span class=\"screen-reader-text\">Walderlebnistag<\/span><\/a><\/p>\n","protected":false},"author":1010,"featured_media":0,"parent":0,"menu_order":0,"comment_status":"closed","ping_status":"closed","template":"","meta":{"footnotes":""},"class_list":["post-220","page","type-page","status-publish","hentry","without-featured-image"],"_links":{"self":[{"href":"https:\/\/wordpress.nibis.de\/gsftssol\/wp-json\/wp\/v2\/pages\/220","targetHints":{"allow":["GET"]}}],"collection":[{"href":"https:\/\/wordpress.nibis.de\/gsftssol\/wp-json\/wp\/v2\/pages"}],"about":[{"href":"https:\/\/wordpress.nibis.de\/gsftssol\/wp-json\/wp\/v2\/types\/page"}],"author":[{"embeddable":true,"href":"https:\/\/wordpress.nibis.de\/gsftssol\/wp-json\/wp\/v2\/users\/1010"}],"replies":[{"embeddable":true,"href":"https:\/\/wordpress.nibis.de\/gsftssol\/wp-json\/wp\/v2\/comments?post=220"}],"version-history":[{"count":4,"href":"https:\/\/wordpress.nibis.de\/gsftssol\/wp-json\/wp\/v2\/pages\/220\/revisions"}],"predecessor-version":[{"id":1080,"href":"https:\/\/wordpress.nibis.de\/gsftssol\/wp-json\/wp\/v2\/pages\/220\/revisions\/1080"}],"wp:attachment":[{"href":"https:\/\/wordpress.nibis.de\/gsftssol\/wp-json\/wp\/v2\/media?parent=220"}],"curies":[{"name":"wp","href":"https:\/\/api.w.org\/{rel}","templated":true}]}}