{"id":463,"date":"2016-05-24T12:21:46","date_gmt":"2016-05-24T10:21:46","guid":{"rendered":"http:\/\/wordpress.nibis.de\/gsftssol\/?page_id=463"},"modified":"2016-05-24T12:21:46","modified_gmt":"2016-05-24T10:21:46","slug":"kartoffeltag-mit-den-landfrauen","status":"publish","type":"page","link":"https:\/\/wordpress.nibis.de\/gsftssol\/kartoffeltag-mit-den-landfrauen\/","title":{"rendered":"Kartoffeltag mit den Landfrauen"},"content":{"rendered":"<p>Unsere 3. Klassen nehmen an jeweils einem Tag am Kartoffelprojekt der Landfrauen teil.<br \/>\nDie Sch\u00fcler erfahren viel Wissenswertes rund um die tolle Knolle lernen, wie wichtig und wie gesund die Kartoffel f\u00fcr eine ausgewogene Ern\u00e4hrung ist.<\/p>\n<p>Zus\u00e4tzlich zu den Informationen beweisen die Kinder bei einem Sch\u00e4lwettbewerb ihr K\u00f6nnen beim Kartoffelsch\u00e4len bewiesen und d\u00fcrfen beim Kartoffeldruck und beim Basteln von Kartoffeltieren ihrer Kreativit\u00e4t freien Lauf lassen.<\/p>\n<p>Im Mittelpunkt des Projekttages steht dann das Kochen verschiedener Kartoffelgerichte in der Schulk\u00fcche. Mit viel Spa\u00df und Freude zaubern die Sch\u00fcler, mit der tatkr\u00e4ftigen Unterst\u00fctzung der Landfrauen, leckere Kartoffelgerichte. Zum Abschluss des Projekttages wird gemeinsam gegessen: Hier werden Kartoffelsuppe, die Kartoffelpizza, die Sesamkartoffeln und die Kartoffelpuffer serviert.<\/p>\n<p><img loading=\"lazy\" decoding=\"async\" class=\"alignnone wp-image-452\" src=\"http:\/\/wordpress.nibis.de\/gsftssol\/files\/2016\/05\/kartoffeltag_2014_01-300x200.jpg\" alt=\"kartoffeltag_2014_01\" width=\"257\" height=\"175\" \/>\u00a0\u00a0\u00a0\u00a0 <img loading=\"lazy\" decoding=\"async\" class=\"alignnone wp-image-453\" src=\"http:\/\/wordpress.nibis.de\/gsftssol\/files\/2016\/05\/kartoffeltag_2014_02-300x200.jpg\" alt=\"kartoffeltag_2014_02\" width=\"262\" height=\"178\" \/><\/p>\n","protected":false},"excerpt":{"rendered":"<p>Unsere 3. Klassen nehmen an jeweils einem Tag am Kartoffelprojekt der Landfrauen teil. Die Sch\u00fcler erfahren viel Wissenswertes rund um die tolle Knolle lernen, wie wichtig und wie gesund die Kartoffel f\u00fcr eine ausgewogene Ern\u00e4hrung ist. Zus\u00e4tzlich zu den Informationen beweisen die Kinder bei einem Sch\u00e4lwettbewerb ihr K\u00f6nnen beim Kartoffelsch\u00e4len bewiesen und d\u00fcrfen beim Kartoffeldruck &hellip; <a href=\"https:\/\/wordpress.nibis.de\/gsftssol\/kartoffeltag-mit-den-landfrauen\/\" class=\"more-link\">Weiterlesen <span class=\"screen-reader-text\">Kartoffeltag mit den Landfrauen<\/span><\/a><\/p>\n","protected":false},"author":1010,"featured_media":0,"parent":0,"menu_order":0,"comment_status":"closed","ping_status":"closed","template":"","meta":{"footnotes":""},"class_list":["post-463","page","type-page","status-publish","hentry","without-featured-image"],"_links":{"self":[{"href":"https:\/\/wordpress.nibis.de\/gsftssol\/wp-json\/wp\/v2\/pages\/463","targetHints":{"allow":["GET"]}}],"collection":[{"href":"https:\/\/wordpress.nibis.de\/gsftssol\/wp-json\/wp\/v2\/pages"}],"about":[{"href":"https:\/\/wordpress.nibis.de\/gsftssol\/wp-json\/wp\/v2\/types\/page"}],"author":[{"embeddable":true,"href":"https:\/\/wordpress.nibis.de\/gsftssol\/wp-json\/wp\/v2\/users\/1010"}],"replies":[{"embeddable":true,"href":"https:\/\/wordpress.nibis.de\/gsftssol\/wp-json\/wp\/v2\/comments?post=463"}],"version-history":[{"count":1,"href":"https:\/\/wordpress.nibis.de\/gsftssol\/wp-json\/wp\/v2\/pages\/463\/revisions"}],"predecessor-version":[{"id":464,"href":"https:\/\/wordpress.nibis.de\/gsftssol\/wp-json\/wp\/v2\/pages\/463\/revisions\/464"}],"wp:attachment":[{"href":"https:\/\/wordpress.nibis.de\/gsftssol\/wp-json\/wp\/v2\/media?parent=463"}],"curies":[{"name":"wp","href":"https:\/\/api.w.org\/{rel}","templated":true}]}}