{"id":528,"date":"2016-05-24T14:48:45","date_gmt":"2016-05-24T12:48:45","guid":{"rendered":"http:\/\/wordpress.nibis.de\/gsftssol\/?page_id=528"},"modified":"2020-06-22T15:59:18","modified_gmt":"2020-06-22T13:59:18","slug":"lese-insel","status":"publish","type":"page","link":"https:\/\/wordpress.nibis.de\/gsftssol\/lese-insel\/","title":{"rendered":"Lese-Insel"},"content":{"rendered":"<p><img loading=\"lazy\" decoding=\"async\" class=\"wp-image-1122 alignleft\" src=\"http:\/\/wordpress.nibis.de\/gsftssol\/files\/2020\/06\/LeseInsel-4.jpg\" alt=\"\" width=\"240\" height=\"169\" srcset=\"https:\/\/wordpress.nibis.de\/gsftssol\/files\/2020\/06\/LeseInsel-4.jpg 595w, https:\/\/wordpress.nibis.de\/gsftssol\/files\/2020\/06\/LeseInsel-4-300x211.jpg 300w, https:\/\/wordpress.nibis.de\/gsftssol\/files\/2020\/06\/LeseInsel-4-540x380.jpg 540w\" sizes=\"auto, (max-width: 240px) 100vw, 240px\" \/>Wo kann man neue, spannende B\u00fccher entdecken und sich zum Schm\u00f6kern gem\u00fctlich auf ein Sofa legen?<\/p>\n<p style=\"text-align: justify\">Im September 2016 findet die Er\u00f6ffnung unserer <strong>Lese-Insel<\/strong> statt. In Regenpausen, wenn es drau\u00dfen ungem\u00fctlich und nass ist, k\u00f6nnen sich die Sch\u00fcler und Sch\u00fclerinnen der Freudenthalschule in die einladende Lese-Insel zur\u00fcckziehen. Hier erwartet sie nicht nur eine Schatztruhe mit wertvoller Fracht und Palmen, sondern auch Ecksofas, Sitzhocker und nat\u00fcrlich eine Auswahl von tollen B\u00fcchern f\u00fcr jede Altersgruppe. Wer Geschichten lieber vorgelesen bekommen m\u00f6chte, kann die H\u00f6rb\u00fccher nutzen. Die Lese-Insel macht Lust auf Lesen und f\u00fchrt auch die jungen Leser an die B\u00fccher heran.<\/p>\n<p style=\"text-align: justify\">Nat\u00fcrlich kann die Lese-Insel auch von Klassen innerhalb der Unterrichtszeit genutzt werden.<\/p>\n<p style=\"text-align: justify\">Erm\u00f6glicht wurde die Lese-Insel durch zahlreiche Spenden sowie die tatkr\u00e4ftige Unterst\u00fctzung des F\u00f6rdervereins. An dieser Stelle noch einen besonderen Dank an Sie.<\/p>\n\n\n<ul class=\"wp-block-gallery columns-2 is-cropped wp-block-gallery-1 is-layout-flex wp-block-gallery-is-layout-flex\"><li class=\"blocks-gallery-item\"><figure><img loading=\"lazy\" decoding=\"async\" width=\"768\" height=\"1024\" src=\"http:\/\/wordpress.nibis.de\/gsftssol\/files\/2020\/06\/IMG_2279-e1592834314304-768x1024.jpg\" alt=\"\" data-id=\"1124\" data-link=\"http:\/\/wordpress.nibis.de\/gsftssol\/lese-insel\/img_2279\/#main\" class=\"wp-image-1124\" srcset=\"https:\/\/wordpress.nibis.de\/gsftssol\/files\/2020\/06\/IMG_2279-e1592834314304.jpg 768w, https:\/\/wordpress.nibis.de\/gsftssol\/files\/2020\/06\/IMG_2279-e1592834314304-225x300.jpg 225w, https:\/\/wordpress.nibis.de\/gsftssol\/files\/2020\/06\/IMG_2279-e1592834314304-285x380.jpg 285w\" sizes=\"auto, (max-width: 768px) 100vw, 768px\" \/><\/figure><\/li><li class=\"blocks-gallery-item\"><figure><img loading=\"lazy\" decoding=\"async\" width=\"1024\" height=\"768\" src=\"http:\/\/wordpress.nibis.de\/gsftssol\/files\/2020\/06\/IMG_2280-1024x768.jpg\" alt=\"\" data-id=\"1125\" data-link=\"http:\/\/wordpress.nibis.de\/gsftssol\/lese-insel\/img_2280\/#main\" class=\"wp-image-1125\" srcset=\"https:\/\/wordpress.nibis.de\/gsftssol\/files\/2020\/06\/IMG_2280.jpg 1024w, https:\/\/wordpress.nibis.de\/gsftssol\/files\/2020\/06\/IMG_2280-300x225.jpg 300w, https:\/\/wordpress.nibis.de\/gsftssol\/files\/2020\/06\/IMG_2280-768x576.jpg 768w, https:\/\/wordpress.nibis.de\/gsftssol\/files\/2020\/06\/IMG_2280-507x380.jpg 507w\" sizes=\"auto, (max-width: 1024px) 100vw, 1024px\" \/><\/figure><\/li><\/ul>\n","protected":false},"excerpt":{"rendered":"<p>Wo kann man neue, spannende B\u00fccher entdecken und sich zum Schm\u00f6kern gem\u00fctlich auf ein Sofa legen? Im September 2016 findet die Er\u00f6ffnung unserer Lese-Insel statt. In Regenpausen, wenn es drau\u00dfen ungem\u00fctlich und nass ist, k\u00f6nnen sich die Sch\u00fcler und Sch\u00fclerinnen der Freudenthalschule in die einladende Lese-Insel zur\u00fcckziehen. Hier erwartet sie nicht nur eine Schatztruhe mit &hellip; <a href=\"https:\/\/wordpress.nibis.de\/gsftssol\/lese-insel\/\" class=\"more-link\">Weiterlesen <span class=\"screen-reader-text\">Lese-Insel<\/span><\/a><\/p>\n","protected":false},"author":1010,"featured_media":0,"parent":0,"menu_order":0,"comment_status":"closed","ping_status":"closed","template":"","meta":{"footnotes":""},"class_list":["post-528","page","type-page","status-publish","hentry","without-featured-image"],"_links":{"self":[{"href":"https:\/\/wordpress.nibis.de\/gsftssol\/wp-json\/wp\/v2\/pages\/528","targetHints":{"allow":["GET"]}}],"collection":[{"href":"https:\/\/wordpress.nibis.de\/gsftssol\/wp-json\/wp\/v2\/pages"}],"about":[{"href":"https:\/\/wordpress.nibis.de\/gsftssol\/wp-json\/wp\/v2\/types\/page"}],"author":[{"embeddable":true,"href":"https:\/\/wordpress.nibis.de\/gsftssol\/wp-json\/wp\/v2\/users\/1010"}],"replies":[{"embeddable":true,"href":"https:\/\/wordpress.nibis.de\/gsftssol\/wp-json\/wp\/v2\/comments?post=528"}],"version-history":[{"count":6,"href":"https:\/\/wordpress.nibis.de\/gsftssol\/wp-json\/wp\/v2\/pages\/528\/revisions"}],"predecessor-version":[{"id":1126,"href":"https:\/\/wordpress.nibis.de\/gsftssol\/wp-json\/wp\/v2\/pages\/528\/revisions\/1126"}],"wp:attachment":[{"href":"https:\/\/wordpress.nibis.de\/gsftssol\/wp-json\/wp\/v2\/media?parent=528"}],"curies":[{"name":"wp","href":"https:\/\/api.w.org\/{rel}","templated":true}]}}