{"id":594,"date":"2016-05-24T15:24:58","date_gmt":"2016-05-24T13:24:58","guid":{"rendered":"http:\/\/wordpress.nibis.de\/gsftssol\/?page_id=594"},"modified":"2016-05-24T15:26:42","modified_gmt":"2016-05-24T13:26:42","slug":"ktw","status":"publish","type":"page","link":"https:\/\/wordpress.nibis.de\/gsftssol\/ktw\/","title":{"rendered":"KTW"},"content":{"rendered":"<p>Das Unterrichtsfach &#8222;KTW&#8220; wird im 1. und 2. Schuljahr zweist\u00fcndig die Woche unterrichtet. Hier widmet es sich noch haupts\u00e4chlich dem Fach Kunst. Im 3. und 4. Schuljahr findet KTW dreist\u00fcndig die Woche statt und umfasst die Unterrichtsf\u00e4cher Kunst, Textiles Gestalten und Werken.<\/p>\n<p>Der jeweils 3. Jahrgang nimmt zudem an einem Kunstprojekt teil, welches mit einer Ausstellung abschlie\u00dft. Mehr dazu finden Sie unter diesem Link: <a href=\"http:\/\/wordpress.nibis.de\/gsftssol\/kunstprojekt\/\">Kunstprojekt<\/a><\/p>\n","protected":false},"excerpt":{"rendered":"<p>Das Unterrichtsfach &#8222;KTW&#8220; wird im 1. und 2. Schuljahr zweist\u00fcndig die Woche unterrichtet. Hier widmet es sich noch haupts\u00e4chlich dem Fach Kunst. Im 3. und 4. Schuljahr findet KTW dreist\u00fcndig die Woche statt und umfasst die Unterrichtsf\u00e4cher Kunst, Textiles Gestalten und Werken. Der jeweils 3. Jahrgang nimmt zudem an einem Kunstprojekt teil, welches mit einer &hellip; <a href=\"https:\/\/wordpress.nibis.de\/gsftssol\/ktw\/\" class=\"more-link\">Weiterlesen <span class=\"screen-reader-text\">KTW<\/span><\/a><\/p>\n","protected":false},"author":1010,"featured_media":0,"parent":0,"menu_order":0,"comment_status":"closed","ping_status":"closed","template":"","meta":{"footnotes":""},"class_list":["post-594","page","type-page","status-publish","hentry","without-featured-image"],"_links":{"self":[{"href":"https:\/\/wordpress.nibis.de\/gsftssol\/wp-json\/wp\/v2\/pages\/594","targetHints":{"allow":["GET"]}}],"collection":[{"href":"https:\/\/wordpress.nibis.de\/gsftssol\/wp-json\/wp\/v2\/pages"}],"about":[{"href":"https:\/\/wordpress.nibis.de\/gsftssol\/wp-json\/wp\/v2\/types\/page"}],"author":[{"embeddable":true,"href":"https:\/\/wordpress.nibis.de\/gsftssol\/wp-json\/wp\/v2\/users\/1010"}],"replies":[{"embeddable":true,"href":"https:\/\/wordpress.nibis.de\/gsftssol\/wp-json\/wp\/v2\/comments?post=594"}],"version-history":[{"count":4,"href":"https:\/\/wordpress.nibis.de\/gsftssol\/wp-json\/wp\/v2\/pages\/594\/revisions"}],"predecessor-version":[{"id":602,"href":"https:\/\/wordpress.nibis.de\/gsftssol\/wp-json\/wp\/v2\/pages\/594\/revisions\/602"}],"wp:attachment":[{"href":"https:\/\/wordpress.nibis.de\/gsftssol\/wp-json\/wp\/v2\/media?parent=594"}],"curies":[{"name":"wp","href":"https:\/\/api.w.org\/{rel}","templated":true}]}}