{"id":880,"date":"2020-05-28T11:31:16","date_gmt":"2020-05-28T09:31:16","guid":{"rendered":"http:\/\/wordpress.nibis.de\/gsftssol\/?page_id=880"},"modified":"2025-02-18T13:57:10","modified_gmt":"2025-02-18T12:57:10","slug":"unser-schulteam","status":"publish","type":"page","link":"https:\/\/wordpress.nibis.de\/gsftssol\/unser-schulteam\/","title":{"rendered":"Unser Schulteam"},"content":{"rendered":"\n<h1>Unsere Schulleitung<\/h1>\n\n\n\n<div class=\"wp-block-columns is-layout-flex wp-container-core-columns-is-layout-abceabcf wp-block-columns-is-layout-flex\">\n<div class=\"wp-block-column is-layout-flow wp-block-column-is-layout-flow\">\n<p class=\"has-medium-font-size\">Frau Kr\u00f6ger-R\u00f6hrs,  Schulleitung<\/p>\n<\/div>\n\n\n\n<div class=\"wp-block-column is-layout-flow wp-block-column-is-layout-flow\">\n<p class=\"has-medium-font-size\">Frau Baier, Konrektorin<\/p>\n<\/div>\n<\/div>\n\n\n\n<h1>Unsere Sekret\u00e4rin&nbsp;<\/h1>\n\n\n\n<p class=\"has-medium-font-size\">Frau Galliat<\/p>\n\n\n\n<h1>Unsere Lehrerinnen<\/h1>\n\n\n\n<div class=\"wp-block-columns is-layout-flex wp-container-core-columns-is-layout-abceabcf wp-block-columns-is-layout-flex\">\n<div class=\"wp-block-column is-layout-flow wp-block-column-is-layout-flow\">\n<p class=\"has-medium-font-size\">Frau Kr\u00f6ger-R\u00f6hrs<\/p>\n\n\n\n<p class=\"has-medium-font-size\">Frau Frahm-Koch<\/p>\n\n\n\n<p class=\"has-medium-font-size\">Frau Busemann<\/p>\n\n\n\n<p class=\"has-medium-font-size\">Frau Kaufhold<\/p>\n<\/div>\n\n\n\n<div class=\"wp-block-column is-layout-flow wp-block-column-is-layout-flow\">\n<p class=\"has-medium-font-size\">Frau Baier<\/p>\n\n\n\n<p class=\"has-medium-font-size\">Frau Wollny<\/p>\n\n\n\n<p class=\"has-medium-font-size\">Frau Michaels<\/p>\n\n\n\n<p class=\"has-medium-font-size\">Frau Wenkittel<\/p>\n<\/div>\n\n\n\n<div class=\"wp-block-column is-layout-flow wp-block-column-is-layout-flow\">\n<p class=\"has-medium-font-size\">Frau Reinholz<\/p>\n\n\n\n<p class=\"has-medium-font-size\">Frau Kreiselmaier<\/p>\n\n\n\n<p class=\"has-medium-font-size\">Frau Sch\u00fcrmann<\/p>\n\n\n\n<p class=\"has-medium-font-size\">Frau Huck<\/p>\n<\/div>\n<\/div>\n\n\n\n<h1>Unsere F\u00f6rderschullehrer*innen<\/h1>\n\n\n\n<div class=\"wp-block-columns is-layout-flex wp-container-core-columns-is-layout-abceabcf wp-block-columns-is-layout-flex\">\n<div class=\"wp-block-column is-layout-flow wp-block-column-is-layout-flow\">\n<p class=\"has-medium-font-size\">Herr Wyrowski<\/p>\n<\/div>\n\n\n\n<div class=\"wp-block-column is-layout-flow wp-block-column-is-layout-flow\">\n<p class=\"has-medium-font-size\">Frau Hartwig<\/p>\n<\/div>\n<\/div>\n\n\n\n<h1>Unsere p\u00e4dagogische Mitarbeiter*innen<\/h1>\n\n\n\n<div class=\"wp-block-columns is-layout-flex wp-container-core-columns-is-layout-abceabcf wp-block-columns-is-layout-flex\">\n<div class=\"wp-block-column is-layout-flow wp-block-column-is-layout-flow\">\n<p class=\"has-medium-font-size\">Frau Dokg\u00f6z<\/p>\n\n\n\n<p class=\"has-medium-font-size\">Herr Lossau<\/p>\n<\/div>\n\n\n\n<div class=\"wp-block-column is-layout-flow wp-block-column-is-layout-flow\">\n<p class=\"has-medium-font-size\">Frau Kahraman<\/p>\n\n\n\n<p class=\"has-medium-font-size\"><\/p>\n<\/div>\n\n\n\n<div class=\"wp-block-column is-layout-flow wp-block-column-is-layout-flow\">\n<p class=\"has-medium-font-size\">Frau Kl\u00fcber-Behrendt<\/p>\n\n\n\n<p class=\"has-medium-font-size\"><\/p>\n<\/div>\n<\/div>\n\n\n\n<h1>Unser Schulsozialarbeiter<\/h1>\n\n\n\n<p class=\"has-medium-font-size\">Herr Reinke<\/p>\n\n\n\n<h1>Unsere Hausmeister<\/h1>\n\n\n\n<div class=\"wp-block-columns is-layout-flex wp-container-core-columns-is-layout-abceabcf wp-block-columns-is-layout-flex\">\n<div class=\"wp-block-column is-layout-flow wp-block-column-is-layout-flow\">\n<p class=\"has-medium-font-size\">Herr R\u00f6hrs<\/p>\n<\/div>\n\n\n\n<div class=\"wp-block-column is-layout-flow wp-block-column-is-layout-flow\">\n<p class=\"has-medium-font-size\">Herr Ta\u00dfler<\/p>\n<\/div>\n<\/div>\n","protected":false},"excerpt":{"rendered":"<p>Unsere Schulleitung Frau Kr\u00f6ger-R\u00f6hrs, Schulleitung Frau Baier, Konrektorin Unsere Sekret\u00e4rin&nbsp; Frau Galliat Unsere Lehrerinnen Frau Kr\u00f6ger-R\u00f6hrs Frau Frahm-Koch Frau Busemann Frau Kaufhold Frau Baier Frau Wollny Frau Michaels Frau Wenkittel Frau Reinholz Frau Kreiselmaier Frau Sch\u00fcrmann Frau Huck Unsere F\u00f6rderschullehrer*innen Herr Wyrowski Frau Hartwig Unsere p\u00e4dagogische Mitarbeiter*innen Frau Dokg\u00f6z Herr Lossau Frau Kahraman Frau Kl\u00fcber-Behrendt &hellip; <a href=\"https:\/\/wordpress.nibis.de\/gsftssol\/unser-schulteam\/\" class=\"more-link\">Weiterlesen <span class=\"screen-reader-text\">Unser Schulteam<\/span><\/a><\/p>\n","protected":false},"author":1010,"featured_media":0,"parent":0,"menu_order":0,"comment_status":"closed","ping_status":"closed","template":"","meta":{"footnotes":""},"class_list":["post-880","page","type-page","status-publish","hentry","without-featured-image"],"_links":{"self":[{"href":"https:\/\/wordpress.nibis.de\/gsftssol\/wp-json\/wp\/v2\/pages\/880","targetHints":{"allow":["GET"]}}],"collection":[{"href":"https:\/\/wordpress.nibis.de\/gsftssol\/wp-json\/wp\/v2\/pages"}],"about":[{"href":"https:\/\/wordpress.nibis.de\/gsftssol\/wp-json\/wp\/v2\/types\/page"}],"author":[{"embeddable":true,"href":"https:\/\/wordpress.nibis.de\/gsftssol\/wp-json\/wp\/v2\/users\/1010"}],"replies":[{"embeddable":true,"href":"https:\/\/wordpress.nibis.de\/gsftssol\/wp-json\/wp\/v2\/comments?post=880"}],"version-history":[{"count":29,"href":"https:\/\/wordpress.nibis.de\/gsftssol\/wp-json\/wp\/v2\/pages\/880\/revisions"}],"predecessor-version":[{"id":1627,"href":"https:\/\/wordpress.nibis.de\/gsftssol\/wp-json\/wp\/v2\/pages\/880\/revisions\/1627"}],"wp:attachment":[{"href":"https:\/\/wordpress.nibis.de\/gsftssol\/wp-json\/wp\/v2\/media?parent=880"}],"curies":[{"name":"wp","href":"https:\/\/api.w.org\/{rel}","templated":true}]}}