{"id":159,"date":"2018-10-12T12:57:12","date_gmt":"2018-10-12T10:57:12","guid":{"rendered":"http:\/\/wordpress.nibis.de\/gsgebruedergrimm\/?page_id=159"},"modified":"2024-08-08T12:10:55","modified_gmt":"2024-08-08T10:10:55","slug":"kooperationen","status":"publish","type":"page","link":"https:\/\/wordpress.nibis.de\/gsgebruedergrimm\/informationen\/kooperationen\/","title":{"rendered":"Kooperationen"},"content":{"rendered":"<p><strong>F\u00f6rderverein<\/strong><\/p>\n<p>Auf Initiative des Schulelternrates und der Schulleitung der Grundschule Osterbrock wurde am 25.02.1999 der F\u00f6rderverein der Grundschule e.V. gegr\u00fcndet (s. <a href=\"http:\/\/wordpress.nibis.de\/gsgebruedergrimm\/foerderverein\/\">F\u00f6rderverein<\/a>). Der Zweck des Vereins ist die finanzielle und ideelle Unterst\u00fctzung der Erziehungs- und Bildungsarbeit der Schule wie auch die Bekanntmachung der p\u00e4dagogischen Arbeit in der \u00d6ffentlichkeit und die Unterst\u00fctzung von Schule und Sch\u00fclern bei diversen Aktivit\u00e4ten.<\/p>\n<p><strong>Kooperationsverbund \u201eF\u00f6rderung besonderer Begabungen\u201c (2005\/2006)<\/strong><\/p>\n<p>Im Verbund arbeiten mit: Windthorst-Gymnasium Meppen, GS Johannes-Gutenberg-Schule, GS Maria-Montessori-Schule, GS Marienschule Meppen und alle Grundschulen der Gemeinde Geeste.<\/p>\n<p>Hier k\u00f6nnen Sie das aktuelle Konzept des Kooperationsverbundes einsehen: <a href=\"https:\/\/wordpress.nibis.de\/gsgebruedergrimm\/files\/2020\/08\/Kooperationsverbund-Emsland-1-\u00fcberarbeitet.pdf\">Konzept KOV EL1<\/a><\/p>\n<p><strong>Bildungsregion Emsland (2006\/07)<\/strong><\/p>\n<p>Mit Beschluss der Gesamtkonferenz vom 21.03.2006 tritt die Grundschule Osterbrock der \u201eBildungsregion Emsland\u201c zum 01.08.2008 bei.<\/p>\n<p>Gr\u00fcnde:<\/p>\n<p>&#8211;\u00a0\u00a0\u00a0\u00a0\u00a0\u00a0\u00a0\u00a0\u00a0\u00a0\u00a0\u00a0\u00a0\u00a0\u00a0\u00a0\u00a0\u00a0 Teilnahme an Evaluationsma\u00dfnahmen (SEIS)<\/p>\n<p>&#8211;\u00a0\u00a0\u00a0\u00a0\u00a0\u00a0\u00a0\u00a0\u00a0\u00a0\u00a0\u00a0\u00a0\u00a0\u00a0\u00a0\u00a0\u00a0 Teilnahme an Qualifizierungsma\u00dfnahmen f\u00fcr Schulleiter<\/p>\n<p>&#8211;\u00a0\u00a0\u00a0\u00a0\u00a0\u00a0\u00a0\u00a0\u00a0\u00a0\u00a0\u00a0\u00a0\u00a0\u00a0\u00a0\u00a0\u00a0 Teilnahme an Qualifizierungsma\u00dfnahmen f\u00fcr Kollegium<\/p>\n<p>&#8211;\u00a0\u00a0\u00a0\u00a0\u00a0\u00a0\u00a0\u00a0\u00a0\u00a0\u00a0\u00a0\u00a0\u00a0\u00a0\u00a0\u00a0\u00a0 Finanzielle Unterst\u00fctzung f\u00fcr Fortbildungsprojekte<\/p>\n<p><strong>Regionales Integrationskonzept (RIK)<\/strong><\/p>\n<p>Die Grundschule Osterbrock nimmt mit Beschluss vom 27.11.2006 am \u201eRegionalen Integrationskonzept (RIK) in Kooperation mit der Pestalozzischule teil.<\/p>\n<p>Im Rahmen des RIK erhalten die teilnehmenden Grundschulen eine sonderp\u00e4dagogische Grundversorgung im Umfang von zwei F\u00f6rderschullehrerstunden pro Klasse. Die jeweilige Grundschule verpflichtet sich im Gegenzug, Kinder mit sonderp\u00e4dagogischem F\u00f6rderbedarf an der Grundschule zu f\u00f6rdern.<\/p>\n<p><strong>Schulverbund der Grundschulen der Gemeinde Geeste (2007\/08)<\/strong><\/p>\n<p>Mit dem \u201eSchulverbund Geeste\u201c wird das Ziel verfolgt, die Qualit\u00e4t von Unterricht und Schulleben gemeinsam zu sichern und zu optimieren. Durch systematischen Austausch soll die Schulentwicklung in der Gemeinde belebt werden. Arbeitsteilung und die gemeinsame Nutzung sollen Einzelschulen entlasten.<\/p>\n<p>Durch regelm\u00e4\u00dfige Treffen auf Leitungsebene, gemeinsame Fortbildungen und Fachkonferenzen findet aktive Verbundsarbeit statt.<\/p>\n<p><strong>Naturpark-Schule (2024)<\/strong><\/p>\n<p>Seit einiger Zeit &#8211; ausgebremst durch Corona &#8211; machen wir uns auf den Weg Naturpark-Schule zu werden. Hierf\u00fcr arbeiten wir intensiv mit dem Naturpark moor-veenland zusammen. Es geht darum, dass die Kinder sich mit ihrer Umgebung auseinandersetzen und die regionalen Besonderheiten der Natur kennenlernen. So besuchen wir z.B. das Moormuseum in Gro\u00df Hesepe, den Wald in Varloh, das Bienenzentrum &#8222;Imme&#8220; in Haren oder einen Schafstall in den Niederlanden.<\/p>\n","protected":false},"excerpt":{"rendered":"<p>F\u00f6rderverein Auf Initiative des Schulelternrates und der Schulleitung der Grundschule Osterbrock wurde am 25.02.1999 der F\u00f6rderverein der Grundschule e.V. gegr\u00fcndet (s. F\u00f6rderverein). Der Zweck des Vereins ist die finanzielle und ideelle Unterst\u00fctzung der Erziehungs- und Bildungsarbeit der Schule wie auch die Bekanntmachung der p\u00e4dagogischen Arbeit in der \u00d6ffentlichkeit und die Unterst\u00fctzung von Schule und Sch\u00fclern bei diversen Aktivit\u00e4ten. Kooperationsverbund \u201eF\u00f6rderung besonderer Begabungen\u201c (2005\/2006) Im Verbund arbeiten mit: Windthorst-Gymnasium Meppen, GS Johannes-Gutenberg-Schule, GS Maria-Montessori-Schule, GS Marienschule Meppen und alle Grundschulen der&#8230;<\/p>\n<p class=\"read-more\"><a class=\"btn btn-default\" href=\"https:\/\/wordpress.nibis.de\/gsgebruedergrimm\/informationen\/kooperationen\/\">Weiterlesen<span class=\"screen-reader-text\"> Weiterlesen<\/span><\/a><\/p>\n","protected":false},"author":9192624,"featured_media":0,"parent":38,"menu_order":5,"comment_status":"closed","ping_status":"closed","template":"","meta":{"footnotes":""},"class_list":["post-159","page","type-page","status-publish","hentry"],"_links":{"self":[{"href":"https:\/\/wordpress.nibis.de\/gsgebruedergrimm\/wp-json\/wp\/v2\/pages\/159","targetHints":{"allow":["GET"]}}],"collection":[{"href":"https:\/\/wordpress.nibis.de\/gsgebruedergrimm\/wp-json\/wp\/v2\/pages"}],"about":[{"href":"https:\/\/wordpress.nibis.de\/gsgebruedergrimm\/wp-json\/wp\/v2\/types\/page"}],"author":[{"embeddable":true,"href":"https:\/\/wordpress.nibis.de\/gsgebruedergrimm\/wp-json\/wp\/v2\/users\/9192624"}],"replies":[{"embeddable":true,"href":"https:\/\/wordpress.nibis.de\/gsgebruedergrimm\/wp-json\/wp\/v2\/comments?post=159"}],"version-history":[{"count":5,"href":"https:\/\/wordpress.nibis.de\/gsgebruedergrimm\/wp-json\/wp\/v2\/pages\/159\/revisions"}],"predecessor-version":[{"id":1038,"href":"https:\/\/wordpress.nibis.de\/gsgebruedergrimm\/wp-json\/wp\/v2\/pages\/159\/revisions\/1038"}],"up":[{"embeddable":true,"href":"https:\/\/wordpress.nibis.de\/gsgebruedergrimm\/wp-json\/wp\/v2\/pages\/38"}],"wp:attachment":[{"href":"https:\/\/wordpress.nibis.de\/gsgebruedergrimm\/wp-json\/wp\/v2\/media?parent=159"}],"curies":[{"name":"wp","href":"https:\/\/api.w.org\/{rel}","templated":true}]}}

<p><strong>Förderverein</strong></p>
<p>Auf Initiative des Schulelternrates und der Schulleitung der Grundschule Osterbrock wurde am 25.02.1999 der Förderverein der Grundschule e.V. gegründet (s. <a href="http://wordpress.nibis.de/gsgebruedergrimm/foerderverein/">Förderverein</a>). Der Zweck des Vereins ist die finanzielle und ideelle Unterstützung der Erziehungs- und Bildungsarbeit der Schule wie auch die Bekanntmachung der pädagogischen Arbeit in der Öffentlichkeit und die Unterstützung von Schule und Schülern bei diversen Aktivitäten.</p>
<p><strong>Kooperationsverbund „Förderung besonderer Begabungen“ (2005/2006)</strong></p>
<p>Im Verbund arbeiten mit: Windthorst-Gymnasium Meppen, GS Johannes-Gutenberg-Schule, GS Maria-Montessori-Schule, GS Marienschule Meppen und alle Grundschulen der Gemeinde Geeste.</p>
<p>Hier können Sie das aktuelle Konzept des Kooperationsverbundes einsehen: <a href="https://wordpress.nibis.de/gsgebruedergrimm/files/2020/08/Kooperationsverbund-Emsland-1-überarbeitet.pdf">Konzept KOV EL1</a></p>
<p><strong>Bildungsregion Emsland (2006/07)</strong></p>
<p>Mit Beschluss der Gesamtkonferenz vom 21.03.2006 tritt die Grundschule Osterbrock der „Bildungsregion Emsland“ zum 01.08.2008 bei.</p>
<p>Gründe:</p>
<p>&#8211;                   Teilnahme an Evaluationsmaßnahmen (SEIS)</p>
<p>&#8211;                   Teilnahme an Qualifizierungsmaßnahmen für Schulleiter</p>
<p>&#8211;                   Teilnahme an Qualifizierungsmaßnahmen für Kollegium</p>
<p>&#8211;                   Finanzielle Unterstützung für Fortbildungsprojekte</p>
<p><strong>Regionales Integrationskonzept (RIK)</strong></p>
<p>Die Grundschule Osterbrock nimmt mit Beschluss vom 27.11.2006 am „Regionalen Integrationskonzept (RIK) in Kooperation mit der Pestalozzischule teil.</p>
<p>Im Rahmen des RIK erhalten die teilnehmenden Grundschulen eine sonderpädagogische Grundversorgung im Umfang von zwei Förderschullehrerstunden pro Klasse. Die jeweilige Grundschule verpflichtet sich im Gegenzug, Kinder mit sonderpädagogischem Förderbedarf an der Grundschule zu fördern.</p>
<p><strong>Schulverbund der Grundschulen der Gemeinde Geeste (2007/08)</strong></p>
<p>Mit dem „Schulverbund Geeste“ wird das Ziel verfolgt, die Qualität von Unterricht und Schulleben gemeinsam zu sichern und zu optimieren. Durch systematischen Austausch soll die Schulentwicklung in der Gemeinde belebt werden. Arbeitsteilung und die gemeinsame Nutzung sollen Einzelschulen entlasten.</p>
<p>Durch regelmäßige Treffen auf Leitungsebene, gemeinsame Fortbildungen und Fachkonferenzen findet aktive Verbundsarbeit statt.</p>
<p><strong>Naturpark-Schule (2024)</strong></p>
<p>Seit einiger Zeit &#8211; ausgebremst durch Corona &#8211; machen wir uns auf den Weg Naturpark-Schule zu werden. Hierfür arbeiten wir intensiv mit dem Naturpark moor-veenland zusammen. Es geht darum, dass die Kinder sich mit ihrer Umgebung auseinandersetzen und die regionalen Besonderheiten der Natur kennenlernen. So besuchen wir z.B. das Moormuseum in Groß Hesepe, den Wald in Varloh, das Bienenzentrum &#8222;Imme&#8220; in Haren oder einen Schafstall in den Niederlanden.</p>

<p>Förderverein Auf Initiative des Schulelternrates und der Schulleitung der Grundschule Osterbrock wurde am 25.02.1999 der Förderverein der Grundschule e.V. gegründet (s. Förderverein). Der Zweck des Vereins ist die finanzielle und ideelle Unterstützung der Erziehungs- und Bildungsarbeit der Schule wie auch die Bekanntmachung der pädagogischen Arbeit in der Öffentlichkeit und die Unterstützung von Schule und Schülern bei diversen Aktivitäten. Kooperationsverbund „Förderung besonderer Begabungen“ (2005/2006) Im Verbund arbeiten mit: Windthorst-Gymnasium Meppen, GS Johannes-Gutenberg-Schule, GS Maria-Montessori-Schule, GS Marienschule Meppen und alle Grundschulen der&#8230;</p>
<p class="read-more"><a class="btn btn-default" href="https://wordpress.nibis.de/gsgebruedergrimm/informationen/kooperationen/">Weiterlesen<span class="screen-reader-text"> Weiterlesen</span></a></p>
