{"id":24,"date":"2018-07-27T11:43:26","date_gmt":"2018-07-27T09:43:26","guid":{"rendered":"http:\/\/wordpress.nibis.de\/gsgebruedergrimm\/?page_id=24"},"modified":"2026-04-07T22:16:40","modified_gmt":"2026-04-07T20:16:40","slug":"kollegium","status":"publish","type":"page","link":"https:\/\/wordpress.nibis.de\/gsgebruedergrimm\/schule\/kollegium\/","title":{"rendered":"Kollegium"},"content":{"rendered":"<p><em><strong>komm. Schulleitung: <\/strong><\/em>S. Wenzel<\/p>\n<p><em><strong>Klassenlehrkr\u00e4fte: <\/strong><\/em>A. Hackmann, K. Giesken, A. Greve, S. Fehnker, I. Hofschlag, D. Winkeler<\/p>\n<p><em><strong>Fachlehrerinnen: <\/strong><\/em>S. Wenzel, D. Kastner<\/p>\n<p><strong><em>F\u00f6rderschullehrerin:<\/em> <\/strong>K. Harlacher<\/p>\n<p><em><strong>P\u00e4dagogische Mitarbeiterinnen: <\/strong><\/em>D. Willms, N. Berghoff, U. Wefers, E. Kuhr<\/p>\n<p><em><strong>Schulsozialarbeiterin: <\/strong><\/em>S. Backhaus<\/p>\n<p><em><strong>Sekret\u00e4rin: <\/strong><\/em>A. T\u00f6bben<\/p>\n<p><em><strong>Hausmeister: <\/strong><\/em>A. Muke<\/p>\n<p><em><strong>Mittagessenausgabe: <\/strong><\/em>B. Jaske<\/p>\n","protected":false},"excerpt":{"rendered":"<p>komm. Schulleitung: S. Wenzel Klassenlehrkr\u00e4fte: A. Hackmann, K. Giesken, A. Greve, S. Fehnker, I. Hofschlag, D. Winkeler Fachlehrerinnen: S. Wenzel, D. Kastner F\u00f6rderschullehrerin: K. Harlacher P\u00e4dagogische Mitarbeiterinnen: D. Willms, N. Berghoff, U. Wefers, E. Kuhr Schulsozialarbeiterin: S. Backhaus Sekret\u00e4rin: A. T\u00f6bben Hausmeister: A. Muke Mittagessenausgabe: B. Jaske<\/p>\n","protected":false},"author":9192624,"featured_media":0,"parent":20,"menu_order":0,"comment_status":"closed","ping_status":"closed","template":"","meta":{"footnotes":""},"class_list":["post-24","page","type-page","status-publish","hentry"],"_links":{"self":[{"href":"https:\/\/wordpress.nibis.de\/gsgebruedergrimm\/wp-json\/wp\/v2\/pages\/24","targetHints":{"allow":["GET"]}}],"collection":[{"href":"https:\/\/wordpress.nibis.de\/gsgebruedergrimm\/wp-json\/wp\/v2\/pages"}],"about":[{"href":"https:\/\/wordpress.nibis.de\/gsgebruedergrimm\/wp-json\/wp\/v2\/types\/page"}],"author":[{"embeddable":true,"href":"https:\/\/wordpress.nibis.de\/gsgebruedergrimm\/wp-json\/wp\/v2\/users\/9192624"}],"replies":[{"embeddable":true,"href":"https:\/\/wordpress.nibis.de\/gsgebruedergrimm\/wp-json\/wp\/v2\/comments?post=24"}],"version-history":[{"count":13,"href":"https:\/\/wordpress.nibis.de\/gsgebruedergrimm\/wp-json\/wp\/v2\/pages\/24\/revisions"}],"predecessor-version":[{"id":1326,"href":"https:\/\/wordpress.nibis.de\/gsgebruedergrimm\/wp-json\/wp\/v2\/pages\/24\/revisions\/1326"}],"up":[{"embeddable":true,"href":"https:\/\/wordpress.nibis.de\/gsgebruedergrimm\/wp-json\/wp\/v2\/pages\/20"}],"wp:attachment":[{"href":"https:\/\/wordpress.nibis.de\/gsgebruedergrimm\/wp-json\/wp\/v2\/media?parent=24"}],"curies":[{"name":"wp","href":"https:\/\/api.w.org\/{rel}","templated":true}]}}

<p><em><strong>komm. Schulleitung: </strong></em>S. Wenzel</p>
<p><em><strong>Klassenlehrkräfte: </strong></em>A. Hackmann, K. Giesken, A. Greve, S. Fehnker, I. Hofschlag, D. Winkeler</p>
<p><em><strong>Fachlehrerinnen: </strong></em>S. Wenzel, D. Kastner</p>
<p><strong><em>Förderschullehrerin:</em> </strong>K. Harlacher</p>
<p><em><strong>Pädagogische Mitarbeiterinnen: </strong></em>D. Willms, N. Berghoff, U. Wefers, E. Kuhr</p>
<p><em><strong>Schulsozialarbeiterin: </strong></em>S. Backhaus</p>
<p><em><strong>Sekretärin: </strong></em>A. Többen</p>
<p><em><strong>Hausmeister: </strong></em>A. Muke</p>
<p><em><strong>Mittagessenausgabe: </strong></em>B. Jaske</p>

<p>komm. Schulleitung: S. Wenzel Klassenlehrkräfte: A. Hackmann, K. Giesken, A. Greve, S. Fehnker, I. Hofschlag, D. Winkeler Fachlehrerinnen: S. Wenzel, D. Kastner Förderschullehrerin: K. Harlacher Pädagogische Mitarbeiterinnen: D. Willms, N. Berghoff, U. Wefers, E. Kuhr Schulsozialarbeiterin: S. Backhaus Sekretärin: A. Többen Hausmeister: A. Muke Mittagessenausgabe: B. Jaske</p>
