{"id":93,"date":"2018-09-13T09:08:45","date_gmt":"2018-09-13T07:08:45","guid":{"rendered":"http:\/\/wordpress.nibis.de\/gsgebruedergrimm\/?page_id=93"},"modified":"2022-05-10T12:22:28","modified_gmt":"2022-05-10T10:22:28","slug":"impressum","status":"publish","type":"page","link":"https:\/\/wordpress.nibis.de\/gsgebruedergrimm\/impressum\/","title":{"rendered":"Impressum"},"content":{"rendered":"<p><strong>Land Niedersachsen (Diensteanbieter im Sinne des Telemediengesetzes)<\/strong><\/p>\n<p><strong>Das Land Niedersachsen ist eine juristische Person des \u00f6ffentlichen Rechts<\/strong><\/p>\n<p><strong>vertreten durch:<\/strong><\/p>\n<p><strong>Schulleitung:<\/strong><\/p>\n<p>Jana Witte<\/p>\n<p><span style=\"font-size: 12pt\">Gebr\u00fcder-Grimm-Schule<\/span><\/p>\n<p><span style=\"font-size: 12pt\">Teglinger Stra\u00dfe 31<\/span><\/p>\n<p><span style=\"font-size: 12pt\">49744 Geeste<\/span><\/p>\n<p><span style=\"font-size: 12pt\">Tel: 05937\/69370<\/span><\/p>\n<p><span style=\"font-size: 12pt\">Email: g&#101;&#x62;&#x72;u&#101;&#100;&#x65;&#x72;-&#103;&#x72;&#x69;m&#109;&#45;&#x73;&#x63;h&#117;&#x6c;&#x65;&#64;&#103;&#101;&#x65;&#x73;t&#101;&#x2e;&#x64;e<\/span><\/p>\n<p><strong>Schulischer Datenschutzbeauftragter:<\/strong><\/p>\n<p><strong>Verantwortlicher f\u00fcr redaktionell-journalistische Angebote i. S. d. \u00a755 Abs. 2 Rundfunkstaatsvertrag:<\/strong><\/p>\n<p>Jana Witte<\/p>\n<p>Teglinger Stra\u00dfe 31<\/p>\n<p>49744 Geeste<\/p>\n<p>Tel: 05937\/69370<\/p>\n","protected":false},"excerpt":{"rendered":"<p>Land Niedersachsen (Diensteanbieter im Sinne des Telemediengesetzes) Das Land Niedersachsen ist eine juristische Person des \u00f6ffentlichen Rechts vertreten durch: Schulleitung: Jana Witte Gebr\u00fcder-Grimm-Schule Teglinger Stra\u00dfe 31 49744 Geeste Tel: 05937\/69370 Email: &#x67;&#101;b&#x72;&#117;e&#x64;&#x65;&#114;&#x2d;&#x67;&#114;i&#x6d;&#109;-&#x73;&#x63;&#104;&#x75;&#x6c;&#101;&#64;&#x67;&#101;e&#x73;&#x74;&#101;&#x2e;&#x64;&#101; Schulischer Datenschutzbeauftragter: Verantwortlicher f\u00fcr redaktionell-journalistische Angebote i. S. d. \u00a755 Abs. 2 Rundfunkstaatsvertrag: Jana Witte Teglinger Stra\u00dfe 31 49744 Geeste Tel: 05937\/69370<\/p>\n","protected":false},"author":9192624,"featured_media":0,"parent":0,"menu_order":0,"comment_status":"closed","ping_status":"closed","template":"","meta":{"footnotes":""},"class_list":["post-93","page","type-page","status-publish","hentry"],"_links":{"self":[{"href":"https:\/\/wordpress.nibis.de\/gsgebruedergrimm\/wp-json\/wp\/v2\/pages\/93","targetHints":{"allow":["GET"]}}],"collection":[{"href":"https:\/\/wordpress.nibis.de\/gsgebruedergrimm\/wp-json\/wp\/v2\/pages"}],"about":[{"href":"https:\/\/wordpress.nibis.de\/gsgebruedergrimm\/wp-json\/wp\/v2\/types\/page"}],"author":[{"embeddable":true,"href":"https:\/\/wordpress.nibis.de\/gsgebruedergrimm\/wp-json\/wp\/v2\/users\/9192624"}],"replies":[{"embeddable":true,"href":"https:\/\/wordpress.nibis.de\/gsgebruedergrimm\/wp-json\/wp\/v2\/comments?post=93"}],"version-history":[{"count":5,"href":"https:\/\/wordpress.nibis.de\/gsgebruedergrimm\/wp-json\/wp\/v2\/pages\/93\/revisions"}],"predecessor-version":[{"id":802,"href":"https:\/\/wordpress.nibis.de\/gsgebruedergrimm\/wp-json\/wp\/v2\/pages\/93\/revisions\/802"}],"wp:attachment":[{"href":"https:\/\/wordpress.nibis.de\/gsgebruedergrimm\/wp-json\/wp\/v2\/media?parent=93"}],"curies":[{"name":"wp","href":"https:\/\/api.w.org\/{rel}","templated":true}]}}

<p><strong>Land Niedersachsen (Diensteanbieter im Sinne des Telemediengesetzes)</strong></p>
<p><strong>Das Land Niedersachsen ist eine juristische Person des öffentlichen Rechts</strong></p>
<p><strong>vertreten durch:</strong></p>
<p><strong>Schulleitung:</strong></p>
<p>Jana Witte</p>
<p><span style="font-size: 12pt">Gebrüder-Grimm-Schule</span></p>
<p><span style="font-size: 12pt">Teglinger Straße 31</span></p>
<p><span style="font-size: 12pt">49744 Geeste</span></p>
<p><span style="font-size: 12pt">Tel: 05937/69370</span></p>
<p><span style="font-size: 12pt">Email: g&#101;&#x62;&#x72;u&#101;&#100;&#x65;&#x72;-&#103;&#x72;&#x69;m&#109;&#45;&#x73;&#x63;h&#117;&#x6c;&#x65;&#64;&#103;&#101;&#x65;&#x73;t&#101;&#x2e;&#x64;e</span></p>
<p><strong>Schulischer Datenschutzbeauftragter:</strong></p>
<p><strong>Verantwortlicher für redaktionell-journalistische Angebote i. S. d. §55 Abs. 2 Rundfunkstaatsvertrag:</strong></p>
<p>Jana Witte</p>
<p>Teglinger Straße 31</p>
<p>49744 Geeste</p>
<p>Tel: 05937/69370</p>

<p>Land Niedersachsen (Diensteanbieter im Sinne des Telemediengesetzes) Das Land Niedersachsen ist eine juristische Person des öffentlichen Rechts vertreten durch: Schulleitung: Jana Witte Gebrüder-Grimm-Schule Teglinger Straße 31 49744 Geeste Tel: 05937/69370 Email: &#x67;&#101;b&#x72;&#117;e&#x64;&#x65;&#114;&#x2d;&#x67;&#114;i&#x6d;&#109;-&#x73;&#x63;&#104;&#x75;&#x6c;&#101;&#64;&#x67;&#101;e&#x73;&#x74;&#101;&#x2e;&#x64;&#101; Schulischer Datenschutzbeauftragter: Verantwortlicher für redaktionell-journalistische Angebote i. S. d. §55 Abs. 2 Rundfunkstaatsvertrag: Jana Witte Teglinger Straße 31 49744 Geeste Tel: 05937/69370</p>
