{"id":109,"date":"2023-03-15T14:26:01","date_gmt":"2023-03-15T13:26:01","guid":{"rendered":"https:\/\/wordpress.nibis.de\/gsglocke\/?page_id=109"},"modified":"2023-03-22T12:06:06","modified_gmt":"2023-03-22T11:06:06","slug":"unsere-schule","status":"publish","type":"page","link":"https:\/\/wordpress.nibis.de\/gsglocke\/unsere-schule\/","title":{"rendered":"Unsere Schule"},"content":{"rendered":"\n<div class=\"wp-block-media-text alignwide is-stacked-on-mobile is-style-tw-shadow\"><figure class=\"wp-block-media-text__media\"><img loading=\"lazy\" decoding=\"async\" width=\"1024\" height=\"683\" src=\"https:\/\/wordpress.nibis.de\/gsglocke\/files\/2023\/03\/digitization-g66735bd8e_1920-1024x683.jpg\" alt=\"\" class=\"wp-image-110 size-full\" srcset=\"https:\/\/wordpress.nibis.de\/gsglocke\/files\/2023\/03\/digitization-g66735bd8e_1920-1024x683.jpg 1024w, https:\/\/wordpress.nibis.de\/gsglocke\/files\/2023\/03\/digitization-g66735bd8e_1920-300x200.jpg 300w, https:\/\/wordpress.nibis.de\/gsglocke\/files\/2023\/03\/digitization-g66735bd8e_1920-768x512.jpg 768w, https:\/\/wordpress.nibis.de\/gsglocke\/files\/2023\/03\/digitization-g66735bd8e_1920-1536x1024.jpg 1536w, https:\/\/wordpress.nibis.de\/gsglocke\/files\/2023\/03\/digitization-g66735bd8e_1920-405x270.jpg 405w, https:\/\/wordpress.nibis.de\/gsglocke\/files\/2023\/03\/digitization-g66735bd8e_1920.jpg 1920w\" sizes=\"auto, (max-width: 1024px) 100vw, 1024px\" \/><\/figure><div class=\"wp-block-media-text__content\">\n<p class=\"has-vivid-cyan-blue-color has-text-color has-medium-font-size\">Tafel und Kreide? Voll von gestern!<\/p>\n<\/div><\/div>\n\n\n\n<p><\/p>\n\n\n\n<p>Die Glockenbergschule liegt im Herzen von Hollenstedt und ist eine von zwei Grundschulen der Samtgemeinde. Unsere Sch\u00fclerinnen und Sch\u00fcler kommen aus den umliegenden Mitgliedsgemeinden zu uns an die offene Ganztagsschule. Unsere Ganztagsbetreuung bietet ein gemeinsames Mittagessen, Hausaufgabenbetreuung, kreative und sportliche Nachmittagsangebote und die M\u00f6glichkeit bis 17 Uhr in der Schule zu bleiben. Das weitl\u00e4ufige Au\u00dfengel\u00e4nde mit zwei Schulh\u00f6fen und einem kleinen Fu\u00dfballfeld bietet Platz zum Spielen, Toben und Klettern. Nach Abschluss der vierten Klasse wechseln die Sch\u00fclerinnen und Sch\u00fcler entweder an die benachbarte Estetalschule oder auf die weiterf\u00fchrende Schulen in Neu Wulmstorf, Buchholz und Tostedt. <\/p>\n\n\n\n<p>Unsere Schule ist seit Anfang 2023 vollst\u00e4ndig digitalisiert. In den Klassenzimmern wurden alle klassischen Tafeln durch interaktive Boards ersetzt, wir halten f\u00fcr digitalen Unterricht und Medienbildung einen Klassensatz Apple iPads bereit, f\u00fchren Unterrichtsstunden in unserem vollausgestatteten Computerraum durch und haben unsere Daten in die sichere Umgebung der Kreisschul-Cloud ausgelagert. Unsere Kolleginnen und Kollegen arbeiten bei der Unterrichtsplanung und -nachbereitung an ihren pers\u00f6nlichen Notebooks oder an den zur Verf\u00fcgung stehenden Arbeitspl\u00e4tzen im Lehrerzimmer. <\/p>\n\n\n\n<p>Unser Schulleben ist gepr\u00e4gt von vielen Traditionen, dem Lernen an au\u00dferschulischen Lernorten und der naturnahen Lage an der Este. <\/p>\n\n\n\n<p>Wo und wie wir lernen, andere Orte nutzen, Erfahrungen durch Begegnungen machen? Einfach weiterlesen unter <a href=\"https:\/\/wordpress.nibis.de\/gsglocke\/schulleben__trashed\/schulalltag\/\" data-type=\"page\" data-id=\"127\">Schulalltag<\/a>.<\/p>\n\n\n\n<p><\/p>\n","protected":false},"excerpt":{"rendered":"<p>Tafel und Kreide? Voll von gestern! Die Glockenbergschule liegt im Herzen von Hollenstedt und ist eine von zwei Grundschulen der Samtgemeinde. Unsere Sch\u00fclerinnen und Sch\u00fcler kommen aus den umliegenden Mitgliedsgemeinden zu uns an die offene Ganztagsschule. Unsere Ganztagsbetreuung bietet ein gemeinsames Mittagessen, Hausaufgabenbetreuung, kreative und sportliche Nachmittagsangebote und die M\u00f6glichkeit bis 17 Uhr in der Schule zu bleiben. Das weitl\u00e4ufige Au\u00dfengel\u00e4nde mit zwei Schulh\u00f6fen und einem kleinen Fu\u00dfballfeld bietet Platz zum Spielen, Toben und Klettern. Nach Abschluss der vierten Klasse&#8230;<\/p>\n<p class=\"read-more\"><a class=\"btn btn-default\" href=\"https:\/\/wordpress.nibis.de\/gsglocke\/unsere-schule\/\">Weiterlesen<span class=\"screen-reader-text\"> Weiterlesen<\/span><\/a><\/p>\n","protected":false},"author":9194184,"featured_media":0,"parent":0,"menu_order":0,"comment_status":"closed","ping_status":"closed","template":"","meta":{"footnotes":""},"class_list":["post-109","page","type-page","status-publish","hentry"],"_links":{"self":[{"href":"https:\/\/wordpress.nibis.de\/gsglocke\/wp-json\/wp\/v2\/pages\/109","targetHints":{"allow":["GET"]}}],"collection":[{"href":"https:\/\/wordpress.nibis.de\/gsglocke\/wp-json\/wp\/v2\/pages"}],"about":[{"href":"https:\/\/wordpress.nibis.de\/gsglocke\/wp-json\/wp\/v2\/types\/page"}],"author":[{"embeddable":true,"href":"https:\/\/wordpress.nibis.de\/gsglocke\/wp-json\/wp\/v2\/users\/9194184"}],"replies":[{"embeddable":true,"href":"https:\/\/wordpress.nibis.de\/gsglocke\/wp-json\/wp\/v2\/comments?post=109"}],"version-history":[{"count":5,"href":"https:\/\/wordpress.nibis.de\/gsglocke\/wp-json\/wp\/v2\/pages\/109\/revisions"}],"predecessor-version":[{"id":229,"href":"https:\/\/wordpress.nibis.de\/gsglocke\/wp-json\/wp\/v2\/pages\/109\/revisions\/229"}],"wp:attachment":[{"href":"https:\/\/wordpress.nibis.de\/gsglocke\/wp-json\/wp\/v2\/media?parent=109"}],"curies":[{"name":"wp","href":"https:\/\/api.w.org\/{rel}","templated":true}]}}