{"id":142,"date":"2023-03-16T19:35:51","date_gmt":"2023-03-16T18:35:51","guid":{"rendered":"https:\/\/wordpress.nibis.de\/gsglocke\/?page_id=142"},"modified":"2023-03-22T12:09:07","modified_gmt":"2023-03-22T11:09:07","slug":"ein-tag-am-glockenberg","status":"publish","type":"page","link":"https:\/\/wordpress.nibis.de\/gsglocke\/ein-tag-am-glockenberg\/","title":{"rendered":"Unser Schulalltag &#8211; Zeiten und Angebote"},"content":{"rendered":"\n<div class=\"wp-block-media-text alignwide is-stacked-on-mobile is-style-tw-shadow\"><figure class=\"wp-block-media-text__media\"><img loading=\"lazy\" decoding=\"async\" width=\"1024\" height=\"683\" src=\"https:\/\/wordpress.nibis.de\/gsglocke\/files\/2023\/03\/pexels-oleksandr-pidvalnyi-12932614-1024x683.jpg\" alt=\"\" class=\"wp-image-143 size-full\" srcset=\"https:\/\/wordpress.nibis.de\/gsglocke\/files\/2023\/03\/pexels-oleksandr-pidvalnyi-12932614-1024x683.jpg 1024w, https:\/\/wordpress.nibis.de\/gsglocke\/files\/2023\/03\/pexels-oleksandr-pidvalnyi-12932614-300x200.jpg 300w, https:\/\/wordpress.nibis.de\/gsglocke\/files\/2023\/03\/pexels-oleksandr-pidvalnyi-12932614-768x512.jpg 768w, https:\/\/wordpress.nibis.de\/gsglocke\/files\/2023\/03\/pexels-oleksandr-pidvalnyi-12932614-1536x1024.jpg 1536w, https:\/\/wordpress.nibis.de\/gsglocke\/files\/2023\/03\/pexels-oleksandr-pidvalnyi-12932614-2048x1365.jpg 2048w, https:\/\/wordpress.nibis.de\/gsglocke\/files\/2023\/03\/pexels-oleksandr-pidvalnyi-12932614-405x270.jpg 405w\" sizes=\"auto, (max-width: 1024px) 100vw, 1024px\" \/><\/figure><div class=\"wp-block-media-text__content\">\n<p class=\"has-text-align-left has-vivid-cyan-blue-color has-text-color has-medium-font-size\">Routine und Flexibilit\u00e4t<\/p>\n<\/div><\/div>\n\n\n\n<p><\/p>\n\n\n\n<p><strong>Fr\u00fchbetreuung<\/strong><\/p>\n\n\n\n<p>Fr\u00fchbetreuung f\u00fcr die Kinder der Klassenstufen 1 und 2:<\/p>\n\n\n\n<p>t\u00e4glich ab 7:30 Uhr im Fr\u00fchbetreuungsraum<\/p>\n\n\n\n<figure class=\"wp-block-table is-style-stripes\"><table><tbody><tr><td>Betreuerin<\/td><td>Frau Poggensee<\/td><\/tr><\/tbody><\/table><\/figure>\n\n\n\n<p>Die Anmeldung zur Fr\u00fchbetreuung k\u00f6nnen Sie herunterladen. <\/p>\n\n\n\n<div class=\"wp-block-file\"><a id=\"wp-block-file--media-82f97722-68b9-4559-bdef-852afa3ea9f0\" href=\"https:\/\/wordpress.nibis.de\/gsglocke\/files\/2023\/03\/Anmeldung-Fruehbetreuung.pdf\" target=\"_blank\" rel=\"noreferrer noopener\">Anmeldung-Fruehbetreuung<\/a><a href=\"https:\/\/wordpress.nibis.de\/gsglocke\/files\/2023\/03\/Anmeldung-Fruehbetreuung.pdf\" class=\"wp-block-file__button\" download aria-describedby=\"wp-block-file--media-82f97722-68b9-4559-bdef-852afa3ea9f0\">Herunterladen<\/a><\/div>\n\n\n\n<p><\/p>\n\n\n\n<p><strong>Unterrichtszeiten<\/strong><\/p>\n\n\n\n<figure class=\"wp-block-table is-style-stripes\"><table><tbody><tr><td>Stunde<\/td><td>Unterrichtszeit<\/td><\/tr><tr><td>1. Stunde<\/td><td>7:45 Uhr &#8211; 8:30 Uhr<\/td><\/tr><tr><td>2. Stunde<\/td><td>8:35 Uhr &#8211; 9:20 Uhr<\/td><\/tr><tr><td>gemeinsames Fr\u00fchst\u00fcck<\/td><td>9:20 Uhr &#8211; 9:30 Uhr<\/td><\/tr><tr><td>gro\u00dfe Pause<\/td><td>9:30 Uhr &#8211; 9:50 Uhr<\/td><\/tr><tr><td>3. Stunde<\/td><td>9:50 Uhr &#8211; 10:35 Uhr<\/td><\/tr><tr><td>4. Stunde<\/td><td>10:40 Uhr &#8211; 11:25 Uhr<\/td><\/tr><tr><td>gro\u00dfe Pause<\/td><td>11:25 Uhr &#8211; 11:45 Uhr<\/td><\/tr><tr><td>5. Stunde<\/td><td>11:45 Uhr &#8211; 12:30 Uhr<\/td><\/tr><tr><td>6. Stunde<\/td><td>12:30 Uhr &#8211; 13:15 Uhr<\/td><\/tr><\/tbody><\/table><\/figure>\n\n\n\n<p>Die Sch\u00fclerinnen und Sch\u00fcler der 1. Klasse beginnen t\u00e4glich zur 2. Stunde.<\/p>\n\n\n\n<p>In der 2. Klasse beginnt der Unterricht an zwei Tagen in der Woche bereits zur 1. Stunde, an drei Tagen zur 2. Stunde.<\/p>\n\n\n\n<p>Ab der dritten Klasse beginnt der Unterricht t\u00e4glich zur 1. Stunde. <\/p>\n\n\n\n<p>Die Unterrichtszeiten am Vormittag sind verl\u00e4sslich. <\/p>\n\n\n\n<p>Dar\u00fcber hinaus bieten wir eine Ganztagsbetreuung bis 17 Uhr an. Die Teilnahme am Ganztag ist anmeldepflichtig und jeweils f\u00fcr ein halbes Jahr verbindlich. <\/p>\n\n\n\n<figure class=\"wp-block-table is-style-stripes\"><table><tbody><tr><td>Leitung Ganztag<\/td><td>Frau Steiner<\/td><td>g&#97;&#x6e;&#x7a;&#x74;a&#103;&#64;&#x67;&#x72;u&#110;&#100;&#x73;&#x63;hu&#108;&#x65;&#x2d;&#x68;o&#108;&#x6c;&#x65;&#x6e;s&#116;&#101;&#x64;&#x74;&#46;&#100;&#101;<\/td><\/tr><\/tbody><\/table><\/figure>\n\n\n\n<figure class=\"wp-block-pullquote has-border-color has-vivid-cyan-blue-border-color\"><blockquote><p><a href=\"https:\/\/wordpress.nibis.de\/gsglocke\/schulleben\/ganztag\/\" data-type=\"page\" data-id=\"155\">Ganztag<\/a><\/p><\/blockquote><\/figure>\n","protected":false},"excerpt":{"rendered":"<p>Routine und Flexibilit\u00e4t Fr\u00fchbetreuung Fr\u00fchbetreuung f\u00fcr die Kinder der Klassenstufen 1 und 2: t\u00e4glich ab 7:30 Uhr im Fr\u00fchbetreuungsraum Betreuerin Frau Poggensee Die Anmeldung zur Fr\u00fchbetreuung k\u00f6nnen Sie herunterladen. Unterrichtszeiten Stunde Unterrichtszeit 1. Stunde 7:45 Uhr &#8211; 8:30 Uhr 2. Stunde 8:35 Uhr &#8211; 9:20 Uhr gemeinsames Fr\u00fchst\u00fcck 9:20 Uhr &#8211; 9:30 Uhr gro\u00dfe Pause 9:30 Uhr &#8211; 9:50 Uhr 3. Stunde 9:50 Uhr &#8211; 10:35 Uhr 4. Stunde 10:40 Uhr &#8211; 11:25 Uhr gro\u00dfe Pause 11:25 Uhr &#8211; 11:45&#8230;<\/p>\n<p class=\"read-more\"><a class=\"btn btn-default\" href=\"https:\/\/wordpress.nibis.de\/gsglocke\/ein-tag-am-glockenberg\/\">Weiterlesen<span class=\"screen-reader-text\"> Weiterlesen<\/span><\/a><\/p>\n","protected":false},"author":9194184,"featured_media":0,"parent":0,"menu_order":0,"comment_status":"closed","ping_status":"closed","template":"","meta":{"footnotes":""},"class_list":["post-142","page","type-page","status-publish","hentry"],"_links":{"self":[{"href":"https:\/\/wordpress.nibis.de\/gsglocke\/wp-json\/wp\/v2\/pages\/142","targetHints":{"allow":["GET"]}}],"collection":[{"href":"https:\/\/wordpress.nibis.de\/gsglocke\/wp-json\/wp\/v2\/pages"}],"about":[{"href":"https:\/\/wordpress.nibis.de\/gsglocke\/wp-json\/wp\/v2\/types\/page"}],"author":[{"embeddable":true,"href":"https:\/\/wordpress.nibis.de\/gsglocke\/wp-json\/wp\/v2\/users\/9194184"}],"replies":[{"embeddable":true,"href":"https:\/\/wordpress.nibis.de\/gsglocke\/wp-json\/wp\/v2\/comments?post=142"}],"version-history":[{"count":11,"href":"https:\/\/wordpress.nibis.de\/gsglocke\/wp-json\/wp\/v2\/pages\/142\/revisions"}],"predecessor-version":[{"id":232,"href":"https:\/\/wordpress.nibis.de\/gsglocke\/wp-json\/wp\/v2\/pages\/142\/revisions\/232"}],"wp:attachment":[{"href":"https:\/\/wordpress.nibis.de\/gsglocke\/wp-json\/wp\/v2\/media?parent=142"}],"curies":[{"name":"wp","href":"https:\/\/api.w.org\/{rel}","templated":true}]}}

<div class="wp-block-media-text alignwide is-stacked-on-mobile is-style-tw-shadow"><figure class="wp-block-media-text__media"><img loading="lazy" decoding="async" width="1024" height="683" src="https://wordpress.nibis.de/gsglocke/files/2023/03/pexels-oleksandr-pidvalnyi-12932614-1024x683.jpg" alt="" class="wp-image-143 size-full" srcset="https://wordpress.nibis.de/gsglocke/files/2023/03/pexels-oleksandr-pidvalnyi-12932614-1024x683.jpg 1024w, https://wordpress.nibis.de/gsglocke/files/2023/03/pexels-oleksandr-pidvalnyi-12932614-300x200.jpg 300w, https://wordpress.nibis.de/gsglocke/files/2023/03/pexels-oleksandr-pidvalnyi-12932614-768x512.jpg 768w, https://wordpress.nibis.de/gsglocke/files/2023/03/pexels-oleksandr-pidvalnyi-12932614-1536x1024.jpg 1536w, https://wordpress.nibis.de/gsglocke/files/2023/03/pexels-oleksandr-pidvalnyi-12932614-2048x1365.jpg 2048w, https://wordpress.nibis.de/gsglocke/files/2023/03/pexels-oleksandr-pidvalnyi-12932614-405x270.jpg 405w" sizes="auto, (max-width: 1024px) 100vw, 1024px" /></figure><div class="wp-block-media-text__content">
<p class="has-text-align-left has-vivid-cyan-blue-color has-text-color has-medium-font-size">Routine und Flexibilität</p>
</div></div>



<p></p>



<p><strong>Frühbetreuung</strong></p>



<p>Frühbetreuung für die Kinder der Klassenstufen 1 und 2:</p>



<p>täglich ab 7:30 Uhr im Frühbetreuungsraum</p>



<figure class="wp-block-table is-style-stripes"><table><tbody><tr><td>Betreuerin</td><td>Frau Poggensee</td></tr></tbody></table></figure>



<p>Die Anmeldung zur Frühbetreuung können Sie herunterladen. </p>



<div class="wp-block-file"><a id="wp-block-file--media-82f97722-68b9-4559-bdef-852afa3ea9f0" href="https://wordpress.nibis.de/gsglocke/files/2023/03/Anmeldung-Fruehbetreuung.pdf" target="_blank" rel="noreferrer noopener">Anmeldung-Fruehbetreuung</a><a href="https://wordpress.nibis.de/gsglocke/files/2023/03/Anmeldung-Fruehbetreuung.pdf" class="wp-block-file__button" download aria-describedby="wp-block-file--media-82f97722-68b9-4559-bdef-852afa3ea9f0">Herunterladen</a></div>



<p></p>



<p><strong>Unterrichtszeiten</strong></p>



<figure class="wp-block-table is-style-stripes"><table><tbody><tr><td>Stunde</td><td>Unterrichtszeit</td></tr><tr><td>1. Stunde</td><td>7:45 Uhr &#8211; 8:30 Uhr</td></tr><tr><td>2. Stunde</td><td>8:35 Uhr &#8211; 9:20 Uhr</td></tr><tr><td>gemeinsames Frühstück</td><td>9:20 Uhr &#8211; 9:30 Uhr</td></tr><tr><td>große Pause</td><td>9:30 Uhr &#8211; 9:50 Uhr</td></tr><tr><td>3. Stunde</td><td>9:50 Uhr &#8211; 10:35 Uhr</td></tr><tr><td>4. Stunde</td><td>10:40 Uhr &#8211; 11:25 Uhr</td></tr><tr><td>große Pause</td><td>11:25 Uhr &#8211; 11:45 Uhr</td></tr><tr><td>5. Stunde</td><td>11:45 Uhr &#8211; 12:30 Uhr</td></tr><tr><td>6. Stunde</td><td>12:30 Uhr &#8211; 13:15 Uhr</td></tr></tbody></table></figure>



<p>Die Schülerinnen und Schüler der 1. Klasse beginnen täglich zur 2. Stunde.</p>



<p>In der 2. Klasse beginnt der Unterricht an zwei Tagen in der Woche bereits zur 1. Stunde, an drei Tagen zur 2. Stunde.</p>



<p>Ab der dritten Klasse beginnt der Unterricht täglich zur 1. Stunde. </p>



<p>Die Unterrichtszeiten am Vormittag sind verlässlich. </p>



<p>Darüber hinaus bieten wir eine Ganztagsbetreuung bis 17 Uhr an. Die Teilnahme am Ganztag ist anmeldepflichtig und jeweils für ein halbes Jahr verbindlich. </p>



<figure class="wp-block-table is-style-stripes"><table><tbody><tr><td>Leitung Ganztag</td><td>Frau Steiner</td><td>g&#97;&#x6e;&#x7a;&#x74;a&#103;&#64;&#x67;&#x72;u&#110;&#100;&#x73;&#x63;hu&#108;&#x65;&#x2d;&#x68;o&#108;&#x6c;&#x65;&#x6e;s&#116;&#101;&#x64;&#x74;&#46;&#100;&#101;</td></tr></tbody></table></figure>



<figure class="wp-block-pullquote has-border-color has-vivid-cyan-blue-border-color"><blockquote><p><a href="https://wordpress.nibis.de/gsglocke/schulleben/ganztag/" data-type="page" data-id="155">Ganztag</a></p></blockquote></figure>

<p>Routine und Flexibilität Frühbetreuung Frühbetreuung für die Kinder der Klassenstufen 1 und 2: täglich ab 7:30 Uhr im Frühbetreuungsraum Betreuerin Frau Poggensee Die Anmeldung zur Frühbetreuung können Sie herunterladen. Unterrichtszeiten Stunde Unterrichtszeit 1. Stunde 7:45 Uhr &#8211; 8:30 Uhr 2. Stunde 8:35 Uhr &#8211; 9:20 Uhr gemeinsames Frühstück 9:20 Uhr &#8211; 9:30 Uhr große Pause 9:30 Uhr &#8211; 9:50 Uhr 3. Stunde 9:50 Uhr &#8211; 10:35 Uhr 4. Stunde 10:40 Uhr &#8211; 11:25 Uhr große Pause 11:25 Uhr &#8211; 11:45&#8230;</p>
<p class="read-more"><a class="btn btn-default" href="https://wordpress.nibis.de/gsglocke/ein-tag-am-glockenberg/">Weiterlesen<span class="screen-reader-text"> Weiterlesen</span></a></p>
