{"id":187,"date":"2023-03-21T10:19:49","date_gmt":"2023-03-21T09:19:49","guid":{"rendered":"https:\/\/wordpress.nibis.de\/gsglocke\/?page_id=187"},"modified":"2023-04-11T15:52:17","modified_gmt":"2023-04-11T13:52:17","slug":"gesunde-schule","status":"publish","type":"page","link":"https:\/\/wordpress.nibis.de\/gsglocke\/gesunde-schule\/","title":{"rendered":"gesunde Schule"},"content":{"rendered":"\n<div class=\"wp-block-media-text alignwide is-stacked-on-mobile is-style-tw-shadow\"><figure class=\"wp-block-media-text__media\"><img loading=\"lazy\" decoding=\"async\" width=\"1024\" height=\"667\" src=\"https:\/\/wordpress.nibis.de\/gsglocke\/files\/2023\/03\/pexels-ylanite-koppens-934055-1024x667.jpg\" alt=\"\" class=\"wp-image-188 size-full\" srcset=\"https:\/\/wordpress.nibis.de\/gsglocke\/files\/2023\/03\/pexels-ylanite-koppens-934055-1024x667.jpg 1024w, https:\/\/wordpress.nibis.de\/gsglocke\/files\/2023\/03\/pexels-ylanite-koppens-934055-300x195.jpg 300w, https:\/\/wordpress.nibis.de\/gsglocke\/files\/2023\/03\/pexels-ylanite-koppens-934055-768x500.jpg 768w, https:\/\/wordpress.nibis.de\/gsglocke\/files\/2023\/03\/pexels-ylanite-koppens-934055-1536x1001.jpg 1536w, https:\/\/wordpress.nibis.de\/gsglocke\/files\/2023\/03\/pexels-ylanite-koppens-934055-2048x1334.jpg 2048w, https:\/\/wordpress.nibis.de\/gsglocke\/files\/2023\/03\/pexels-ylanite-koppens-934055-414x270.jpg 414w\" sizes=\"auto, (max-width: 1024px) 100vw, 1024px\" \/><\/figure><div class=\"wp-block-media-text__content\">\n<p class=\"has-vivid-red-color has-text-color has-medium-font-size\">gemeinsam gesund lernen<\/p>\n<\/div><\/div>\n\n\n\n<p><\/p>\n\n\n\n<p>Die Glockenbergschule nimmt am Schulobstprogramm des Nieders\u00e4chsischen Ministeriums f\u00fcr Ern\u00e4hrung, Landwirtschaft und Verbraucherschutz. An drei Tagen in der Woche wird uns frisches Obst und Gem\u00fcse geliefert. Jedes Kind erh\u00e4lt pro Tag 100g Obst und Gem\u00fcse.<\/p>\n\n\n\n<p>Das Obst wird gemeinsam im Klassenverband in der Fr\u00fchst\u00fcckspause verteilt und gegessen. Wir unterst\u00fctzen damit die gesunde Ern\u00e4hrung unserer Sch\u00fclerinnen und Sch\u00fcler und leisten einen Beitrag ein gesundes Essverhalten der Kinder zu entwickeln.<\/p>\n\n\n\n<p><\/p>\n\n\n\n<p>Um das Gesundheitsmanagement der Glockenbergschule k\u00fcmmert sich ein Team aus engagierten Eltern und Kolleginnen und Kollegen. Mit Unterst\u00fctzung des Programms Gesund Leben Lernen des Landes Niedersachsen soll ein ges\u00fcnderes Lern- und Lebensumfeld f\u00fcr die Sch\u00fclerinnen und Sch\u00fcler aber auch f\u00fcr die Mitarbeiterinnen und Mitarbeiter unserer Schule kreiert werden. <\/p>\n","protected":false},"excerpt":{"rendered":"<p>gemeinsam gesund lernen Die Glockenbergschule nimmt am Schulobstprogramm des Nieders\u00e4chsischen Ministeriums f\u00fcr Ern\u00e4hrung, Landwirtschaft und Verbraucherschutz. An drei Tagen in der Woche wird uns frisches Obst und Gem\u00fcse geliefert. Jedes Kind erh\u00e4lt pro Tag 100g Obst und Gem\u00fcse. Das Obst wird gemeinsam im Klassenverband in der Fr\u00fchst\u00fcckspause verteilt und gegessen. Wir unterst\u00fctzen damit die gesunde Ern\u00e4hrung unserer Sch\u00fclerinnen und Sch\u00fcler und leisten einen Beitrag ein gesundes Essverhalten der Kinder zu entwickeln. Um das Gesundheitsmanagement der Glockenbergschule k\u00fcmmert sich ein Team&#8230;<\/p>\n<p class=\"read-more\"><a class=\"btn btn-default\" href=\"https:\/\/wordpress.nibis.de\/gsglocke\/gesunde-schule\/\">Weiterlesen<span class=\"screen-reader-text\"> Weiterlesen<\/span><\/a><\/p>\n","protected":false},"author":9194184,"featured_media":0,"parent":0,"menu_order":0,"comment_status":"closed","ping_status":"closed","template":"","meta":{"footnotes":""},"class_list":["post-187","page","type-page","status-publish","hentry"],"_links":{"self":[{"href":"https:\/\/wordpress.nibis.de\/gsglocke\/wp-json\/wp\/v2\/pages\/187","targetHints":{"allow":["GET"]}}],"collection":[{"href":"https:\/\/wordpress.nibis.de\/gsglocke\/wp-json\/wp\/v2\/pages"}],"about":[{"href":"https:\/\/wordpress.nibis.de\/gsglocke\/wp-json\/wp\/v2\/types\/page"}],"author":[{"embeddable":true,"href":"https:\/\/wordpress.nibis.de\/gsglocke\/wp-json\/wp\/v2\/users\/9194184"}],"replies":[{"embeddable":true,"href":"https:\/\/wordpress.nibis.de\/gsglocke\/wp-json\/wp\/v2\/comments?post=187"}],"version-history":[{"count":3,"href":"https:\/\/wordpress.nibis.de\/gsglocke\/wp-json\/wp\/v2\/pages\/187\/revisions"}],"predecessor-version":[{"id":260,"href":"https:\/\/wordpress.nibis.de\/gsglocke\/wp-json\/wp\/v2\/pages\/187\/revisions\/260"}],"wp:attachment":[{"href":"https:\/\/wordpress.nibis.de\/gsglocke\/wp-json\/wp\/v2\/media?parent=187"}],"curies":[{"name":"wp","href":"https:\/\/api.w.org\/{rel}","templated":true}]}}