{"id":246,"date":"2023-03-22T17:51:07","date_gmt":"2023-03-22T16:51:07","guid":{"rendered":"https:\/\/wordpress.nibis.de\/gsglocke\/?page_id=246"},"modified":"2023-04-12T10:47:35","modified_gmt":"2023-04-12T08:47:35","slug":"weiterfuehrende-schulen","status":"publish","type":"page","link":"https:\/\/wordpress.nibis.de\/gsglocke\/weiterfuehrende-schulen\/","title":{"rendered":"Weiterf\u00fchrende Schulen"},"content":{"rendered":"\n<div class=\"wp-block-media-text alignwide is-stacked-on-mobile is-style-tw-shadow\"><figure class=\"wp-block-media-text__media\"><img loading=\"lazy\" decoding=\"async\" width=\"1024\" height=\"683\" src=\"https:\/\/wordpress.nibis.de\/gsglocke\/files\/2023\/03\/pexels-nubia-navarro-nubikini-386009-1024x683.jpg\" alt=\"\" class=\"wp-image-247 size-full\" srcset=\"https:\/\/wordpress.nibis.de\/gsglocke\/files\/2023\/03\/pexels-nubia-navarro-nubikini-386009-1024x683.jpg 1024w, https:\/\/wordpress.nibis.de\/gsglocke\/files\/2023\/03\/pexels-nubia-navarro-nubikini-386009-300x200.jpg 300w, https:\/\/wordpress.nibis.de\/gsglocke\/files\/2023\/03\/pexels-nubia-navarro-nubikini-386009-768x512.jpg 768w, https:\/\/wordpress.nibis.de\/gsglocke\/files\/2023\/03\/pexels-nubia-navarro-nubikini-386009-1536x1024.jpg 1536w, https:\/\/wordpress.nibis.de\/gsglocke\/files\/2023\/03\/pexels-nubia-navarro-nubikini-386009-2048x1365.jpg 2048w, https:\/\/wordpress.nibis.de\/gsglocke\/files\/2023\/03\/pexels-nubia-navarro-nubikini-386009-405x270.jpg 405w\" sizes=\"auto, (max-width: 1024px) 100vw, 1024px\" \/><\/figure><div class=\"wp-block-media-text__content\">\n<p class=\"has-text-align-left has-medium-font-size\"><span style=\"color:#00d084\" class=\"tadv-color\">Tsch\u00fc\u00df Glockenbergschule<\/span><\/p>\n<\/div><\/div>\n\n\n\n<p><\/p>\n\n\n\n<p>Das Ende der Grundschulzeit r\u00fcckt immer n\u00e4her. Mit dem \u00dcbergang in eine weiterf\u00fchrende Schule beginnt f\u00fcr die Sch\u00fclerinnen und Sch\u00fcler ein neuer Lebensabschnitt.<\/p>\n\n\n\n<p>Die Klassenlehrerinnen und Klassenlehrer bieten im Laufe des vierten Schuljahres zwei Termine f\u00fcr Beratungsgespr\u00e4che gemeinsam mit den Kindern an. Im ersten Gespr\u00e4ch geht es darum den Leistungsstand und kurzfristige Ziele f\u00fcr den Unterricht, das Arbeitsverhalten und das Sozialverhalten zu ermitteln. Im zweiten Gespr\u00e4ch geht es darum gemeinsam einen m\u00f6glichen Weg f\u00fcr die weitere Schullaufbahn zu entwerfen, W\u00fcnsche von Kindern, Eltern und Lehrerinnen und Lehrern zusammenzuf\u00fcgen. Nicht immer haben alle Beteiligten den gleichen Blick, haben aber in diesem Gespr\u00e4ch F\u00fcr und Wider im Sinne des Kindes abzuw\u00e4gen.&nbsp;<\/p>\n\n\n\n<p>Bei der Entscheidung f\u00fcr oder gegen eine weiterf\u00fchrende Schule sind nicht nur die Schulform, sondern auch das entsprechende Schulprofil, der Schulweg inkl. Anbindung der \u00f6ffentlichen Verkehrsmittel, die famili\u00e4re Situation und der Wunsch der Kinder zu ber\u00fccksichtigen.&nbsp;<\/p>\n\n\n\n<p>Die Informationsangebote der weiterf\u00fchrenden Schulen helfen, sich ein Bild \u00fcber Unterrichtsangebote und Profile der einzelnen Schulen zu verschaffen.<\/p>\n\n\n\n<p>Die Anmeldeinformationen der weiterf\u00fchrenden Schulen und alle wichtigen Termine f\u00fcr einen Tag der offenen T\u00fcr finden Sie auf den Internetseiten der Schulen.&nbsp;<\/p>\n\n\n\n<p>Einige Schulen bieten Schnuppertage an, um Unterrichtstage an der weiterf\u00fchrenden Schule zu erleben und Schwellen\u00e4ngste abzubauen.&nbsp;Jedes Kind kann an einer Schule schnuppern.<\/p>\n\n\n\n<p>Die einzelnen Mitgliedsgemeinden der Samtgemeinde Hollenstedt sind weiterf\u00fchrenden Schulen in unterschiedlichen Orten in der Umgebung zugeordnet.&nbsp;F\u00fcr Ausnahmeantr\u00e4ge wenden Sie sich bitte direkt an die weiterf\u00fchrenden Schulen.<\/p>\n\n\n\n<p>Klicken Sie gerne auf die Links, um sich zu informieren.<\/p>\n\n\n\n<p>In Hollenstedt finden Sie die Oberschule\u00a0<a rel=\"noreferrer noopener\" href=\"http:\/\/www.estetalschule.de\/wordpress\/\" target=\"_blank\">Estetalschule<\/a>. Informationen zur zuk\u00fcnftigen IGS Hollenstedt erhalten Sie aktuell beim Landkreis Harburg.<\/p>\n\n\n\n<p>Einige Orte der Samtgemeinde Hollenstedt geh\u00f6ren regul\u00e4r zum Einzugsgebiet der Schulen in Tostedt. Im dortigen Schulzentrum sind die Hauptschule&nbsp;<a href=\"https:\/\/www.hsto.de\/\" target=\"_blank\" rel=\"noreferrer noopener\">Schule am D\u00fcvelsh\u00f6pen<\/a>, die&nbsp;<a href=\"https:\/\/www.erich-kaestner-realschule.de\/\" target=\"_blank\" rel=\"noreferrer noopener\">Erich-K\u00e4stner-Realschule<\/a>&nbsp;und das&nbsp;<a href=\"https:\/\/www.gymnasiumtostedt.de\/\" target=\"_blank\" rel=\"noreferrer noopener\">Gymnasium Tostedt<\/a>&nbsp;angesiedelt.<\/p>\n\n\n\n<p>In Neu-Wulmstorf finden Sie das&nbsp;<a href=\"https:\/\/www.gym-nw.de\/\" target=\"_blank\" rel=\"noreferrer noopener\">Gymnasium Neu-Wulmstorf<\/a>&nbsp;und die&nbsp;<a href=\"https:\/\/www.oberschule-neu-wulmstorf.de\/\" target=\"_blank\" rel=\"noreferrer noopener\">Oberschule Neu-Wulmstorf<\/a>.<\/p>\n\n\n\n<p>In Buchholz finden Sie im Schulzentrum am Kattenberge ebenfalls ein vielf\u00e4ltiges Angebot, die&nbsp;<a href=\"https:\/\/www.rsamkattenberge.de\/\" target=\"_blank\" rel=\"noreferrer noopener\">Realschule am Kattenberge<\/a>, das&nbsp;<a href=\"https:\/\/www.gak-buchholz.de\/\" target=\"_blank\" rel=\"noreferrer noopener\">Gymnasium am Kattenberge<\/a>. Au\u00dferdem ist in Buchholz auch die&nbsp;<a href=\"https:\/\/igsbuchholz.com\/\" target=\"_blank\" rel=\"noreferrer noopener\">IGS Buchholz<\/a>&nbsp;von Hollenstedt aus erreichbar.&nbsp;<\/p>\n","protected":false},"excerpt":{"rendered":"<p>Tsch\u00fc\u00df Glockenbergschule Das Ende der Grundschulzeit r\u00fcckt immer n\u00e4her. Mit dem \u00dcbergang in eine weiterf\u00fchrende Schule beginnt f\u00fcr die Sch\u00fclerinnen und Sch\u00fcler ein neuer Lebensabschnitt. Die Klassenlehrerinnen und Klassenlehrer bieten im Laufe des vierten Schuljahres zwei Termine f\u00fcr Beratungsgespr\u00e4che gemeinsam mit den Kindern an. Im ersten Gespr\u00e4ch geht es darum den Leistungsstand und kurzfristige Ziele f\u00fcr den Unterricht, das Arbeitsverhalten und das Sozialverhalten zu ermitteln. Im zweiten Gespr\u00e4ch geht es darum gemeinsam einen m\u00f6glichen Weg f\u00fcr die weitere Schullaufbahn zu&#8230;<\/p>\n<p class=\"read-more\"><a class=\"btn btn-default\" href=\"https:\/\/wordpress.nibis.de\/gsglocke\/weiterfuehrende-schulen\/\">Weiterlesen<span class=\"screen-reader-text\"> Weiterlesen<\/span><\/a><\/p>\n","protected":false},"author":9194184,"featured_media":0,"parent":0,"menu_order":0,"comment_status":"closed","ping_status":"closed","template":"","meta":{"footnotes":""},"class_list":["post-246","page","type-page","status-publish","hentry"],"_links":{"self":[{"href":"https:\/\/wordpress.nibis.de\/gsglocke\/wp-json\/wp\/v2\/pages\/246","targetHints":{"allow":["GET"]}}],"collection":[{"href":"https:\/\/wordpress.nibis.de\/gsglocke\/wp-json\/wp\/v2\/pages"}],"about":[{"href":"https:\/\/wordpress.nibis.de\/gsglocke\/wp-json\/wp\/v2\/types\/page"}],"author":[{"embeddable":true,"href":"https:\/\/wordpress.nibis.de\/gsglocke\/wp-json\/wp\/v2\/users\/9194184"}],"replies":[{"embeddable":true,"href":"https:\/\/wordpress.nibis.de\/gsglocke\/wp-json\/wp\/v2\/comments?post=246"}],"version-history":[{"count":2,"href":"https:\/\/wordpress.nibis.de\/gsglocke\/wp-json\/wp\/v2\/pages\/246\/revisions"}],"predecessor-version":[{"id":264,"href":"https:\/\/wordpress.nibis.de\/gsglocke\/wp-json\/wp\/v2\/pages\/246\/revisions\/264"}],"wp:attachment":[{"href":"https:\/\/wordpress.nibis.de\/gsglocke\/wp-json\/wp\/v2\/media?parent=246"}],"curies":[{"name":"wp","href":"https:\/\/api.w.org\/{rel}","templated":true}]}}