{"id":84,"date":"2023-03-15T11:43:20","date_gmt":"2023-03-15T10:43:20","guid":{"rendered":"https:\/\/wordpress.nibis.de\/gsglocke\/?page_id=84"},"modified":"2023-03-22T12:05:29","modified_gmt":"2023-03-22T11:05:29","slug":"schulverein","status":"publish","type":"page","link":"https:\/\/wordpress.nibis.de\/gsglocke\/glockenberg-team\/schulverein\/","title":{"rendered":"Schulverein"},"content":{"rendered":"\n<div class=\"wp-block-media-text alignwide is-stacked-on-mobile is-style-tw-shadow\"><figure class=\"wp-block-media-text__media\"><img loading=\"lazy\" decoding=\"async\" width=\"1024\" height=\"683\" src=\"https:\/\/wordpress.nibis.de\/gsglocke\/files\/2023\/03\/pexels-fauxels-3184397-1024x683.jpg\" alt=\"\" class=\"wp-image-85 size-full\" srcset=\"https:\/\/wordpress.nibis.de\/gsglocke\/files\/2023\/03\/pexels-fauxels-3184397-1024x683.jpg 1024w, https:\/\/wordpress.nibis.de\/gsglocke\/files\/2023\/03\/pexels-fauxels-3184397-300x200.jpg 300w, https:\/\/wordpress.nibis.de\/gsglocke\/files\/2023\/03\/pexels-fauxels-3184397-768x512.jpg 768w, https:\/\/wordpress.nibis.de\/gsglocke\/files\/2023\/03\/pexels-fauxels-3184397-1536x1024.jpg 1536w, https:\/\/wordpress.nibis.de\/gsglocke\/files\/2023\/03\/pexels-fauxels-3184397-2048x1365.jpg 2048w, https:\/\/wordpress.nibis.de\/gsglocke\/files\/2023\/03\/pexels-fauxels-3184397-405x270.jpg 405w\" sizes=\"auto, (max-width: 1024px) 100vw, 1024px\" \/><\/figure><div class=\"wp-block-media-text__content\">\n<p class=\"has-luminous-vivid-orange-color has-text-color has-medium-font-size\">Der Schulverein<\/p>\n<\/div><\/div>\n\n\n\n<p><\/p>\n\n\n\n<p>Liebe Sch\u00fclerinnen, Sch\u00fcler, Eltern und alle Interessierte!<\/p>\n\n\n\n<p>Mit viel Elan wollen wir die erfolgreiche Arbeit des Schulvereins fortf\u00fchren und ausbauen. Ziel unseres Schulvereins ist es, all jenen, die an den Hollenstedter Schulen etwas bewegen m\u00f6chten, f\u00fcr ihr Engagement einen Rahmen zu bieten, ihnen T\u00fcren zu \u00f6ffnen und sie zu unterst\u00fctzen. Solltet Ihr Ideen und\/oder Anregungen haben, lasst es uns wissen! Eure Unterst\u00fctzung, Ideen, Anregungen, Lob und Kritik bei allen Projekten ist uns sehr willkommen! Wir freuen uns auf eine intensive Zusammenarbeit mit Sch\u00fclern, Eltern und LehrerInnen zum Wohle unserer Kinder.<\/p>\n\n\n\n<p>Wir bedanken uns f\u00fcr Eure bisherige vielf\u00e4ltige Unterst\u00fctzung in der Vergangenheit, ohne die viele unserer erfolgreich durchgef\u00fchrten Projekte undenkbar gewesen w\u00e4ren. F\u00fcr die Zukunft w\u00fcnschen wir uns m\u00f6glichst viele neue Mitglieder, damit weiterhin ehrgeizige Projekte finanziert und so unseren Kindern eine sch\u00f6ne Schulzeit bereitet werden kann. Geplant ist u.a. bereits die Neugestaltung des von beiden Schulen genutzten gro\u00dfen Schulhofes.<\/p>\n\n\n\n<p>Bei Fragen oder Anregungen zum Schulverein freuen wir uns darauf, bald von Ihnen zu h\u00f6ren!<\/p>\n\n\n\n<div class=\"wp-block-file\"><a id=\"wp-block-file--media-0a7dc90b-fb62-4a35-b2b3-5eb6ac9f8aa7\" href=\"https:\/\/wordpress.nibis.de\/gsglocke\/files\/2023\/03\/Beitrittserklarung_Schulverein-1.pdf\">Beitrittserklarung_Schulverein-1<\/a><a href=\"https:\/\/wordpress.nibis.de\/gsglocke\/files\/2023\/03\/Beitrittserklarung_Schulverein-1.pdf\" class=\"wp-block-file__button\" download aria-describedby=\"wp-block-file--media-0a7dc90b-fb62-4a35-b2b3-5eb6ac9f8aa7\">Herunterladen<\/a><\/div>\n\n\n\n<p>Herzlichst, der Vorstand<\/p>\n\n\n\n<p>Ihr k\u00f6nnt uns wie folgt erreichen:<br><br>Email:&nbsp;<a href=\"&#x6d;&#x61;&#x69;&#x6c;&#x74;&#111;&#58;&#83;&#99;hul&#x76;&#x65;&#x72;&#x65;&#x69;&#x6e;&#45;&#72;&#111;lle&#x6e;&#x73;&#x74;&#x65;&#x64;&#x74;&#64;&#104;&#111;&#116;mai&#x6c;&#x2e;&#x64;&#x65;\">Schulverein-Hollenstedt&#64;&#104;&#111;&#116;&#109;&#97;&#105;&#108;&#46;&#100;&#101;<\/a><\/p>\n\n\n\n<p>oder \u00fcber unsere&nbsp;<a href=\"http:\/\/www.schulverein-hollenstedt.de\/\" target=\"_blank\" rel=\"noreferrer noopener\">Homepage<\/a>!<\/p>\n","protected":false},"excerpt":{"rendered":"<p>Der Schulverein Liebe Sch\u00fclerinnen, Sch\u00fcler, Eltern und alle Interessierte! Mit viel Elan wollen wir die erfolgreiche Arbeit des Schulvereins fortf\u00fchren und ausbauen. Ziel unseres Schulvereins ist es, all jenen, die an den Hollenstedter Schulen etwas bewegen m\u00f6chten, f\u00fcr ihr Engagement einen Rahmen zu bieten, ihnen T\u00fcren zu \u00f6ffnen und sie zu unterst\u00fctzen. Solltet Ihr Ideen und\/oder Anregungen haben, lasst es uns wissen! Eure Unterst\u00fctzung, Ideen, Anregungen, Lob und Kritik bei allen Projekten ist uns sehr willkommen! Wir freuen uns auf&#8230;<\/p>\n<p class=\"read-more\"><a class=\"btn btn-default\" href=\"https:\/\/wordpress.nibis.de\/gsglocke\/glockenberg-team\/schulverein\/\">Weiterlesen<span class=\"screen-reader-text\"> Weiterlesen<\/span><\/a><\/p>\n","protected":false},"author":9194184,"featured_media":0,"parent":12,"menu_order":0,"comment_status":"closed","ping_status":"closed","template":"","meta":{"footnotes":""},"class_list":["post-84","page","type-page","status-publish","hentry"],"_links":{"self":[{"href":"https:\/\/wordpress.nibis.de\/gsglocke\/wp-json\/wp\/v2\/pages\/84","targetHints":{"allow":["GET"]}}],"collection":[{"href":"https:\/\/wordpress.nibis.de\/gsglocke\/wp-json\/wp\/v2\/pages"}],"about":[{"href":"https:\/\/wordpress.nibis.de\/gsglocke\/wp-json\/wp\/v2\/types\/page"}],"author":[{"embeddable":true,"href":"https:\/\/wordpress.nibis.de\/gsglocke\/wp-json\/wp\/v2\/users\/9194184"}],"replies":[{"embeddable":true,"href":"https:\/\/wordpress.nibis.de\/gsglocke\/wp-json\/wp\/v2\/comments?post=84"}],"version-history":[{"count":5,"href":"https:\/\/wordpress.nibis.de\/gsglocke\/wp-json\/wp\/v2\/pages\/84\/revisions"}],"predecessor-version":[{"id":228,"href":"https:\/\/wordpress.nibis.de\/gsglocke\/wp-json\/wp\/v2\/pages\/84\/revisions\/228"}],"up":[{"embeddable":true,"href":"https:\/\/wordpress.nibis.de\/gsglocke\/wp-json\/wp\/v2\/pages\/12"}],"wp:attachment":[{"href":"https:\/\/wordpress.nibis.de\/gsglocke\/wp-json\/wp\/v2\/media?parent=84"}],"curies":[{"name":"wp","href":"https:\/\/api.w.org\/{rel}","templated":true}]}}