{"id":332,"date":"2025-04-30T17:16:54","date_gmt":"2025-04-30T15:16:54","guid":{"rendered":"https:\/\/wordpress.nibis.de\/gsgm\/?page_id=332"},"modified":"2025-07-27T17:23:56","modified_gmt":"2025-07-27T15:23:56","slug":"buecherei","status":"publish","type":"page","link":"https:\/\/wordpress.nibis.de\/gsgm\/buecherei\/","title":{"rendered":"B\u00fccherei"},"content":{"rendered":"\n<p>Wir haben eine gem\u00fctliche Schulb\u00fccherei, die derzeit immer <strong>montags<\/strong> und <strong>freitags<\/strong> w\u00e4hrend der <strong>1. gro\u00dfen Pause<\/strong> (9:35 Uhr &#8211; 10:00 Uhr) f\u00fcr alle Schulkinder ge\u00f6ffnet ist. <br>Die B\u00fccherei verf\u00fcgt \u00fcber ein vielf\u00e4ltiges Angebot f\u00fcr jedes Lesealter. <br>Die Kinder k\u00f6nnen sich dort ein Buch f\u00fcr zu Hause zum Lesen ausleihen. Manche Kinder nutzen die Pausenzeit in der B\u00fccherei aber auch gern, um sich B\u00fccher anzuschauen oder nur ein wenig darin zu schm\u00f6kern. <br>Um Ihren Kindern weiterhin eine gro\u00dfe Auswahl an B\u00fcchern anbieten zu k\u00f6nnen, sind wir darauf angewiesen, dass Sie uns besch\u00e4digte oder nicht mehr auffindbare B\u00fccher ersetzen. <br><br>Die Buchausleihe wird im Moment durch zwei engagierte Eltern betreut, die den Kindern beim Ausleihen behilflich sind und bei der Auswahl von B\u00fcchern beraten. <br>Wenn Sie Lust haben, das <strong>B\u00fccherei-Team<\/strong> zu <strong>verst\u00e4rken<\/strong>, melden Sie sich gern telefonisch im <strong>Sekretariat<\/strong>. <br>\u00dcber <strong>Spenden<\/strong> gut erhaltener und aktueller B\u00fccher <strong>freuen wir uns<\/strong> immer sehr! <br><\/p>\n\n\n\n<figure class=\"wp-block-gallery has-nested-images columns-default is-cropped is-style-tw-img-rounded wp-block-gallery-1 is-layout-flex wp-block-gallery-is-layout-flex\">\n<figure class=\"wp-block-image size-full is-style-tw-shadow\"><img loading=\"lazy\" decoding=\"async\" width=\"2560\" height=\"1152\" data-id=\"452\" src=\"https:\/\/wordpress.nibis.de\/gsgm\/files\/2025\/06\/20250514_133611-scaled.jpg\" alt=\"\" class=\"wp-image-452\" srcset=\"https:\/\/wordpress.nibis.de\/gsgm\/files\/2025\/06\/20250514_133611-scaled.jpg 2560w, https:\/\/wordpress.nibis.de\/gsgm\/files\/2025\/06\/20250514_133611-300x135.jpg 300w, https:\/\/wordpress.nibis.de\/gsgm\/files\/2025\/06\/20250514_133611-1024x461.jpg 1024w, https:\/\/wordpress.nibis.de\/gsgm\/files\/2025\/06\/20250514_133611-768x346.jpg 768w, https:\/\/wordpress.nibis.de\/gsgm\/files\/2025\/06\/20250514_133611-1536x691.jpg 1536w, https:\/\/wordpress.nibis.de\/gsgm\/files\/2025\/06\/20250514_133611-2048x922.jpg 2048w\" sizes=\"auto, (max-width: 2560px) 100vw, 2560px\" \/><\/figure>\n\n\n\n<figure class=\"wp-block-image size-full is-style-tw-shadow\"><img loading=\"lazy\" decoding=\"async\" width=\"2560\" height=\"1152\" data-id=\"453\" src=\"https:\/\/wordpress.nibis.de\/gsgm\/files\/2025\/06\/20250514_133649-scaled.jpg\" alt=\"\" class=\"wp-image-453\" srcset=\"https:\/\/wordpress.nibis.de\/gsgm\/files\/2025\/06\/20250514_133649-scaled.jpg 2560w, https:\/\/wordpress.nibis.de\/gsgm\/files\/2025\/06\/20250514_133649-300x135.jpg 300w, https:\/\/wordpress.nibis.de\/gsgm\/files\/2025\/06\/20250514_133649-1024x461.jpg 1024w, https:\/\/wordpress.nibis.de\/gsgm\/files\/2025\/06\/20250514_133649-768x346.jpg 768w, https:\/\/wordpress.nibis.de\/gsgm\/files\/2025\/06\/20250514_133649-1536x691.jpg 1536w, https:\/\/wordpress.nibis.de\/gsgm\/files\/2025\/06\/20250514_133649-2048x922.jpg 2048w\" sizes=\"auto, (max-width: 2560px) 100vw, 2560px\" \/><\/figure>\n<\/figure>\n\n\n\n<p class=\"has-small-font-size\"><\/p>\n","protected":false},"excerpt":{"rendered":"<p>Wir haben eine gem\u00fctliche Schulb\u00fccherei, die derzeit immer montags und freitags w\u00e4hrend der 1. gro\u00dfen Pause (9:35 Uhr &#8211; 10:00 Uhr) f\u00fcr alle Schulkinder ge\u00f6ffnet ist. Die B\u00fccherei verf\u00fcgt \u00fcber ein vielf\u00e4ltiges Angebot f\u00fcr jedes Lesealter. Die Kinder k\u00f6nnen sich &hellip; <a href=\"https:\/\/wordpress.nibis.de\/gsgm\/buecherei\/\">Weiterlesen <span class=\"meta-nav\">&rarr;<\/span><\/a><\/p>\n","protected":false},"author":9194418,"featured_media":0,"parent":0,"menu_order":0,"comment_status":"closed","ping_status":"closed","template":"onecolumn-page.php","meta":{"footnotes":""},"class_list":["post-332","page","type-page","status-publish","hentry"],"_links":{"self":[{"href":"https:\/\/wordpress.nibis.de\/gsgm\/wp-json\/wp\/v2\/pages\/332","targetHints":{"allow":["GET"]}}],"collection":[{"href":"https:\/\/wordpress.nibis.de\/gsgm\/wp-json\/wp\/v2\/pages"}],"about":[{"href":"https:\/\/wordpress.nibis.de\/gsgm\/wp-json\/wp\/v2\/types\/page"}],"author":[{"embeddable":true,"href":"https:\/\/wordpress.nibis.de\/gsgm\/wp-json\/wp\/v2\/users\/9194418"}],"replies":[{"embeddable":true,"href":"https:\/\/wordpress.nibis.de\/gsgm\/wp-json\/wp\/v2\/comments?post=332"}],"version-history":[{"count":15,"href":"https:\/\/wordpress.nibis.de\/gsgm\/wp-json\/wp\/v2\/pages\/332\/revisions"}],"predecessor-version":[{"id":557,"href":"https:\/\/wordpress.nibis.de\/gsgm\/wp-json\/wp\/v2\/pages\/332\/revisions\/557"}],"wp:attachment":[{"href":"https:\/\/wordpress.nibis.de\/gsgm\/wp-json\/wp\/v2\/media?parent=332"}],"curies":[{"name":"wp","href":"https:\/\/api.w.org\/{rel}","templated":true}]}}