{"id":346,"date":"2025-05-02T13:45:19","date_gmt":"2025-05-02T11:45:19","guid":{"rendered":"https:\/\/wordpress.nibis.de\/gsgm\/?page_id=346"},"modified":"2025-06-05T20:20:26","modified_gmt":"2025-06-05T18:20:26","slug":"schulelternrat","status":"publish","type":"page","link":"https:\/\/wordpress.nibis.de\/gsgm\/schulelternrat\/","title":{"rendered":"Schulelternrat"},"content":{"rendered":"\n<p>Alle gew\u00e4hlten Elternvertretungen aus den verschiedenen Klassen bilden den Schulelternrat. Hier werden Anliegen besprochen, die die ganze Schule betreffen. Auf Wunsch berichtet hier die Schulleitung regelm\u00e4\u00dfig \u00fcber aktuelle Ma\u00dfnahmen im Schulalltag, wie z.B. Personalver\u00e4nderungen, Projekte, Bauvorhaben uvm. Im Schulelternrat werden auch die VertreterInnen f\u00fcr die folgenden Gremien gew\u00e4hlt. Eine Ausnahme bilden die Fachkonferenzen, hier k\u00f6nnen auch Eltern aktiv werden, die keine gew\u00e4hlten ElternvertreterInnen sind. Mit einem formlosen Schreiben an die ElternvertreterInnen der Klassen k\u00f6nnen Sie mitteilen, f\u00fcr welches Schulfach Sie sich einbringen m\u00f6chten. Die Abstimmung dar\u00fcber kann auch in Abwesenheit im Elternrat erfolgen. <br>Wir freuen uns \u00fcber alle Eltern, die sich bei uns engagieren.<br><br><\/p>\n","protected":false},"excerpt":{"rendered":"<p>Alle gew\u00e4hlten Elternvertretungen aus den verschiedenen Klassen bilden den Schulelternrat. Hier werden Anliegen besprochen, die die ganze Schule betreffen. Auf Wunsch berichtet hier die Schulleitung regelm\u00e4\u00dfig \u00fcber aktuelle Ma\u00dfnahmen im Schulalltag, wie z.B. Personalver\u00e4nderungen, Projekte, Bauvorhaben uvm. Im Schulelternrat werden &hellip; <a href=\"https:\/\/wordpress.nibis.de\/gsgm\/schulelternrat\/\">Weiterlesen <span class=\"meta-nav\">&rarr;<\/span><\/a><\/p>\n","protected":false},"author":9194418,"featured_media":0,"parent":0,"menu_order":0,"comment_status":"closed","ping_status":"closed","template":"onecolumn-page.php","meta":{"footnotes":""},"class_list":["post-346","page","type-page","status-publish","hentry"],"_links":{"self":[{"href":"https:\/\/wordpress.nibis.de\/gsgm\/wp-json\/wp\/v2\/pages\/346","targetHints":{"allow":["GET"]}}],"collection":[{"href":"https:\/\/wordpress.nibis.de\/gsgm\/wp-json\/wp\/v2\/pages"}],"about":[{"href":"https:\/\/wordpress.nibis.de\/gsgm\/wp-json\/wp\/v2\/types\/page"}],"author":[{"embeddable":true,"href":"https:\/\/wordpress.nibis.de\/gsgm\/wp-json\/wp\/v2\/users\/9194418"}],"replies":[{"embeddable":true,"href":"https:\/\/wordpress.nibis.de\/gsgm\/wp-json\/wp\/v2\/comments?post=346"}],"version-history":[{"count":3,"href":"https:\/\/wordpress.nibis.de\/gsgm\/wp-json\/wp\/v2\/pages\/346\/revisions"}],"predecessor-version":[{"id":402,"href":"https:\/\/wordpress.nibis.de\/gsgm\/wp-json\/wp\/v2\/pages\/346\/revisions\/402"}],"wp:attachment":[{"href":"https:\/\/wordpress.nibis.de\/gsgm\/wp-json\/wp\/v2\/media?parent=346"}],"curies":[{"name":"wp","href":"https:\/\/api.w.org\/{rel}","templated":true}]}}