{"id":348,"date":"2025-05-02T13:45:40","date_gmt":"2025-05-02T11:45:40","guid":{"rendered":"https:\/\/wordpress.nibis.de\/gsgm\/?page_id=348"},"modified":"2025-06-05T20:20:46","modified_gmt":"2025-06-05T18:20:46","slug":"stadtelternrat","status":"publish","type":"page","link":"https:\/\/wordpress.nibis.de\/gsgm\/stadtelternrat\/","title":{"rendered":"Stadtelternrat"},"content":{"rendered":"\n<p>Eine Vertretung aus dem Schulelternrat wird auch f\u00fcr den Stadtelternrat bestimmt. Das ist ein Blick \u00fcber den Tellerrand. Man erf\u00e4hrt viel \u00fcber die Arbeit an allen Schulen in Barsinghausen und kann auch bei der Gestaltung einer gemeinsamen Schullandschaft mitwirken.<\/p>\n","protected":false},"excerpt":{"rendered":"<p>Eine Vertretung aus dem Schulelternrat wird auch f\u00fcr den Stadtelternrat bestimmt. Das ist ein Blick \u00fcber den Tellerrand. Man erf\u00e4hrt viel \u00fcber die Arbeit an allen Schulen in Barsinghausen und kann auch bei der Gestaltung einer gemeinsamen Schullandschaft mitwirken.<\/p>\n","protected":false},"author":9194418,"featured_media":0,"parent":0,"menu_order":0,"comment_status":"closed","ping_status":"closed","template":"onecolumn-page.php","meta":{"footnotes":""},"class_list":["post-348","page","type-page","status-publish","hentry"],"_links":{"self":[{"href":"https:\/\/wordpress.nibis.de\/gsgm\/wp-json\/wp\/v2\/pages\/348","targetHints":{"allow":["GET"]}}],"collection":[{"href":"https:\/\/wordpress.nibis.de\/gsgm\/wp-json\/wp\/v2\/pages"}],"about":[{"href":"https:\/\/wordpress.nibis.de\/gsgm\/wp-json\/wp\/v2\/types\/page"}],"author":[{"embeddable":true,"href":"https:\/\/wordpress.nibis.de\/gsgm\/wp-json\/wp\/v2\/users\/9194418"}],"replies":[{"embeddable":true,"href":"https:\/\/wordpress.nibis.de\/gsgm\/wp-json\/wp\/v2\/comments?post=348"}],"version-history":[{"count":2,"href":"https:\/\/wordpress.nibis.de\/gsgm\/wp-json\/wp\/v2\/pages\/348\/revisions"}],"predecessor-version":[{"id":371,"href":"https:\/\/wordpress.nibis.de\/gsgm\/wp-json\/wp\/v2\/pages\/348\/revisions\/371"}],"wp:attachment":[{"href":"https:\/\/wordpress.nibis.de\/gsgm\/wp-json\/wp\/v2\/media?parent=348"}],"curies":[{"name":"wp","href":"https:\/\/api.w.org\/{rel}","templated":true}]}}