{"id":352,"date":"2025-05-02T13:46:37","date_gmt":"2025-05-02T11:46:37","guid":{"rendered":"https:\/\/wordpress.nibis.de\/gsgm\/?page_id=352"},"modified":"2025-06-05T20:21:36","modified_gmt":"2025-06-05T18:21:36","slug":"fachkonferenzen","status":"publish","type":"page","link":"https:\/\/wordpress.nibis.de\/gsgm\/fachkonferenzen\/","title":{"rendered":"Fachkonferenzen"},"content":{"rendered":"\n<p>In allen Schulf\u00e4chern gibt es einmal im Jahr eine Fachkonferenz (bei Bedarf auch zweimal). Hier wird \u00fcber die Anschaffung von Materialien beraten, die Leistungskriterien abgestimmt und auch Methoden k\u00f6nnen hier beschlossen werden. Die Fachkonferenzen setzen die curricularen Vorgaben, in Verbindung mit den Besonderheiten an der Schule\/dem schuleigenen Lehrplan, um. Auch fach\u00fcbergreifende Unterrichtsprojekte k\u00f6nnen hier besprochen werden. Eltern sind beratend t\u00e4tig.<br>Auch nicht-gew\u00e4hlte ElternvertreterInnen k\u00f6nnen sich schriftlich f\u00fcr ein solches Amt bewerben. Bei mehreren Bewerbungen entscheidet der Schulelternrat \u00fcber die Besetzung. Die Teilnahme an Fachkonferenzen bezieht sich in der Regel auf einen Zeitraum von zwei Jahren.<\/p>\n","protected":false},"excerpt":{"rendered":"<p>In allen Schulf\u00e4chern gibt es einmal im Jahr eine Fachkonferenz (bei Bedarf auch zweimal). Hier wird \u00fcber die Anschaffung von Materialien beraten, die Leistungskriterien abgestimmt und auch Methoden k\u00f6nnen hier beschlossen werden. Die Fachkonferenzen setzen die curricularen Vorgaben, in Verbindung &hellip; <a href=\"https:\/\/wordpress.nibis.de\/gsgm\/fachkonferenzen\/\">Weiterlesen <span class=\"meta-nav\">&rarr;<\/span><\/a><\/p>\n","protected":false},"author":9194418,"featured_media":0,"parent":0,"menu_order":0,"comment_status":"closed","ping_status":"closed","template":"onecolumn-page.php","meta":{"footnotes":""},"class_list":["post-352","page","type-page","status-publish","hentry"],"_links":{"self":[{"href":"https:\/\/wordpress.nibis.de\/gsgm\/wp-json\/wp\/v2\/pages\/352","targetHints":{"allow":["GET"]}}],"collection":[{"href":"https:\/\/wordpress.nibis.de\/gsgm\/wp-json\/wp\/v2\/pages"}],"about":[{"href":"https:\/\/wordpress.nibis.de\/gsgm\/wp-json\/wp\/v2\/types\/page"}],"author":[{"embeddable":true,"href":"https:\/\/wordpress.nibis.de\/gsgm\/wp-json\/wp\/v2\/users\/9194418"}],"replies":[{"embeddable":true,"href":"https:\/\/wordpress.nibis.de\/gsgm\/wp-json\/wp\/v2\/comments?post=352"}],"version-history":[{"count":2,"href":"https:\/\/wordpress.nibis.de\/gsgm\/wp-json\/wp\/v2\/pages\/352\/revisions"}],"predecessor-version":[{"id":374,"href":"https:\/\/wordpress.nibis.de\/gsgm\/wp-json\/wp\/v2\/pages\/352\/revisions\/374"}],"wp:attachment":[{"href":"https:\/\/wordpress.nibis.de\/gsgm\/wp-json\/wp\/v2\/media?parent=352"}],"curies":[{"name":"wp","href":"https:\/\/api.w.org\/{rel}","templated":true}]}}