{"id":52,"date":"2024-10-08T17:27:48","date_gmt":"2024-10-08T15:27:48","guid":{"rendered":"https:\/\/wordpress.nibis.de\/gsgm\/?page_id=52"},"modified":"2025-06-03T08:55:05","modified_gmt":"2025-06-03T06:55:05","slug":"unterrichts-und-betreuungszeiten","status":"publish","type":"page","link":"https:\/\/wordpress.nibis.de\/gsgm\/unterrichts-und-betreuungszeiten\/","title":{"rendered":"Unterrichts-\/Betreuungszeiten"},"content":{"rendered":"\n<div class=\"wp-block-columns is-layout-flex wp-container-core-columns-is-layout-abceabcf wp-block-columns-is-layout-flex\">\n<div class=\"wp-block-column is-layout-flow wp-block-column-is-layout-flow\" style=\"--col-width:100%;flex-basis:100%\">\n<figure class=\"wp-block-image size-full\"><img loading=\"lazy\" decoding=\"async\" width=\"634\" height=\"548\" src=\"https:\/\/wordpress.nibis.de\/gsgm\/files\/2024\/12\/Screenshot-Unterrichts-und-Betreuungszeiten.jpg\" alt=\"\" class=\"wp-image-237\" srcset=\"https:\/\/wordpress.nibis.de\/gsgm\/files\/2024\/12\/Screenshot-Unterrichts-und-Betreuungszeiten.jpg 634w, https:\/\/wordpress.nibis.de\/gsgm\/files\/2024\/12\/Screenshot-Unterrichts-und-Betreuungszeiten-300x259.jpg 300w\" sizes=\"auto, (max-width: 634px) 100vw, 634px\" \/><\/figure>\n<\/div>\n<\/div>\n\n\n\n<p>Der <strong>Stundenplan<\/strong> ist so konzipiert, dass <strong>m\u00f6glichst viele Doppelstunden<\/strong> (zwei aufeinanderfolgende Stunden, die von derselben Lehrkraft unterrichtet werden) stattfinden k\u00f6nnen. Aus diesem Grund <strong>verzichten<\/strong> wir <strong>w\u00e4hrend der kurzen 5-Minuten-Pausen<\/strong> (zwischen der 1.\/2. Stunde und der 3.\/4. Stunde) auf ein<strong> Klingelzeichen<\/strong>, um die Arbeitszeit m\u00f6glichst effektiv nutzen und Unterrichtst\u00f6rungen vermeiden zu k\u00f6nnen. <\/p>\n","protected":false},"excerpt":{"rendered":"<p>Der Stundenplan ist so konzipiert, dass m\u00f6glichst viele Doppelstunden (zwei aufeinanderfolgende Stunden, die von derselben Lehrkraft unterrichtet werden) stattfinden k\u00f6nnen. Aus diesem Grund verzichten wir w\u00e4hrend der kurzen 5-Minuten-Pausen (zwischen der 1.\/2. Stunde und der 3.\/4. Stunde) auf ein Klingelzeichen, &hellip; <a href=\"https:\/\/wordpress.nibis.de\/gsgm\/unterrichts-und-betreuungszeiten\/\">Weiterlesen <span class=\"meta-nav\">&rarr;<\/span><\/a><\/p>\n","protected":false},"author":9194418,"featured_media":0,"parent":0,"menu_order":0,"comment_status":"closed","ping_status":"closed","template":"onecolumn-page.php","meta":{"footnotes":""},"class_list":["post-52","page","type-page","status-publish","hentry"],"_links":{"self":[{"href":"https:\/\/wordpress.nibis.de\/gsgm\/wp-json\/wp\/v2\/pages\/52","targetHints":{"allow":["GET"]}}],"collection":[{"href":"https:\/\/wordpress.nibis.de\/gsgm\/wp-json\/wp\/v2\/pages"}],"about":[{"href":"https:\/\/wordpress.nibis.de\/gsgm\/wp-json\/wp\/v2\/types\/page"}],"author":[{"embeddable":true,"href":"https:\/\/wordpress.nibis.de\/gsgm\/wp-json\/wp\/v2\/users\/9194418"}],"replies":[{"embeddable":true,"href":"https:\/\/wordpress.nibis.de\/gsgm\/wp-json\/wp\/v2\/comments?post=52"}],"version-history":[{"count":7,"href":"https:\/\/wordpress.nibis.de\/gsgm\/wp-json\/wp\/v2\/pages\/52\/revisions"}],"predecessor-version":[{"id":274,"href":"https:\/\/wordpress.nibis.de\/gsgm\/wp-json\/wp\/v2\/pages\/52\/revisions\/274"}],"wp:attachment":[{"href":"https:\/\/wordpress.nibis.de\/gsgm\/wp-json\/wp\/v2\/media?parent=52"}],"curies":[{"name":"wp","href":"https:\/\/api.w.org\/{rel}","templated":true}]}}