{"id":54,"date":"2024-10-08T17:28:01","date_gmt":"2024-10-08T15:28:01","guid":{"rendered":"https:\/\/wordpress.nibis.de\/gsgm\/?page_id=54"},"modified":"2025-08-01T08:12:05","modified_gmt":"2025-08-01T06:12:05","slug":"das-team","status":"publish","type":"page","link":"https:\/\/wordpress.nibis.de\/gsgm\/das-team\/","title":{"rendered":"Das Team"},"content":{"rendered":"\n<p><strong>Schulleitung:<\/strong><br>Sonja Ziegler<br><br><strong>Sekretariat:<\/strong><br>Simone Haller<br><br><strong>Hausmeister:<\/strong><br>Christian Scholz<br><br><strong>Lehrkr\u00e4fte: <\/strong><br>Derzeit sind an unserer Schule <strong>11 Lehrerinnen<\/strong> sowie <strong>eine F\u00f6rderschullehrerin<\/strong> t\u00e4tig. <br>Zwei Kolleginnen (Klassenleitung + Fachlehrkraft) bilden jeweils ein <strong>Tandem<\/strong>, um sich gemeinsam um die Belange einer Klasse k\u00fcmmern zu k\u00f6nnen. <br><br><strong>Klassen<\/strong>:<br><strong>1a:<\/strong> Miriam Horndasch &amp; Sonja Ziegler<br><strong>1b:<\/strong> Julia Gantzke &amp; Friederike Wildhage<br><strong>2a:<\/strong> Daniela Wenger &amp; Anke Lahmsen<br><strong>2b:<\/strong> Nina Brinkmann &amp; Saskia Quinkenstein<br><strong>3a:<\/strong> Judith Hohenstein &amp; Anke Lahmsen<br><strong>3b:<\/strong> Rattikan Schr\u00f6der &amp; Henrika D\u00f6rrie<br><strong>4a:<\/strong> Friederike Wildhage &amp; Bettina Bendig<br><br><strong>F\u00f6rderschullehrerin:<\/strong> Britta Schmidt<br><strong>Lehrerin im Vorbereitungsdienst:<\/strong> Henrika D\u00f6rrie<\/p>\n\n\n\n<hr class=\"wp-block-separator has-text-color has-background has-black-background-color has-black-color is-style-wide\" \/>\n\n\n\n<p>Alle Lehrkr\u00e4fte sind f\u00fcr Sie <strong>per E-Mail<\/strong> nach folgendem Muster \u00fcber <strong>IServ <\/strong>erreichbar:<br><br><strong>&#118;&#x6f;r&#x6e;&#x61;&#109;&#x65;&#46;&#110;&#x61;&#99;&#x68;n&#97;&#x6d;e&#x40;g&#115;&#x2d;g&#x6d;&#x2e;&#100;&#x65;<\/strong><br><\/p>\n\n\n\n<hr class=\"wp-block-separator has-text-color has-background has-black-background-color has-black-color is-style-wide\" \/>\n\n\n\n<p><br><strong>P\u00e4dagogische Mitarbeiterinnen und Mitarbeiter: <\/strong><br>Das Team wird durch unsere <strong>P\u00e4dagogischen MitarbeiterInnen<\/strong> komplettiert, die in der <strong>Unterrichtsvertretung am Schulvormittag<\/strong> und\/oder im <strong>Ganztag<\/strong> t\u00e4tig sind: <br><br>Kaja Behrens<br>Ana Delegido<br>Sarah D\u00f6hl<br>Kasia unten Schrievers<br>Luka Serbin<br>Emilia Weber<br><br><br>F\u00fcr eine <strong>Kontaktaufnahme<\/strong> mit dem <strong>p\u00e4dagogischen Personal<\/strong> wenden Sie sich bitte an das <strong>Sekretariat<\/strong>. <\/p>\n\n\n\n<hr class=\"wp-block-separator is-style-wide\" \/>\n\n\n\n<p><\/p>\n","protected":false},"excerpt":{"rendered":"<p>Schulleitung:Sonja Ziegler Sekretariat:Simone Haller Hausmeister:Christian Scholz Lehrkr\u00e4fte: Derzeit sind an unserer Schule 11 Lehrerinnen sowie eine F\u00f6rderschullehrerin t\u00e4tig. Zwei Kolleginnen (Klassenleitung + Fachlehrkraft) bilden jeweils ein Tandem, um sich gemeinsam um die Belange einer Klasse k\u00fcmmern zu k\u00f6nnen. Klassen:1a: Miriam &hellip; <a href=\"https:\/\/wordpress.nibis.de\/gsgm\/das-team\/\">Weiterlesen <span class=\"meta-nav\">&rarr;<\/span><\/a><\/p>\n","protected":false},"author":9194418,"featured_media":0,"parent":0,"menu_order":0,"comment_status":"closed","ping_status":"closed","template":"onecolumn-page.php","meta":{"footnotes":""},"class_list":["post-54","page","type-page","status-publish","hentry"],"_links":{"self":[{"href":"https:\/\/wordpress.nibis.de\/gsgm\/wp-json\/wp\/v2\/pages\/54","targetHints":{"allow":["GET"]}}],"collection":[{"href":"https:\/\/wordpress.nibis.de\/gsgm\/wp-json\/wp\/v2\/pages"}],"about":[{"href":"https:\/\/wordpress.nibis.de\/gsgm\/wp-json\/wp\/v2\/types\/page"}],"author":[{"embeddable":true,"href":"https:\/\/wordpress.nibis.de\/gsgm\/wp-json\/wp\/v2\/users\/9194418"}],"replies":[{"embeddable":true,"href":"https:\/\/wordpress.nibis.de\/gsgm\/wp-json\/wp\/v2\/comments?post=54"}],"version-history":[{"count":15,"href":"https:\/\/wordpress.nibis.de\/gsgm\/wp-json\/wp\/v2\/pages\/54\/revisions"}],"predecessor-version":[{"id":577,"href":"https:\/\/wordpress.nibis.de\/gsgm\/wp-json\/wp\/v2\/pages\/54\/revisions\/577"}],"wp:attachment":[{"href":"https:\/\/wordpress.nibis.de\/gsgm\/wp-json\/wp\/v2\/media?parent=54"}],"curies":[{"name":"wp","href":"https:\/\/api.w.org\/{rel}","templated":true}]}}