{"id":2,"date":"2024-07-16T12:36:48","date_gmt":"2024-07-16T10:36:48","guid":{"rendered":"https:\/\/wordpress.nibis.de\/gsgrafeld\/?page_id=2"},"modified":"2024-08-05T12:22:51","modified_gmt":"2024-08-05T10:22:51","slug":"impressum","status":"publish","type":"page","link":"https:\/\/wordpress.nibis.de\/gsgrafeld\/impressum\/","title":{"rendered":"Impressum"},"content":{"rendered":"\n<p id=\"block-0c5e44c7-8fa8-4be2-b633-db9005ba6c22\"><br>Land Niedersachsen<\/p>\n\n\n\n<p id=\"block-e9fefa0b-c697-464f-ae99-1df359eefd68\">Das Land Niedersachsen ist eine juristische Person des \u00f6ffentlichen Rechts vertreten durch<\/p>\n\n\n\n<p id=\"block-971e8347-9b04-450e-bdd8-8bd23347e3cf\">Schulleitung:<br>Karin Unger-Poprawa<\/p>\n\n\n\n<p id=\"block-8e480d8b-426e-454c-84f9-6da4ec251482\">Grundschule Grafeld<br>Schulweg 7<br>49626 Berge-Grafeld<br>Tel.: 05435 624<br>E-Mail: g&#115;&#46;&#x67;&#x72;af&#101;&#108;&#x64;&#x40;t-&#111;&#110;&#x6c;&#x69;ne&#46;&#x64;&#x65;<\/p>\n\n\n\n<p id=\"block-c6c0a429-1b23-4ed2-ae9f-7eea7a570a8b\">Verantwortlich f\u00fcr redaktionell-journalistische Angebote i.S.d. \u00a7 55 Abs. 2 Rundfunkstaatsvertrag:<\/p>\n\n\n\n<p id=\"block-84fb0a2a-3bc0-4025-863c-626ebecf266e\">Nadine Kuschel, Christin Placke<br>Grundschule Grafeld<br>Schulweg 7<br>49626 Berge-Grafeld<br>Tel.: 05435 624<\/p>\n\n\n\n<p id=\"block-24ac181e-4e98-4a12-872f-0de3db90387f\">Disclaimer<\/p>\n\n\n\n<p id=\"block-00ae9ffa-52bd-4c51-bc1b-42828f5920d2\">Diese Website beinhaltet externe Links. Deren Inhalte entziehen sich unserer Einflussnahme, sodass eine Gew\u00e4hr f\u00fcr solche Inhalte von uns nicht \u00fcbernommen werden kann.<\/p>\n\n\n\n<p id=\"block-e30aa0c4-204f-4c50-a812-e5c653850c38\">Die Verantwortung liegt stets beim jeweiligen Betreiber der externen Seiten. Zum Zeitpunkt der Verkn\u00fcpfung der externen Links waren keine Rechtsverst\u00f6\u00dfe ersichtlich. Die permanente \u00dcberwachung fremder Inhalte auf Rechtsverst\u00f6\u00dfe ohne konkrete Hinweise ist uns nicht zumutbar.<\/p>\n\n\n\n<p id=\"block-0a10d8f0-b3ed-4755-8eab-4c71de417218\">Sollten wir Kenntnis von Rechtsverletzungen erhalten, werden wir die entsprechenden externen Links unverz\u00fcglich entfernen.<\/p>\n","protected":false},"excerpt":{"rendered":"<p>Land Niedersachsen Das Land Niedersachsen ist eine juristische Person des \u00f6ffentlichen Rechts vertreten durch Schulleitung:Karin Unger-Poprawa Grundschule GrafeldSchulweg 749626 Berge-GrafeldTel.: 05435 624E-Mail: &#103;&#x73;&#x2e;g&#114;&#x61;f&#101;&#x6c;&#x64;&#64;&#116;&#x2d;o&#110;&#x6c;&#x69;n&#101;&#x2e;d&#101; Verantwortlich f\u00fcr redaktionell-journalistische Angebote i.S.d. \u00a7 55 Abs. 2 Rundfunkstaatsvertrag: Nadine Kuschel, Christin PlackeGrundschule GrafeldSchulweg 749626 Berge-GrafeldTel.: 05435 624 Disclaimer Diese Website beinhaltet externe Links. Deren Inhalte entziehen sich unserer Einflussnahme, sodass eine Gew\u00e4hr f\u00fcr solche Inhalte von uns nicht \u00fcbernommen werden kann. Die Verantwortung liegt stets beim jeweiligen Betreiber der externen Seiten. Zum Zeitpunkt der Verkn\u00fcpfung&#8230;<\/p>\n<p class=\"read-more\"><a class=\"btn btn-default\" href=\"https:\/\/wordpress.nibis.de\/gsgrafeld\/impressum\/\">Weiterlesen<span class=\"screen-reader-text\"> Weiterlesen<\/span><\/a><\/p>\n","protected":false},"author":9194404,"featured_media":0,"parent":0,"menu_order":0,"comment_status":"closed","ping_status":"open","template":"","meta":{"footnotes":""},"class_list":["post-2","page","type-page","status-publish","hentry"],"_links":{"self":[{"href":"https:\/\/wordpress.nibis.de\/gsgrafeld\/wp-json\/wp\/v2\/pages\/2","targetHints":{"allow":["GET"]}}],"collection":[{"href":"https:\/\/wordpress.nibis.de\/gsgrafeld\/wp-json\/wp\/v2\/pages"}],"about":[{"href":"https:\/\/wordpress.nibis.de\/gsgrafeld\/wp-json\/wp\/v2\/types\/page"}],"author":[{"embeddable":true,"href":"https:\/\/wordpress.nibis.de\/gsgrafeld\/wp-json\/wp\/v2\/users\/9194404"}],"replies":[{"embeddable":true,"href":"https:\/\/wordpress.nibis.de\/gsgrafeld\/wp-json\/wp\/v2\/comments?post=2"}],"version-history":[{"count":3,"href":"https:\/\/wordpress.nibis.de\/gsgrafeld\/wp-json\/wp\/v2\/pages\/2\/revisions"}],"predecessor-version":[{"id":68,"href":"https:\/\/wordpress.nibis.de\/gsgrafeld\/wp-json\/wp\/v2\/pages\/2\/revisions\/68"}],"wp:attachment":[{"href":"https:\/\/wordpress.nibis.de\/gsgrafeld\/wp-json\/wp\/v2\/media?parent=2"}],"curies":[{"name":"wp","href":"https:\/\/api.w.org\/{rel}","templated":true}]}}