{"id":2388,"date":"2019-07-07T19:53:57","date_gmt":"2019-07-07T17:53:57","guid":{"rendered":"https:\/\/wordpress.nibis.de\/gsgrasleben\/?page_id=2388"},"modified":"2025-01-09T19:24:25","modified_gmt":"2025-01-09T18:24:25","slug":"lieblingsorte-2025","status":"publish","type":"page","link":"https:\/\/wordpress.nibis.de\/gsgrasleben\/lieblingsorte-2025\/","title":{"rendered":"Lieblingsorte 2019"},"content":{"rendered":"\n<p>Die Klassen haben sich \u00fcberlegt, welcher Ort in der Schule f\u00fcr sie eine besondere Bedeutung hat:<\/p>\n\n\n\n<p>&#8230;wird zur Zeit \u00fcberarbeitet&#8230;<\/p>\n\n\n\n<p><br \/><\/p>\n","protected":false},"excerpt":{"rendered":"<p>Die Klassen haben sich \u00fcberlegt, welcher Ort in der Schule f\u00fcr sie eine besondere Bedeutung hat: &#8230;wird zur Zeit \u00fcberarbeitet&#8230;<\/p>\n","protected":false},"author":9194394,"featured_media":0,"parent":0,"menu_order":0,"comment_status":"closed","ping_status":"closed","template":"","meta":{"footnotes":""},"class_list":["post-2388","page","type-page","status-publish","hentry"],"_links":{"self":[{"href":"https:\/\/wordpress.nibis.de\/gsgrasleben\/wp-json\/wp\/v2\/pages\/2388","targetHints":{"allow":["GET"]}}],"collection":[{"href":"https:\/\/wordpress.nibis.de\/gsgrasleben\/wp-json\/wp\/v2\/pages"}],"about":[{"href":"https:\/\/wordpress.nibis.de\/gsgrasleben\/wp-json\/wp\/v2\/types\/page"}],"author":[{"embeddable":true,"href":"https:\/\/wordpress.nibis.de\/gsgrasleben\/wp-json\/wp\/v2\/users\/9194394"}],"replies":[{"embeddable":true,"href":"https:\/\/wordpress.nibis.de\/gsgrasleben\/wp-json\/wp\/v2\/comments?post=2388"}],"version-history":[{"count":8,"href":"https:\/\/wordpress.nibis.de\/gsgrasleben\/wp-json\/wp\/v2\/pages\/2388\/revisions"}],"predecessor-version":[{"id":4242,"href":"https:\/\/wordpress.nibis.de\/gsgrasleben\/wp-json\/wp\/v2\/pages\/2388\/revisions\/4242"}],"wp:attachment":[{"href":"https:\/\/wordpress.nibis.de\/gsgrasleben\/wp-json\/wp\/v2\/media?parent=2388"}],"curies":[{"name":"wp","href":"https:\/\/api.w.org\/{rel}","templated":true}]}}