{"id":429,"date":"2017-04-02T21:36:55","date_gmt":"2017-04-02T19:36:55","guid":{"rendered":"http:\/\/wordpress.nibis.de\/gsgrasleben\/?page_id=429"},"modified":"2025-01-11T15:19:21","modified_gmt":"2025-01-11T14:19:21","slug":"sekretariat","status":"publish","type":"page","link":"https:\/\/wordpress.nibis.de\/gsgrasleben\/sekretariat\/","title":{"rendered":"Sekret\u00e4rin"},"content":{"rendered":"\n<p><img loading=\"lazy\" decoding=\"async\" class=\"alignnone size-medium wp-image-4261\" src=\"https:\/\/wordpress.nibis.de\/gsgrasleben\/files\/2025\/01\/LI1001-0876-533x478.jpg\" alt=\"\" width=\"533\" height=\"478\" \/><\/p>\n<p>Frau Schmidt ist seit diesem Jahr die neue Schulsekret\u00e4rin an der Grundschule Grasleben und wird all Ihre Anliegen und Fragen bestm\u00f6glich beantworten. Sie k\u00f6nnen sich immer vertrauensvoll an sie wenden, wenn Ihnen etwas auf dem Herzen liegt oder wenn irgendwo der \u201cSchuh dr\u00fcckt\u201d. Gemeinsam wird dann nach einer passenden L\u00f6sung gesucht.<\/p>\n<p>Frau Schmidt unterst\u00fctzt nicht nur unsere Chefin, sondern steht auch uns Kollegen mit Rat und Tat zur Seite. Ob B\u00fccherbestellungen, Adresslisten ausdrucken, Telefonnummern heraussuchen, K\u00fchlkissen an verletzte Kinder verteilen u.v.m.<\/p>\n<p>Sie hat immer ein offenes Ohr f\u00fcr uns und die Sch\u00fcler.<\/p>\n<p><strong>\u00d6ffnungszeiten:<\/strong><\/p>\n<p>Montag:\u00a0\u00a0\u00a0\u00a0\u00a0\u00a0\u00a0\u00a0\u00a0\u00a0 08.00-13.00 Uhr<\/p>\n<p>Dienstag:\u00a0\u00a0\u00a0\u00a0\u00a0\u00a0\u00a0\u00a0 08.00-13.00 Uhr<\/p>\n<p>Mittwoch: \u00a0 \u00a0\u00a0\u00a0 08.00-13.00 Uhr<\/p>\n<p>Donnerstag:\u00a0 08.00-13.00 Uhr<\/p>\n<p>Freitag:\u00a0\u00a0\u00a0\u00a0\u00a0\u00a0\u00a0\u00a0\u00a0\u00a0\u00a0\u00a0 08.00-13.00 Uhr<\/p>\n","protected":false},"excerpt":{"rendered":"<p>Frau Schmidt ist seit diesem Jahr die neue Schulsekret\u00e4rin an der Grundschule Grasleben und wird all Ihre Anliegen und Fragen bestm\u00f6glich beantworten. Sie k\u00f6nnen sich immer vertrauensvoll an sie wenden, wenn Ihnen etwas auf dem Herzen liegt oder wenn irgendwo der \u201cSchuh dr\u00fcckt\u201d. Gemeinsam wird dann nach einer passenden L\u00f6sung gesucht. Frau Schmidt unterst\u00fctzt nicht &hellip; <a href=\"https:\/\/wordpress.nibis.de\/gsgrasleben\/sekretariat\/\" class=\"more-link\"><span class=\"screen-reader-text\">Sekret\u00e4rin<\/span> weiterlesen <span class=\"meta-nav\">&rarr;<\/span><\/a><\/p>\n","protected":false},"author":1178,"featured_media":0,"parent":0,"menu_order":0,"comment_status":"closed","ping_status":"closed","template":"","meta":{"footnotes":""},"class_list":["post-429","page","type-page","status-publish","hentry"],"_links":{"self":[{"href":"https:\/\/wordpress.nibis.de\/gsgrasleben\/wp-json\/wp\/v2\/pages\/429","targetHints":{"allow":["GET"]}}],"collection":[{"href":"https:\/\/wordpress.nibis.de\/gsgrasleben\/wp-json\/wp\/v2\/pages"}],"about":[{"href":"https:\/\/wordpress.nibis.de\/gsgrasleben\/wp-json\/wp\/v2\/types\/page"}],"author":[{"embeddable":true,"href":"https:\/\/wordpress.nibis.de\/gsgrasleben\/wp-json\/wp\/v2\/users\/1178"}],"replies":[{"embeddable":true,"href":"https:\/\/wordpress.nibis.de\/gsgrasleben\/wp-json\/wp\/v2\/comments?post=429"}],"version-history":[{"count":3,"href":"https:\/\/wordpress.nibis.de\/gsgrasleben\/wp-json\/wp\/v2\/pages\/429\/revisions"}],"predecessor-version":[{"id":4266,"href":"https:\/\/wordpress.nibis.de\/gsgrasleben\/wp-json\/wp\/v2\/pages\/429\/revisions\/4266"}],"wp:attachment":[{"href":"https:\/\/wordpress.nibis.de\/gsgrasleben\/wp-json\/wp\/v2\/media?parent=429"}],"curies":[{"name":"wp","href":"https:\/\/api.w.org\/{rel}","templated":true}]}}