{"id":43,"date":"2017-02-14T21:40:25","date_gmt":"2017-02-14T20:40:25","guid":{"rendered":"http:\/\/wordpress.nibis.de\/gsgrasleben\/?page_id=43"},"modified":"2025-01-11T15:07:29","modified_gmt":"2025-01-11T14:07:29","slug":"anlaufpunkt","status":"publish","type":"page","link":"https:\/\/wordpress.nibis.de\/gsgrasleben\/menschen\/anlaufpunkt\/","title":{"rendered":"Anlaufpunkte"},"content":{"rendered":"<p><span style=\"font-size: 14pt\"><strong>Sekretariat<\/strong><\/span><\/p>\n<p><img loading=\"lazy\" decoding=\"async\" class=\"alignnone wp-image-4261 size-medium\" src=\"https:\/\/wordpress.nibis.de\/gsgrasleben\/files\/2025\/01\/LI1001-0876-533x478.jpg\" alt=\"\" width=\"533\" height=\"478\" \/><\/p>\n<p>Der erste Anlaufpunkt f\u00fcr alle Eltern ist unsere Schulsekret\u00e4rin Frau Schmidt.<\/p>\n<p>Frau Schmidt ist seit diesem Jahr die neue Schulsekret\u00e4rin an der Grundschule Grasleben und wird all Ihre Anliegen und Fragen bestm\u00f6glich beantworten. Sie k\u00f6nnen sich immer vertrauensvoll an sie wenden, wenn Ihnen etwas auf dem Herzen liegt oder wenn irgendwo der &#8222;Schuh dr\u00fcckt&#8220;. Gemeinsam wird dann nach einer passenden L\u00f6sung gesucht.<\/p>\n<p>Frau Schmidt unterst\u00fctzt nicht nur unsere Chefin, sondern steht auch uns Kollegen mit Rat und Tat zur Seite. Ob B\u00fccherbestellungen, Adresslisten ausdrucken, Telefonnummern heraussuchen, K\u00fchlkissen an verletzte Kinder verteilen u.v.m.<\/p>\n<p>Sie hat immer ein offenes Ohr f\u00fcr uns und die Sch\u00fcler.<\/p>\n<p><strong>\u00d6ffnungszeiten:<\/strong><\/p>\n<p>Montag:\u00a0\u00a0\u00a0\u00a0\u00a0\u00a0\u00a0\u00a0\u00a0\u00a0 08.00-13.00 Uhr<\/p>\n<p>Dienstag:\u00a0\u00a0\u00a0\u00a0\u00a0\u00a0\u00a0\u00a0 08.00-13.00 Uhr<\/p>\n<p>Mittwoch: \u00a0 \u00a0\u00a0\u00a0 08.00-13.00 Uhr<\/p>\n<p>Donnerstag:\u00a0 08.00-13.00 Uhr<\/p>\n<p>Freitag:\u00a0\u00a0\u00a0\u00a0\u00a0\u00a0\u00a0\u00a0\u00a0\u00a0\u00a0\u00a0 08.00-13.00 Uhr<\/p>\n<p>Ein weiterer wichtiger Anlaufpunkt ist das <a href=\"http:\/\/wordpress.nibis.de\/gsgrasleben\/hausmeister\/\" target=\"_blank\" rel=\"noopener\">Hausmeisterb\u00fcro<\/a>.<\/p>\n","protected":false},"excerpt":{"rendered":"<p>Sekretariat Der erste Anlaufpunkt f\u00fcr alle Eltern ist unsere Schulsekret\u00e4rin Frau Schmidt. Frau Schmidt ist seit diesem Jahr die neue Schulsekret\u00e4rin an der Grundschule Grasleben und wird all Ihre Anliegen und Fragen bestm\u00f6glich beantworten. Sie k\u00f6nnen sich immer vertrauensvoll an sie wenden, wenn Ihnen etwas auf dem Herzen liegt oder wenn irgendwo der &#8222;Schuh dr\u00fcckt&#8220;. &hellip; <a href=\"https:\/\/wordpress.nibis.de\/gsgrasleben\/menschen\/anlaufpunkt\/\" class=\"more-link\"><span class=\"screen-reader-text\">Anlaufpunkte<\/span> weiterlesen <span class=\"meta-nav\">&rarr;<\/span><\/a><\/p>\n","protected":false},"author":1178,"featured_media":0,"parent":39,"menu_order":1,"comment_status":"closed","ping_status":"closed","template":"","meta":{"footnotes":""},"class_list":["post-43","page","type-page","status-publish","hentry"],"_links":{"self":[{"href":"https:\/\/wordpress.nibis.de\/gsgrasleben\/wp-json\/wp\/v2\/pages\/43","targetHints":{"allow":["GET"]}}],"collection":[{"href":"https:\/\/wordpress.nibis.de\/gsgrasleben\/wp-json\/wp\/v2\/pages"}],"about":[{"href":"https:\/\/wordpress.nibis.de\/gsgrasleben\/wp-json\/wp\/v2\/types\/page"}],"author":[{"embeddable":true,"href":"https:\/\/wordpress.nibis.de\/gsgrasleben\/wp-json\/wp\/v2\/users\/1178"}],"replies":[{"embeddable":true,"href":"https:\/\/wordpress.nibis.de\/gsgrasleben\/wp-json\/wp\/v2\/comments?post=43"}],"version-history":[{"count":10,"href":"https:\/\/wordpress.nibis.de\/gsgrasleben\/wp-json\/wp\/v2\/pages\/43\/revisions"}],"predecessor-version":[{"id":4262,"href":"https:\/\/wordpress.nibis.de\/gsgrasleben\/wp-json\/wp\/v2\/pages\/43\/revisions\/4262"}],"up":[{"embeddable":true,"href":"https:\/\/wordpress.nibis.de\/gsgrasleben\/wp-json\/wp\/v2\/pages\/39"}],"wp:attachment":[{"href":"https:\/\/wordpress.nibis.de\/gsgrasleben\/wp-json\/wp\/v2\/media?parent=43"}],"curies":[{"name":"wp","href":"https:\/\/api.w.org\/{rel}","templated":true}]}}