{"id":52,"date":"2017-02-14T21:43:18","date_gmt":"2017-02-14T20:43:18","guid":{"rendered":"http:\/\/wordpress.nibis.de\/gsgrasleben\/?page_id=52"},"modified":"2025-01-17T07:32:12","modified_gmt":"2025-01-17T06:32:12","slug":"elternvertretungen","status":"publish","type":"page","link":"https:\/\/wordpress.nibis.de\/gsgrasleben\/menschen\/elternvertretungen\/","title":{"rendered":"Elternvertretungen"},"content":{"rendered":"<p style=\"text-align: left\"><span style=\"text-decoration: underline;font-size: 14pt\"><strong><span style=\"font-family: arial,helvetica,sans-serif\">Sc<\/span><\/strong><span style=\"font-family: arial,helvetica,sans-serif\"><b>hulelternrat der Grundschule Grasleben<\/b><b> <\/b><\/span><\/span><\/p>\n<p style=\"text-align: left\"><span style=\"font-family: arial,helvetica,sans-serif;font-size: 12pt\"><b>\u00a0\u00a0\u00a0\u00a0\u00a0\u00a0\u00a0\u00a0\u00a0\u00a0\u00a0\u00a0\u00a0\u00a0\u00a0\u00a0\u00a0\u00a0\u00a0\u00a0\u00a0\u00a0\u00a0\u00a0<\/b><b> <\/b><u><b>(Stand 19.09.2024)<\/b><\/u><\/span><\/p>\n<ol>\n<li>Vorsitzende: Frau Meine<\/li>\n<li>Vorsitzende: Frau Niebuhr<\/li>\n<\/ol>\n<p><span style=\"font-family: Arial,sans-serif;font-size: 14pt\"><strong>Mitglieder im Schulvorstand<br \/>\n<\/strong><\/span><\/p>\n<p>Frau Meine<\/p>\n<p>Frau Rubow<\/p>\n<p>Frau S. Nimz<\/p>\n<p>Frau A. Nimz<\/p>\n<p><span style=\"font-size: 14pt\"><strong>Mitglieder in der Gesamtkonferenz<\/strong><\/span><\/p>\n<p>Frau Meine<\/p>\n<p>Frau Rubow<\/p>\n<p>Frau S. Nimz<\/p>\n<p>Frau A. Nimz<\/p>\n<p><span style=\"font-size: 14pt\"><strong>Delegierte f\u00fcr den Kreiselternrat<\/strong><\/span><\/p>\n<p>Herr Nimz<\/p>\n<p>Frau Grunert<\/p>\n<p><span style=\"font-size: 14pt\"><strong>Mitglied des Schulausschusses der Samtgemeinde Grasleben<\/strong><\/span><\/p>\n<p>Herr Bertram<\/p>\n<p><span style=\"font-size: 14pt\"><strong>Klassenelternvertreter<\/strong><\/span><\/p>\n<h2 id=\"tablepress-2-name\" class=\"tablepress-table-name tablepress-table-name-id-2\">Elternvertreter im Schuljahr 2024\/2025<\/h2>\n\n<table id=\"tablepress-2\" class=\"tablepress tablepress-id-2\" aria-labelledby=\"tablepress-2-name\">\n<thead>\n<tr class=\"row-1\">\n\t<th class=\"column-1\"><strong>Klasse<\/strong><\/th><th class=\"column-2\"><strong>1. Vorsitzende(r)<\/strong><\/th><th class=\"column-3\"><strong>2. Vorsitzende(r)<\/strong><\/th>\n<\/tr>\n<\/thead>\n<tbody class=\"row-striping row-hover\">\n<tr class=\"row-2\">\n\t<td class=\"column-1\">1a<\/td><td class=\"column-2\">Frau Grunert<\/td><td class=\"column-3\">Herr Bertram<\/td>\n<\/tr>\n<tr class=\"row-3\">\n\t<td class=\"column-1\">1b<\/td><td class=\"column-2\">Frau A. Nimz<\/td><td class=\"column-3\">Frau Rubow<\/td>\n<\/tr>\n<tr class=\"row-4\">\n\t<td class=\"column-1\">2a<\/td><td class=\"column-2\">Frau Grietsch<\/td><td class=\"column-3\">Frau Meine<\/td>\n<\/tr>\n<tr class=\"row-5\">\n\t<td class=\"column-1\">2b<\/td><td class=\"column-2\">Frau Wei\u00dfling<\/td><td class=\"column-3\">Frau Legin<\/td>\n<\/tr>\n<tr class=\"row-6\">\n\t<td class=\"column-1\">3a<\/td><td class=\"column-2\">Frau Linde<\/td><td class=\"column-3\">Frau Thieme-Hohe<\/td>\n<\/tr>\n<tr class=\"row-7\">\n\t<td class=\"column-1\">3b<\/td><td class=\"column-2\">Frau Haller<\/td><td class=\"column-3\">Frau Niebuhr<\/td>\n<\/tr>\n<tr class=\"row-8\">\n\t<td class=\"column-1\">4a<\/td><td class=\"column-2\">Herr Nimz<\/td><td class=\"column-3\">Frau S. Nimz<\/td>\n<\/tr>\n<tr class=\"row-9\">\n\t<td class=\"column-1\">4b<\/td><td class=\"column-2\">Frau Bachmann<\/td><td class=\"column-3\">Frau van Riesen<\/td>\n<\/tr>\n<\/tbody>\n<\/table>\n<!-- #tablepress-2 from cache -->\n<p><span style=\"font-size: 14pt\"><strong>Fachkonferenzen<\/strong><\/span><\/p>\n<h2 id=\"tablepress-3-name\" class=\"tablepress-table-name tablepress-table-name-id-3\">Fachkonferenzen<\/h2>\n\n<table id=\"tablepress-3\" class=\"tablepress tablepress-id-3\" aria-labelledby=\"tablepress-3-name\">\n<thead>\n<tr class=\"row-1\">\n\t<th class=\"column-1\"><strong>Fach<\/strong><\/th><th class=\"column-2\"><strong>Vertreter<\/strong><\/th>\n<\/tr>\n<\/thead>\n<tbody class=\"row-striping row-hover\">\n<tr class=\"row-2\">\n\t<td class=\"column-1\">Deutsch<\/td><td class=\"column-2\">Frau Nimz<\/td>\n<\/tr>\n<tr class=\"row-3\">\n\t<td class=\"column-1\">Mathematik<\/td><td class=\"column-2\">Frau Thieme-Hohe<\/td>\n<\/tr>\n<tr class=\"row-4\">\n\t<td class=\"column-1\">Sachunterricht<\/td><td class=\"column-2\">Frau van Riesen<\/td>\n<\/tr>\n<tr class=\"row-5\">\n\t<td class=\"column-1\">Englisch<\/td><td class=\"column-2\">Frau Linde<\/td>\n<\/tr>\n<tr class=\"row-6\">\n\t<td class=\"column-1\">Musik<\/td><td class=\"column-2\">Frau Bachmann<\/td>\n<\/tr>\n<tr class=\"row-7\">\n\t<td class=\"column-1\">Religion<\/td><td class=\"column-2\">Frau Grietsch<\/td>\n<\/tr>\n<tr class=\"row-8\">\n\t<td class=\"column-1\">Sport<\/td><td class=\"column-2\">Frau Thieme-Hohe<\/td>\n<\/tr>\n<tr class=\"row-9\">\n\t<td class=\"column-1\">Kunst\/ Textil\/ Werken<\/td><td class=\"column-2\">Frau Legin<\/td>\n<\/tr>\n<\/tbody>\n<\/table>\n<!-- #tablepress-3 from cache -->\n<header>\n<h1 class=\"documentFirstHeading\"><span style=\"font-size: 14pt\">Mitwirkung der Elternvertretungen in der Schule<\/span><\/h1>\n<div id=\"viewlet-below-content-title\"><\/div>\n<div class=\"documentDescription description\">Die Erziehungsberechtigten wirken in der Schule mit in Klassenelternschaften, dem Schulelternrat, im Schulvorstand sowie in Konferenzen und Aussch\u00fcssen.<\/div>\n<\/header>\n<section id=\"viewlet-above-content-body\"><\/section>\n<section id=\"content-core\">\n<div id=\"parent-fieldname-text\" class=\"\">\n<p>Die Mitwirkungsrechte der Erziehungsberechtigten werden auf Klassenebene durch die Klassenelternschaft (\u00a7 89 NSchG) und auf Schulebene durch den Schulelternrat (\u00a7 90 NSchG) wahrgenommen.<\/p>\n<p>Von den Elternvertretungen k\u00f6nnen alle schulischen Fragen er\u00f6rtert werden. Sie sind zudem von der Schulleitung, dem Schulvorstand oder der zust\u00e4ndigen Konferenz vor grunds\u00e4tzlichen Entscheidungen, vor allem \u00fcber die Organisation der Schule und die Leistungsbewertung, zu h\u00f6ren. Schulleitungen und Lehrkr\u00e4fte haben den\u00a0Elternvertretungen die f\u00fcr die Wahrnehmung ihrer Aufgaben erforderlichen Ausk\u00fcnfte zu erteilen (\u00a7 96 NSchG).<\/p>\n<p>Die Mitwirkung der Elternvertretungen begr\u00fcndet allerdings kein Recht auf Mitbestimmung, sondern beschr\u00e4nkt sich auf die Wahrnehmung von Er\u00f6rterungs-, Anh\u00f6rungs- und Informationsrechten. In die Entscheidungsprozesse der Schule sind die\u00a0die Erziehungs\u00adberechtigten durch ihre f\u00fcr den Schul\u00advorstand und die Konferenzen gew\u00e4hlten Vertreterinnen und Vertreter eingebunden.<\/p>\n<p>Die Elternvertretungen sind in ihrer Arbeit unabh\u00e4ngig. Schulleitungen und Schulbeh\u00f6rden haben die Elternvertretungen bei der Wahrnehmung ihrer gesetzlichen Aufgaben zu unterst\u00fctzen. Sie haben jedoch keine Aufsichtsbefugnisse und kein Weisungsrecht. Eingriffe in die Arbeit der Elternvertretungen sind daher unzul\u00e4ssig. Insbesondere sind Schulleitungen nicht berechtigt, offenkundig an den Schulelternrat gerichtete Briefe zu \u00f6ffnen, Post nicht rechtzeitig auszuh\u00e4ndigen oder herausgehende Schreiben zu kontrollieren.<\/p>\n<\/div>\n<\/section>\n<p>Quelle: Nieders\u00e4chsische Landesschulbeh\u00f6rde<\/p>\n","protected":false},"excerpt":{"rendered":"<p>Schulelternrat der Grundschule Grasleben \u00a0\u00a0\u00a0\u00a0\u00a0\u00a0\u00a0\u00a0\u00a0\u00a0\u00a0\u00a0\u00a0\u00a0\u00a0\u00a0\u00a0\u00a0\u00a0\u00a0\u00a0\u00a0\u00a0\u00a0 (Stand 19.09.2024) Vorsitzende: Frau Meine Vorsitzende: Frau Niebuhr Mitglieder im Schulvorstand Frau Meine Frau Rubow Frau S. Nimz Frau A. Nimz Mitglieder in der Gesamtkonferenz Frau Meine Frau Rubow Frau S. Nimz Frau A. Nimz Delegierte f\u00fcr den Kreiselternrat Herr Nimz Frau Grunert Mitglied des Schulausschusses der Samtgemeinde Grasleben Herr &hellip; <a href=\"https:\/\/wordpress.nibis.de\/gsgrasleben\/menschen\/elternvertretungen\/\" class=\"more-link\"><span class=\"screen-reader-text\">Elternvertretungen<\/span> weiterlesen <span class=\"meta-nav\">&rarr;<\/span><\/a><\/p>\n","protected":false},"author":1178,"featured_media":0,"parent":39,"menu_order":5,"comment_status":"closed","ping_status":"closed","template":"","meta":{"footnotes":""},"class_list":["post-52","page","type-page","status-publish","hentry"],"_links":{"self":[{"href":"https:\/\/wordpress.nibis.de\/gsgrasleben\/wp-json\/wp\/v2\/pages\/52","targetHints":{"allow":["GET"]}}],"collection":[{"href":"https:\/\/wordpress.nibis.de\/gsgrasleben\/wp-json\/wp\/v2\/pages"}],"about":[{"href":"https:\/\/wordpress.nibis.de\/gsgrasleben\/wp-json\/wp\/v2\/types\/page"}],"author":[{"embeddable":true,"href":"https:\/\/wordpress.nibis.de\/gsgrasleben\/wp-json\/wp\/v2\/users\/1178"}],"replies":[{"embeddable":true,"href":"https:\/\/wordpress.nibis.de\/gsgrasleben\/wp-json\/wp\/v2\/comments?post=52"}],"version-history":[{"count":26,"href":"https:\/\/wordpress.nibis.de\/gsgrasleben\/wp-json\/wp\/v2\/pages\/52\/revisions"}],"predecessor-version":[{"id":4320,"href":"https:\/\/wordpress.nibis.de\/gsgrasleben\/wp-json\/wp\/v2\/pages\/52\/revisions\/4320"}],"up":[{"embeddable":true,"href":"https:\/\/wordpress.nibis.de\/gsgrasleben\/wp-json\/wp\/v2\/pages\/39"}],"wp:attachment":[{"href":"https:\/\/wordpress.nibis.de\/gsgrasleben\/wp-json\/wp\/v2\/media?parent=52"}],"curies":[{"name":"wp","href":"https:\/\/api.w.org\/{rel}","templated":true}]}}

<p style="text-align: left"><span style="text-decoration: underline;font-size: 14pt"><strong><span style="font-family: arial,helvetica,sans-serif">Sc</span></strong><span style="font-family: arial,helvetica,sans-serif"><b>hulelternrat der Grundschule Grasleben</b><b> </b></span></span></p>
<p style="text-align: left"><span style="font-family: arial,helvetica,sans-serif;font-size: 12pt"><b>                        </b><b> </b><u><b>(Stand 19.09.2024)</b></u></span></p>
<ol>
<li>Vorsitzende: Frau Meine</li>
<li>Vorsitzende: Frau Niebuhr</li>
</ol>
<p><span style="font-family: Arial,sans-serif;font-size: 14pt"><strong>Mitglieder im Schulvorstand<br />
</strong></span></p>
<p>Frau Meine</p>
<p>Frau Rubow</p>
<p>Frau S. Nimz</p>
<p>Frau A. Nimz</p>
<p><span style="font-size: 14pt"><strong>Mitglieder in der Gesamtkonferenz</strong></span></p>
<p>Frau Meine</p>
<p>Frau Rubow</p>
<p>Frau S. Nimz</p>
<p>Frau A. Nimz</p>
<p><span style="font-size: 14pt"><strong>Delegierte für den Kreiselternrat</strong></span></p>
<p>Herr Nimz</p>
<p>Frau Grunert</p>
<p><span style="font-size: 14pt"><strong>Mitglied des Schulausschusses der Samtgemeinde Grasleben</strong></span></p>
<p>Herr Bertram</p>
<p><span style="font-size: 14pt"><strong>Klassenelternvertreter</strong></span></p>
<h2 id="tablepress-2-name" class="tablepress-table-name tablepress-table-name-id-2">Elternvertreter im Schuljahr 2024/2025</h2>

<table id="tablepress-2" class="tablepress tablepress-id-2" aria-labelledby="tablepress-2-name">
<thead>
<tr class="row-1">
	<th class="column-1"><strong>Klasse</strong></th><th class="column-2"><strong>1. Vorsitzende(r)</strong></th><th class="column-3"><strong>2. Vorsitzende(r)</strong></th>
</tr>
</thead>
<tbody class="row-striping row-hover">
<tr class="row-2">
	<td class="column-1">1a</td><td class="column-2">Frau Grunert</td><td class="column-3">Herr Bertram</td>
</tr>
<tr class="row-3">
	<td class="column-1">1b</td><td class="column-2">Frau A. Nimz</td><td class="column-3">Frau Rubow</td>
</tr>
<tr class="row-4">
	<td class="column-1">2a</td><td class="column-2">Frau Grietsch</td><td class="column-3">Frau Meine</td>
</tr>
<tr class="row-5">
	<td class="column-1">2b</td><td class="column-2">Frau Weißling</td><td class="column-3">Frau Legin</td>
</tr>
<tr class="row-6">
	<td class="column-1">3a</td><td class="column-2">Frau Linde</td><td class="column-3">Frau Thieme-Hohe</td>
</tr>
<tr class="row-7">
	<td class="column-1">3b</td><td class="column-2">Frau Haller</td><td class="column-3">Frau Niebuhr</td>
</tr>
<tr class="row-8">
	<td class="column-1">4a</td><td class="column-2">Herr Nimz</td><td class="column-3">Frau S. Nimz</td>
</tr>
<tr class="row-9">
	<td class="column-1">4b</td><td class="column-2">Frau Bachmann</td><td class="column-3">Frau van Riesen</td>
</tr>
</tbody>
</table>
<!-- #tablepress-2 from cache -->
<p><span style="font-size: 14pt"><strong>Fachkonferenzen</strong></span></p>
<h2 id="tablepress-3-name" class="tablepress-table-name tablepress-table-name-id-3">Fachkonferenzen</h2>

<table id="tablepress-3" class="tablepress tablepress-id-3" aria-labelledby="tablepress-3-name">
<thead>
<tr class="row-1">
	<th class="column-1"><strong>Fach</strong></th><th class="column-2"><strong>Vertreter</strong></th>
</tr>
</thead>
<tbody class="row-striping row-hover">
<tr class="row-2">
	<td class="column-1">Deutsch</td><td class="column-2">Frau Nimz</td>
</tr>
<tr class="row-3">
	<td class="column-1">Mathematik</td><td class="column-2">Frau Thieme-Hohe</td>
</tr>
<tr class="row-4">
	<td class="column-1">Sachunterricht</td><td class="column-2">Frau van Riesen</td>
</tr>
<tr class="row-5">
	<td class="column-1">Englisch</td><td class="column-2">Frau Linde</td>
</tr>
<tr class="row-6">
	<td class="column-1">Musik</td><td class="column-2">Frau Bachmann</td>
</tr>
<tr class="row-7">
	<td class="column-1">Religion</td><td class="column-2">Frau Grietsch</td>
</tr>
<tr class="row-8">
	<td class="column-1">Sport</td><td class="column-2">Frau Thieme-Hohe</td>
</tr>
<tr class="row-9">
	<td class="column-1">Kunst/ Textil/ Werken</td><td class="column-2">Frau Legin</td>
</tr>
</tbody>
</table>
<!-- #tablepress-3 from cache -->
<header>
<h1 class="documentFirstHeading"><span style="font-size: 14pt">Mitwirkung der Elternvertretungen in der Schule</span></h1>
<div id="viewlet-below-content-title"></div>
<div class="documentDescription description">Die Erziehungsberechtigten wirken in der Schule mit in Klassenelternschaften, dem Schulelternrat, im Schulvorstand sowie in Konferenzen und Ausschüssen.</div>
</header>
<section id="viewlet-above-content-body"></section>
<section id="content-core">
<div id="parent-fieldname-text" class="">
<p>Die Mitwirkungsrechte der Erziehungsberechtigten werden auf Klassenebene durch die Klassenelternschaft (§ 89 NSchG) und auf Schulebene durch den Schulelternrat (§ 90 NSchG) wahrgenommen.</p>
<p>Von den Elternvertretungen können alle schulischen Fragen erörtert werden. Sie sind zudem von der Schulleitung, dem Schulvorstand oder der zuständigen Konferenz vor grundsätzlichen Entscheidungen, vor allem über die Organisation der Schule und die Leistungsbewertung, zu hören. Schulleitungen und Lehrkräfte haben den Elternvertretungen die für die Wahrnehmung ihrer Aufgaben erforderlichen Auskünfte zu erteilen (§ 96 NSchG).</p>
<p>Die Mitwirkung der Elternvertretungen begründet allerdings kein Recht auf Mitbestimmung, sondern beschränkt sich auf die Wahrnehmung von Erörterungs-, Anhörungs- und Informationsrechten. In die Entscheidungsprozesse der Schule sind die die Erziehungs­berechtigten durch ihre für den Schul­vorstand und die Konferenzen gewählten Vertreterinnen und Vertreter eingebunden.</p>
<p>Die Elternvertretungen sind in ihrer Arbeit unabhängig. Schulleitungen und Schulbehörden haben die Elternvertretungen bei der Wahrnehmung ihrer gesetzlichen Aufgaben zu unterstützen. Sie haben jedoch keine Aufsichtsbefugnisse und kein Weisungsrecht. Eingriffe in die Arbeit der Elternvertretungen sind daher unzulässig. Insbesondere sind Schulleitungen nicht berechtigt, offenkundig an den Schulelternrat gerichtete Briefe zu öffnen, Post nicht rechtzeitig auszuhändigen oder herausgehende Schreiben zu kontrollieren.</p>
</div>
</section>
<p>Quelle: Niedersächsische Landesschulbehörde</p>

<p>Schulelternrat der Grundschule Grasleben                          (Stand 19.09.2024) Vorsitzende: Frau Meine Vorsitzende: Frau Niebuhr Mitglieder im Schulvorstand Frau Meine Frau Rubow Frau S. Nimz Frau A. Nimz Mitglieder in der Gesamtkonferenz Frau Meine Frau Rubow Frau S. Nimz Frau A. Nimz Delegierte für den Kreiselternrat Herr Nimz Frau Grunert Mitglied des Schulausschusses der Samtgemeinde Grasleben Herr &hellip; <a href="https://wordpress.nibis.de/gsgrasleben/menschen/elternvertretungen/" class="more-link"><span class="screen-reader-text">Elternvertretungen</span> weiterlesen <span class="meta-nav">&rarr;</span></a></p>
