{"id":67,"date":"2017-02-14T21:52:00","date_gmt":"2017-02-14T20:52:00","guid":{"rendered":"http:\/\/wordpress.nibis.de\/gsgrasleben\/?page_id=67"},"modified":"2017-11-06T21:16:33","modified_gmt":"2017-11-06T20:16:33","slug":"rk","status":"publish","type":"page","link":"https:\/\/wordpress.nibis.de\/gsgrasleben\/unterricht\/rk\/","title":{"rendered":"Inklusive Schule"},"content":{"rendered":"<p><span class=\"c1\">Die Nieders\u00e4chsische Landesregierung vertritt ein erweitertes Begriffsverst\u00e4ndnis von Inklusion. Inklusion bedeutet in diesem Sinne die umfassende und uneingeschr\u00e4nkte Teilhabe jedes Einzelnen am gesellschaftlichen Leben. Das schlie\u00dft ausdr\u00fccklich das Recht auf Bildung ein. Die Inklusive Schule ist eine Schule der individuellen F\u00f6rderung, in der jedes Kind mit seinen individuellen Talenten und Begabungen bestm\u00f6glich unterst\u00fctzt wird. Die Inklusive Schule begreift Heterogenit\u00e4t als Grundlage und Chance schulischer Arbeit.<\/span><\/p>\n<p><span class=\"c1\">Keinem Kind wird in Niedersachsen der Zugang zu einer bestimmten Schule oder Schulform aufgrund einer Behinderung verwehrt. So sieht es auch Artikel 24 (\u201eBildung&#8220;) der UN-Behindertenrechtskonvention vor, der Menschen mit einer Behinderung den diskriminierungsfreien Zugang zum Bildungssystem garantiert. In Niedersachsen ist daher jede Schule eine inklusive Schule.<\/span><\/p>\n<p><span class=\"c2\">Niedersachsen geht bei der Umsetzung der Inklusiven Schule mit Augenma\u00df voran. Die inklusive Schule wurde in Niedersachsen zum Schuljahresbeginn 2013\/14 beginnend mit den Schuljahrg\u00e4ngen 1 und 5 verbindlich eingef\u00fchrt. Sie wird seitdem aufsteigend erweitert.<\/span><\/p>\n<p>Quelle: Nieders\u00e4chsisches Kultusministerium (Stand der Einf\u00fchrung)<\/p>\n","protected":false},"excerpt":{"rendered":"<p>Die Nieders\u00e4chsische Landesregierung vertritt ein erweitertes Begriffsverst\u00e4ndnis von Inklusion. Inklusion bedeutet in diesem Sinne die umfassende und uneingeschr\u00e4nkte Teilhabe jedes Einzelnen am gesellschaftlichen Leben. Das schlie\u00dft ausdr\u00fccklich das Recht auf Bildung ein. Die Inklusive Schule ist eine Schule der individuellen F\u00f6rderung, in der jedes Kind mit seinen individuellen Talenten und Begabungen bestm\u00f6glich unterst\u00fctzt wird. Die &hellip; <a href=\"https:\/\/wordpress.nibis.de\/gsgrasleben\/unterricht\/rk\/\" class=\"more-link\"><span class=\"screen-reader-text\">Inklusive Schule<\/span> weiterlesen <span class=\"meta-nav\">&rarr;<\/span><\/a><\/p>\n","protected":false},"author":1178,"featured_media":0,"parent":58,"menu_order":4,"comment_status":"closed","ping_status":"closed","template":"","meta":{"footnotes":""},"class_list":["post-67","page","type-page","status-publish","hentry"],"_links":{"self":[{"href":"https:\/\/wordpress.nibis.de\/gsgrasleben\/wp-json\/wp\/v2\/pages\/67","targetHints":{"allow":["GET"]}}],"collection":[{"href":"https:\/\/wordpress.nibis.de\/gsgrasleben\/wp-json\/wp\/v2\/pages"}],"about":[{"href":"https:\/\/wordpress.nibis.de\/gsgrasleben\/wp-json\/wp\/v2\/types\/page"}],"author":[{"embeddable":true,"href":"https:\/\/wordpress.nibis.de\/gsgrasleben\/wp-json\/wp\/v2\/users\/1178"}],"replies":[{"embeddable":true,"href":"https:\/\/wordpress.nibis.de\/gsgrasleben\/wp-json\/wp\/v2\/comments?post=67"}],"version-history":[{"count":5,"href":"https:\/\/wordpress.nibis.de\/gsgrasleben\/wp-json\/wp\/v2\/pages\/67\/revisions"}],"predecessor-version":[{"id":937,"href":"https:\/\/wordpress.nibis.de\/gsgrasleben\/wp-json\/wp\/v2\/pages\/67\/revisions\/937"}],"up":[{"embeddable":true,"href":"https:\/\/wordpress.nibis.de\/gsgrasleben\/wp-json\/wp\/v2\/pages\/58"}],"wp:attachment":[{"href":"https:\/\/wordpress.nibis.de\/gsgrasleben\/wp-json\/wp\/v2\/media?parent=67"}],"curies":[{"name":"wp","href":"https:\/\/api.w.org\/{rel}","templated":true}]}}