{"id":29,"date":"2017-09-18T20:48:09","date_gmt":"2017-09-18T18:48:09","guid":{"rendered":"http:\/\/wordpress.nibis.de\/gsgreetsiel\/?page_id=29"},"modified":"2025-05-27T11:47:56","modified_gmt":"2025-05-27T09:47:56","slug":"impressum","status":"publish","type":"page","link":"https:\/\/wordpress.nibis.de\/gsgreetsiel\/impressum\/","title":{"rendered":"Impressum \/ Datenschutz"},"content":{"rendered":"<p>&nbsp;<\/p>\n<p><strong><span style=\"font-family: verdana, geneva, sans-serif\">Impressum:<\/span><\/strong><\/p>\n<p><span style=\"font-family: verdana, geneva, sans-serif\">Ubbo-Emmius-Schule Greetsiel<\/span><\/p>\n<p><span style=\"font-family: verdana, geneva, sans-serif\">Schulweg 5<\/span><\/p>\n<p><span style=\"font-family: verdana, geneva, sans-serif\">26736 Greetsiel<\/span><\/p>\n<p><span style=\"font-family: verdana, geneva, sans-serif\"><span style=\"color: #000000\"><b>Telefon<\/b><\/span><span style=\"color: #000000\">: 0 49 26 &#8211; 17 45<\/span><\/span><\/p>\n<p><span style=\"font-family: verdana, geneva, sans-serif\"><strong>Fax: <\/strong><span style=\"color: #000000\">0 49 26 &#8211; 92 67 74\u00a0<\/span><\/span><\/p>\n<p>&nbsp;<\/p>\n<p><strong><span style=\"color: #000000;font-family: verdana, geneva, sans-serif\">Mail:\u00a0 &#103;s&#x2d;g&#x72;e&#x65;t&#x73;i&#x65;l&#x40;&#107;&#x72;&#117;&#x6d;&#109;&#x68;&#111;&#x65;&#114;&#x6e;&#46;&#x64;&#101;<\/span><\/strong><\/p>\n<p><strong><span style=\"font-family: verdana, geneva, sans-serif\">komm. Schulleitung: Hauke Piper<\/span><\/strong><\/p>\n<p><strong><span style=\"font-family: verdana, geneva, sans-serif\">Homepage: &#8212;<\/span><\/strong><\/p>\n<p><strong><span style=\"font-family: verdana, geneva, sans-serif\">Schultr\u00e4ger:\u00a0<\/span><\/strong><span style=\"font-family: verdana, geneva, sans-serif\">Gemeinde Krummh\u00f6rn<\/span><\/p>\n<p><span style=\"font-family: verdana, geneva, sans-serif\">Haftungsausschluss:<\/span><\/p>\n<p><span style=\"font-family: verdana, geneva, sans-serif\"><b> <\/b>Mit dieser Internetseite pr\u00e4sentiert die Grundschule Greetsiel sich und die von ihr wahrzunehmenden Aufgaben. Die Angaben auf dieser Seite werden regelm\u00e4\u00dfig gepflegt. Wir k\u00f6nnen gleichwohl keine Haftung \u00fcbernehmen f\u00fcr die Richtigkeit, Aktualit\u00e4t und Vollst\u00e4ndigkeit der dort gemachten Angaben, Richtigkeit und Rechtm\u00e4\u00dfigkeit des Inhalts fremder Seiten anderer Anbieter, auf die wir einen Link gesetzt haben. Der Inhalt verlinkter Seiten ist bei der Erstellung unseres Angebotes gepr\u00fcft worden.<\/span><\/p>\n<p><span style=\"font-family: verdana, geneva, sans-serif\">Der Inhalt einer Seite ist jedoch dynamisch und kann sich jederzeit \u00e4ndern. Wir machen uns den Inhalt fremder Internetseiten, auf die wir einen Link gesetzt haben, insoweit ausdr\u00fccklich nicht zu Eigen.<b><\/b><\/span><\/p>\n<p><span style=\"margin: 0px;color: #000000;font-family: verdana, geneva, sans-serif;font-size: 10pt\">Das Copyright f\u00fcr alle Abbildungen, Texte, Symbole und Werke liegt in den H\u00e4nden der K\u00fcnstler bzw. Kinder,\u00a0<\/span><\/p>\n<p>&nbsp;<\/p>\n<p><span style=\"font-family: verdana, geneva, sans-serif\">Ubbo-Emmius-Schule Greetsiel<\/span><br \/>\n<span style=\"font-family: verdana, geneva, sans-serif\">Schulweg 5<\/span><br \/>\n<span style=\"font-family: verdana, geneva, sans-serif\">26736 Greetsiel<\/span><\/p>\n<p><span style=\"font-family: verdana, geneva, sans-serif\">Telefon: \u00a0\u00a0\u00a0\u00a0\u00a0\u00a0\u00a0\u00a0\u00a0\u00a0\u00a0\u00a0\u00a0\u00a0\u00a0 04926 &#8211; 1745<\/span><br \/>\n<span style=\"font-family: verdana, geneva, sans-serif\">E-Mail: \u00a0\u00a0\u00a0\u00a0\u00a0\u00a0\u00a0\u00a0\u00a0\u00a0\u00a0\u00a0\u00a0 &#103;&#x73;&#x2d;g&#114;&#x65;&#x65;t&#115;&#x69;e&#108;&#x40;&#x6b;r&#117;&#x6d;m&#104;&#x6f;&#x65;r&#110;&#x2e;&#x64;&#101;<br \/>\n<\/span><\/p>\n<p>&nbsp;<\/p>\n<h3><span style=\"font-size: 14pt\"><strong><span style=\"font-family: verdana, geneva, sans-serif\">Vertretungsberechtigt<\/span><\/strong><\/span><\/h3>\n<p><span style=\"font-family: verdana, geneva, sans-serif\">Hauke Piper, kommissarischer Schulleiter<\/span><\/p>\n<p>&nbsp;<\/p>\n<h2><span style=\"font-family: verdana, geneva, sans-serif;font-size: 12pt\"><strong><span style=\"font-size: 14pt\">Datenschutzbeauftragte:<\/span><\/strong> <\/span><\/h2>\n<p><span style=\"font-family: verdana, geneva, sans-serif\">Esther M\u00fchlhausen-Ackermann<\/span><\/p>\n<p>&nbsp;<\/p>\n<h3><strong><span style=\"font-family: verdana, geneva, sans-serif\">Bereitstellung der Website und Erstellung von Logfiles<\/span><\/strong><\/h3>\n<p><span style=\"font-family: verdana, geneva, sans-serif\">Bei jedem Aufruf unserer Internetseite erfasst unser System automatisiert Daten und Informationen vom Computersystem des aufrufenden Rechners. Folgende Daten werden hierbei erhoben:<\/span><\/p>\n<ol>\n<li><span style=\"font-family: verdana, geneva, sans-serif\">Datum und Uhrzeit des Zugriffes<\/span><\/li>\n<li><span style=\"font-family: verdana, geneva, sans-serif\">Die IP-Adresse des Nutzers<\/span><\/li>\n<li><span style=\"font-family: verdana, geneva, sans-serif\">Die Betriebssystemversion des Nutzers<\/span><\/li>\n<li><span style=\"font-family: verdana, geneva, sans-serif\">Der Browsertyp des Nutzers<\/span><\/li>\n<li><span style=\"font-family: verdana, geneva, sans-serif\">Die vom Nutzer aufgerufene Seite<\/span><\/li>\n<\/ol>\n<p><span style=\"font-family: verdana, geneva, sans-serif\">Die Daten werden in den Logfiles unseres Systems gespeichert. Eine Speicherung dieser Daten zusammen mit anderen personenbezogenen Daten des Nutzers findet nicht statt. Zweck der Datenspeicherung ist die technische Optimierung unserer Internetseite. Rechtsgrundlage f\u00fcr die vor\u00fcbergehende Speicherung der Daten ist Art. 6 Abs.1 lit.f DSGVO.<\/span><\/p>\n<p><span style=\"font-family: verdana, geneva, sans-serif\">Die Datenwerden f\u00fcr zwei Monate gespeichert, sie werden lediglich statistisch ausgewertet.<\/span><\/p>\n<h2><span style=\"font-size: 14pt\"><strong><span style=\"font-family: verdana, geneva, sans-serif\">Verwendung von Cookies<\/span><\/strong><\/span><\/h2>\n<p><span style=\"font-family: verdana, geneva, sans-serif\">Unsere Website verwendet Cookies. Dies sind kleine Textdateien, die automatisch von Ihrem Browser auf Ihrem Rechner gespeichert werden. Diese dienen folgenden Zwecken: z.B. Optimierung der Benutzerfreundlichkeit, \u2026<\/span><\/p>\n<p><span style=\"font-family: verdana, geneva, sans-serif\">Die durch diese Cookies verarbeiteten Daten sind f\u00fcr die genannten Zwecke zur Wahrung unserer berechtigten Interessen nach Art. 6 Abs. 1 S. 1 lit. f DSGVO erforderlich. Diese bestehen in einer technischen Optimierung der Bereitstellung unserer Internetseite.<\/span><\/p>\n<p><span style=\"font-family: verdana, geneva, sans-serif\">Es besteht die M\u00f6glichkeit, den Browser so einzustellen, dass keine Cookies gespeichert werden. In diesem Fall besteht allerdings die M\u00f6glichkeit, dass Sie nicht den vollen Funktionsumfang unserer Internetseiten nutzen k\u00f6nnen.<\/span><\/p>\n<h2><span style=\"font-size: 14pt\"><strong><span style=\"font-family: verdana, geneva, sans-serif\">Speicherung personenbezogener Daten bei Kontaktaufnahme<\/span><\/strong><\/span><\/h2>\n<p><span style=\"font-family: verdana, geneva, sans-serif\">Sofern Sie per E-Mail den Kontakt mit uns aufnehmen, werden die von Ihnen \u00fcbermittelten personenbezogenen Daten automatisch gespeichert. Diese Daten werden f\u00fcr Zwecke der Bearbeitung Ihres Anliegens und der Kontaktaufnahme mit Ihnen gespeichert.<\/span><\/p>\n<p><span style=\"font-family: verdana, geneva, sans-serif\">Die L\u00f6schung der Daten erfolgt, sobald deren Speicherung f\u00fcr die Bearbeitung Ihres Anliegens nicht mehr erforderlich ist.<\/span><\/p>\n<p>&nbsp;<\/p>\n<p><span style=\"font-family: verdana, geneva, sans-serif;font-size: 14pt\"><strong>Betroffenenrechte<\/strong><\/span><\/p>\n<p><span style=\"font-family: verdana, geneva, sans-serif\">Sie k\u00f6nnen folgende Rechte geltend machen:\u00a0\u00a0\u00a0\u00a0\u00a0\u00a0\u00a0\u00a0\u00a0\u00a0\u00a0\u00a0<\/span><\/p>\n<h3><strong><span style=\"font-family: verdana, geneva, sans-serif\">Auskunft\/ Akteneinsicht<\/span><\/strong><\/h3>\n<p><span style=\"font-family: verdana, geneva, sans-serif\">Gem. Art. 15 DSGVO haben Sie das Recht, Auskunft bzw. Akteneinsicht \u00fcber die von uns verarbeiteten personenbezogenen Daten zu erhalten.<\/span><\/p>\n<h3><strong><span style=\"font-family: verdana, geneva, sans-serif\">Berichtigung<\/span><\/strong><\/h3>\n<p><span style=\"font-family: verdana, geneva, sans-serif\">Sind bei uns gespeicherte personenbezogene Daten unrichtig oder unvollst\u00e4ndig, haben Sie gem. Art. 16 DSGVO das Recht, diese berichtigen bzw. vervollst\u00e4ndigen zu lassen.<\/span><\/p>\n<h3><strong><span style=\"font-family: verdana, geneva, sans-serif\">L\u00f6schung<\/span><\/strong><\/h3>\n<p><span style=\"font-family: verdana, geneva, sans-serif\">Art. 17 DSGVO normiert das Recht auf L\u00f6schung personenbezogener Daten. Dieses Recht steht Ihnen insbesondere dann zu, wenn die Speicherung der personenbezogenen Daten zur Erf\u00fcllung unserer gesetzlichen Aufgaben nicht mehr erforderlich ist oder Sie Ihre Einwilligung zur Datenverarbeitung mit Wirkung f\u00fcr die Zukunft widerrufen haben.<\/span><\/p>\n<h3><strong><span style=\"font-family: verdana, geneva, sans-serif\">Einschr\u00e4nkung der Verarbeitung<\/span><\/strong><\/h3>\n<p><span style=\"font-family: verdana, geneva, sans-serif\">Gem. Art. 18 DSGVO k\u00f6nnen Sie die Einschr\u00e4nkung der personenbezogenen Daten verlangen, wenn<\/span><\/p>\n<ul>\n<li><span style=\"font-family: verdana, geneva, sans-serif\">die Richtigkeit der Daten von Ihnen bestritten wird<\/span><\/li>\n<li><span style=\"font-family: verdana, geneva, sans-serif\">die Verarbeitung unrechtm\u00e4\u00dfig ist, Sie aber deren L\u00f6schung ablehnen<\/span><\/li>\n<li><span style=\"font-family: verdana, geneva, sans-serif\">wir die Daten nicht mehr ben\u00f6tigen, Sie jedoch diese zur Geltendmachung, Aus\u00fcbung oder Verteidigung von Rechtsanspr\u00fcchen ben\u00f6tigen<\/span><\/li>\n<li><span style=\"font-family: verdana, geneva, sans-serif\">oder Sie gem\u00e4\u00df Art. 21 DSGVO Widerspruch gegen die Verarbeitung eingelegt haben.<\/span><\/li>\n<\/ul>\n<h3><strong><span style=\"font-family: verdana, geneva, sans-serif\">Widerspruch<\/span><\/strong><\/h3>\n<p><span style=\"font-family: verdana, geneva, sans-serif\">Sie k\u00f6nnen bei Gr\u00fcnden, die sich aus Ihrer besonderen Situation ergeben, ein Widerspruchsrecht geltend machen. Gem. Art. 21 DSGVO ist jedoch zu ber\u00fccksichtigten, ob schutzw\u00fcrdige Gr\u00fcnde f\u00fcr die Verarbeitung vorliegen oder die Verarbeitung der Geltendmachung, Aus\u00fcbung oder Verteidigung von Rechtsanspr\u00fcchen dient.<\/span><\/p>\n<h3><strong><span style=\"font-family: verdana, geneva, sans-serif\">Daten\u00fcbertragbarkeit<\/span><\/strong><\/h3>\n<p><span style=\"font-family: verdana, geneva, sans-serif\">Ist die Verarbeitung Ihrer Daten mit \u00a0Hilfe eines automatisierten Verfahrens erfolgt, haben Sie gem. Art. 20 DSGVO das Recht, die Daten in einem g\u00e4ngigen und maschinenlesbaren Format zu erhalten und an eine andere Schule zu \u00fcbermitteln bzw. durch uns \u00fcbermitteln zu lassen.<\/span><\/p>\n<h3><strong><span style=\"font-family: verdana, geneva, sans-serif\">Widerruf der Einwilligung<\/span><\/strong><\/h3>\n<p><span style=\"font-family: verdana, geneva, sans-serif\">Sie haben gem. Art. 7 Absatz 3 DSGVO das Recht, uns erteilte Einwilligungen jederzeit mit Wirkung f\u00fcr die Zukunft zu widerrufen.<\/span><\/p>\n<h3><strong><span style=\"font-family: verdana, geneva, sans-serif\">Beschwerde<\/span><\/strong><\/h3>\n<p><span style=\"font-family: verdana, geneva, sans-serif\">Art. 77 DSGVO normiert ein Beschwerderecht bei der Aufsichtsbeh\u00f6rde. Die f\u00fcr uns zust\u00e4ndige Aufsichtsbeh\u00f6rde ist die Landesbeauftragte f\u00fcr den Datenschutz Niedersachsen, Prinzenstra\u00dfe 5, 30159 Hannover. E-Mail: <a href=\"mail&#116;&#111;&#58;&#112;&#111;&#115;&#116;&#x73;&#x74;&#x65;&#x6c;&#x6c;&#x65;&#x40;&#x6c;&#x66;d&#46;ni&#101;&#100;&#101;&#114;&#115;&#97;&#99;&#x68;&#x73;&#x65;&#x6e;&#x2e;&#x64;&#x65;\">po&#115;&#116;&#115;&#116;&#x65;&#x6c;&#x6c;&#x65;&#x40;lf&#100;&#46;&#110;&#105;&#x65;&#x64;&#x65;&#x72;&#x73;ac&#104;&#115;&#101;&#110;&#x2e;&#x64;&#x65;<\/a><\/span><\/p>\n<p><span style=\"margin: 0px;color: #000000;font-family: verdana, geneva, sans-serif\">\u00a0<\/span><\/p>\n","protected":false},"excerpt":{"rendered":"<p>&nbsp; Impressum: Ubbo-Emmius-Schule Greetsiel Schulweg 5 26736 Greetsiel Telefon: 0 49 26 &#8211; 17 45 Fax: 0 49 26 &#8211; 92 67 74\u00a0 &nbsp; Mail:\u00a0 &hellip; <\/p>\n","protected":false},"author":9192381,"featured_media":0,"parent":0,"menu_order":6,"comment_status":"closed","ping_status":"closed","template":"","meta":{"footnotes":""},"class_list":["post-29","page","type-page","status-publish","hentry"],"_links":{"self":[{"href":"https:\/\/wordpress.nibis.de\/gsgreetsiel\/wp-json\/wp\/v2\/pages\/29","targetHints":{"allow":["GET"]}}],"collection":[{"href":"https:\/\/wordpress.nibis.de\/gsgreetsiel\/wp-json\/wp\/v2\/pages"}],"about":[{"href":"https:\/\/wordpress.nibis.de\/gsgreetsiel\/wp-json\/wp\/v2\/types\/page"}],"author":[{"embeddable":true,"href":"https:\/\/wordpress.nibis.de\/gsgreetsiel\/wp-json\/wp\/v2\/users\/9192381"}],"replies":[{"embeddable":true,"href":"https:\/\/wordpress.nibis.de\/gsgreetsiel\/wp-json\/wp\/v2\/comments?post=29"}],"version-history":[{"count":22,"href":"https:\/\/wordpress.nibis.de\/gsgreetsiel\/wp-json\/wp\/v2\/pages\/29\/revisions"}],"predecessor-version":[{"id":2437,"href":"https:\/\/wordpress.nibis.de\/gsgreetsiel\/wp-json\/wp\/v2\/pages\/29\/revisions\/2437"}],"wp:attachment":[{"href":"https:\/\/wordpress.nibis.de\/gsgreetsiel\/wp-json\/wp\/v2\/media?parent=29"}],"curies":[{"name":"wp","href":"https:\/\/api.w.org\/{rel}","templated":true}]}}