{"id":747,"date":"2020-04-15T18:40:54","date_gmt":"2020-04-15T16:40:54","guid":{"rendered":"https:\/\/wordpress.nibis.de\/gsgreetsiel\/?page_id=747"},"modified":"2024-02-27T13:02:47","modified_gmt":"2024-02-27T12:02:47","slug":"krank","status":"publish","type":"page","link":"https:\/\/wordpress.nibis.de\/gsgreetsiel\/krank\/","title":{"rendered":"Mein Kind ist krank"},"content":{"rendered":"<p><span style=\"text-decoration: underline;color: #ff0000;font-size: 18pt\"><strong><span style=\"font-family: 'comic sans ms', sans-serif\">Mein Kind ist krank! Was nun?<\/span><\/strong><\/span><\/p>\n<p>Bitte melden Sie sich bei Krankheitssymptomen ihres Kindes in der Schule, um Ihr Kind krank zu melden.<\/p>\n<p><span style=\"text-decoration: underline;color: #ff0000;font-size: 18pt\"><strong><span style=\"font-family: 'comic sans ms', sans-serif\">Telefon: 04926 \/ 17 45<\/span><\/strong><\/span><\/p>\n<p>Im Allgemeinen gilt, dass Sie Ihr Kind bei sehr leichten Erk\u00e4ltungsanzeichen zur Schule schicken d\u00fcrfen.<\/p>\n<p>W\u00e4gen Sie bitte trotzdem verantwortungsvoll ab, ob es auch schulf\u00e4hig und damit belastbar ist. Oft ist ein Tag Erholung sinnvoll und dient der Genesung. Zudem stecken sich die Kinder in der Schule untereinander auch mit harmlosen Erk\u00e4ltungen leicht an und oft zieht dies eine Welle der Infektionen nach sich.<\/p>\n<p>Wir wollen verantwortungsvoll handeln, um kein Risiko f\u00fcr Sch\u00fclerinnen und Sch\u00fcler, aber auch f\u00fcr Lehrkr\u00e4fte und Mitarbeiter*innen einzugehen.<br \/>\nSollten Erkrankungszeichen in der Schule auftreten, werden wir Sie umgehend informieren und bitten Sie darum, Ihr Kind abzuholen.<\/p>\n<p>&nbsp;<\/p>\n<p>Einige Krankheiten sind <strong>meldepflichtig<\/strong> und untersagen den Schulbesuch.<br \/>\nWeitere Informationen finden Sie im pdf-Dokument des Gesundheitsamtes:<br \/>\n<a href=\"https:\/\/wordpress.nibis.de\/gsgreetsiel\/files\/2024\/02\/belehrungsbogen_eltern_deutsch.pdf\">belehrungsbogen_eltern_deutsch<\/a><\/p>\n","protected":false},"excerpt":{"rendered":"<p>Mein Kind ist krank! Was nun? Bitte melden Sie sich bei Krankheitssymptomen ihres Kindes in der Schule, um Ihr Kind krank zu melden. Telefon: 04926 &hellip; <\/p>\n","protected":false},"author":1445,"featured_media":0,"parent":0,"menu_order":0,"comment_status":"closed","ping_status":"closed","template":"","meta":{"footnotes":""},"class_list":["post-747","page","type-page","status-publish","hentry"],"_links":{"self":[{"href":"https:\/\/wordpress.nibis.de\/gsgreetsiel\/wp-json\/wp\/v2\/pages\/747","targetHints":{"allow":["GET"]}}],"collection":[{"href":"https:\/\/wordpress.nibis.de\/gsgreetsiel\/wp-json\/wp\/v2\/pages"}],"about":[{"href":"https:\/\/wordpress.nibis.de\/gsgreetsiel\/wp-json\/wp\/v2\/types\/page"}],"author":[{"embeddable":true,"href":"https:\/\/wordpress.nibis.de\/gsgreetsiel\/wp-json\/wp\/v2\/users\/1445"}],"replies":[{"embeddable":true,"href":"https:\/\/wordpress.nibis.de\/gsgreetsiel\/wp-json\/wp\/v2\/comments?post=747"}],"version-history":[{"count":80,"href":"https:\/\/wordpress.nibis.de\/gsgreetsiel\/wp-json\/wp\/v2\/pages\/747\/revisions"}],"predecessor-version":[{"id":2202,"href":"https:\/\/wordpress.nibis.de\/gsgreetsiel\/wp-json\/wp\/v2\/pages\/747\/revisions\/2202"}],"wp:attachment":[{"href":"https:\/\/wordpress.nibis.de\/gsgreetsiel\/wp-json\/wp\/v2\/media?parent=747"}],"curies":[{"name":"wp","href":"https:\/\/api.w.org\/{rel}","templated":true}]}}