{"id":104,"date":"2025-07-21T20:01:24","date_gmt":"2025-07-21T18:01:24","guid":{"rendered":"https:\/\/wordpress.nibis.de\/gsgronau\/?page_id=104"},"modified":"2025-07-22T07:54:12","modified_gmt":"2025-07-22T05:54:12","slug":"mitmachen","status":"publish","type":"page","link":"https:\/\/wordpress.nibis.de\/gsgronau\/mitmachen\/","title":{"rendered":"Mitmachen"},"content":{"rendered":"\n<p>Sie m\u00f6chten die Kinder unserer Schule unterst\u00fctzen &#8211; finanziell oder tatkr\u00e4ftig mit anpacken? <\/p>\n","protected":false},"excerpt":{"rendered":"<p>Sie m\u00f6chten die Kinder unserer Schule unterst\u00fctzen &#8211; finanziell oder tatkr\u00e4ftig mit anpacken?<\/p>\n","protected":false},"author":9194555,"featured_media":0,"parent":0,"menu_order":0,"comment_status":"closed","ping_status":"closed","template":"","meta":{"footnotes":""},"class_list":["post-104","page","type-page","status-publish","hentry"],"_links":{"self":[{"href":"https:\/\/wordpress.nibis.de\/gsgronau\/wp-json\/wp\/v2\/pages\/104","targetHints":{"allow":["GET"]}}],"collection":[{"href":"https:\/\/wordpress.nibis.de\/gsgronau\/wp-json\/wp\/v2\/pages"}],"about":[{"href":"https:\/\/wordpress.nibis.de\/gsgronau\/wp-json\/wp\/v2\/types\/page"}],"author":[{"embeddable":true,"href":"https:\/\/wordpress.nibis.de\/gsgronau\/wp-json\/wp\/v2\/users\/9194555"}],"replies":[{"embeddable":true,"href":"https:\/\/wordpress.nibis.de\/gsgronau\/wp-json\/wp\/v2\/comments?post=104"}],"version-history":[{"count":1,"href":"https:\/\/wordpress.nibis.de\/gsgronau\/wp-json\/wp\/v2\/pages\/104\/revisions"}],"predecessor-version":[{"id":108,"href":"https:\/\/wordpress.nibis.de\/gsgronau\/wp-json\/wp\/v2\/pages\/104\/revisions\/108"}],"wp:attachment":[{"href":"https:\/\/wordpress.nibis.de\/gsgronau\/wp-json\/wp\/v2\/media?parent=104"}],"curies":[{"name":"wp","href":"https:\/\/api.w.org\/{rel}","templated":true}]}}