{"id":64,"date":"2025-06-10T14:46:43","date_gmt":"2025-06-10T12:46:43","guid":{"rendered":"https:\/\/wordpress.nibis.de\/gsgronau\/?page_id=64"},"modified":"2026-04-08T08:24:49","modified_gmt":"2026-04-08T06:24:49","slug":"schulleben","status":"publish","type":"page","link":"https:\/\/wordpress.nibis.de\/gsgronau\/schulleben\/","title":{"rendered":"Schulleben"},"content":{"rendered":"\n<h2 class=\"wp-block-heading\">Schulinterne Fortbildung<\/h2>\n\n\n\n<p>Aufgrund einer schulinternen Fortbildung des Kollegiums findet heute, Mittwoch 08.04.2026, wie angek\u00fcndigt, kein Unterricht in unserer Schule statt. Die angemeldeten Kinder werden in der Notbetreuung bis 12.30 Uhr betreut. <\/p>\n\n\n\n<h2 class=\"wp-block-heading\">Auch Fu\u00dfball k\u00f6nnen wir!<\/h2>\n\n\n\n<p>Im Februar nahmen wir mit je einer M\u00e4dchen- und Jungenmannschaft an den Hallenfu\u00dfballturnieren teil.<\/p>\n\n\n\n<p>Die M\u00e4dchen spielten in unserer eigenen Halle und wurden lautstark durch unsere Zuschauerklassen angefeuert. Es war sch\u00f6n mitzuverfolgen, wie die M\u00e4dchen nicht aufgaben, gerade weil sie ohne eine Vereinsspielerin antraten. Der Spa\u00df am Fu\u00dfball ist bei vielen von ihnen erhalten geblieben, so dass in der AG und auf dem Schulhof weiter gekickt wird.<br>Die Jungen spielten ihr Vorrunde in Elze. Dort durften sie sich nach einem spannenden Endspiel im Siebenmeterschie\u00dfen gegen die Regenbogenschule aus Sarstedt \u00fcber den Turniersieg freuen. Der erste Platz aus dieser Vorrunde war die Eintrittskarte f\u00fcr die Endrunde, in der der Meister der Grundschulen im Kreis Hildesheim ausgespielt wurde. In Hildesheim trafen sich dann Ende Februar die besten 8 Teams aus den jeweiligen Vorrunden. Leider war dieser Tag nicht unser bester. Nachdem sich die erste Entt\u00e4uschung gelegt hat, \u00fcberwiegt nun der Stolz zu den besten 8 Schulteams aus dem Kreis Hildesheim zu geh\u00f6ren. Ein gro\u00dfes Dankesch\u00f6n geht an Amaels Papa, der die Jungs an beiden Tagen gecoacht hat und immer wieder die richtigen Worte gefunden hat.<\/p>\n\n\n\n<p>Wir freuen uns, dass die beiden Mannschaften unsere Schule so gut vertreten haben!<\/p>\n\n\n\n<h2 class=\"wp-block-heading\">Vollino Cup 2026<\/h2>\n\n\n\n<p>Am 11.3. nahm unsere Schule mit 3 Mannschaften, bestehend aus jeweils einem Jungen und einem M\u00e4dchen (+ Auswechselkinder) am 11. Vollino Cup teil. Vollino ist eine Vorform des Volleyballs, bei der die Kinder den Ball pritschen, werfen und fangen m\u00fcssen. Unsere Vorbereitung auf das Turnier war zeitlich begrenzt, dennoch gingen die Teams bestm\u00f6glich vorbereitet und vor allem motiviert an den Start. In der Grundschule Ochtersum trafen wir auf zehn weitere Schulen und konnten uns mit vielen Mannschaften messen. Unsere Sch\u00fcler und Sch\u00fclerinnen spielten den ganzen Tag \u00fcber fair, ausdauernd und sehr konzentriert. Besonders erfolgreich waren unsere &#8222;Gronauer Vollinos&#8220;, die es bei der Gesamtwertung mit dem 10. Platz unter die Top Ten schafften. Die &#8222;Gronauer Power Volleys&#8220; erreichten den 22. Platz und die &#8222;Wildf\u00e4nger&#8220; belegten den 29. Platz&nbsp; &#8211; immerhin den ersten Platz von hinten \ud83d\ude09&nbsp; Auch dieses Ergebnis nahmen die Kinder sportlich und mit Fassung. Wir gratulieren der Gastgeber-Schule aus Ochtersum zum verdienten 1. Platz!<\/p>\n\n\n\n<p>Insgesamt hatten wir einen aufregenden und tollen Tag mit vielen spannenden Spielen und wertvollen (auch Misserfolgs-) Erfahrungen. Wir freuen uns schon auf die n\u00e4chsten Sportturniere!<\/p>\n\n\n\n<p><\/p>\n","protected":false},"excerpt":{"rendered":"<p>Schulinterne Fortbildung Aufgrund einer schulinternen Fortbildung des Kollegiums findet heute, Mittwoch 08.04.2026, wie angek\u00fcndigt, kein Unterricht in unserer Schule statt. Die angemeldeten Kinder werden in der Notbetreuung bis 12.30 Uhr betreut. Auch Fu\u00dfball k\u00f6nnen wir! Im Februar nahmen wir mit je einer M\u00e4dchen- und Jungenmannschaft an den Hallenfu\u00dfballturnieren teil. Die M\u00e4dchen spielten in unserer eigenen Halle und wurden lautstark durch unsere Zuschauerklassen angefeuert. Es war sch\u00f6n mitzuverfolgen, wie die M\u00e4dchen nicht aufgaben, gerade weil sie ohne eine Vereinsspielerin antraten. Der&#8230;<\/p>\n<p class=\"read-more\"><a class=\"btn btn-default\" href=\"https:\/\/wordpress.nibis.de\/gsgronau\/schulleben\/\">Weiterlesen<span class=\"screen-reader-text\"> Weiterlesen<\/span><\/a><\/p>\n","protected":false},"author":9194555,"featured_media":0,"parent":0,"menu_order":0,"comment_status":"closed","ping_status":"closed","template":"","meta":{"footnotes":""},"class_list":["post-64","page","type-page","status-publish","hentry"],"_links":{"self":[{"href":"https:\/\/wordpress.nibis.de\/gsgronau\/wp-json\/wp\/v2\/pages\/64","targetHints":{"allow":["GET"]}}],"collection":[{"href":"https:\/\/wordpress.nibis.de\/gsgronau\/wp-json\/wp\/v2\/pages"}],"about":[{"href":"https:\/\/wordpress.nibis.de\/gsgronau\/wp-json\/wp\/v2\/types\/page"}],"author":[{"embeddable":true,"href":"https:\/\/wordpress.nibis.de\/gsgronau\/wp-json\/wp\/v2\/users\/9194555"}],"replies":[{"embeddable":true,"href":"https:\/\/wordpress.nibis.de\/gsgronau\/wp-json\/wp\/v2\/comments?post=64"}],"version-history":[{"count":8,"href":"https:\/\/wordpress.nibis.de\/gsgronau\/wp-json\/wp\/v2\/pages\/64\/revisions"}],"predecessor-version":[{"id":230,"href":"https:\/\/wordpress.nibis.de\/gsgronau\/wp-json\/wp\/v2\/pages\/64\/revisions\/230"}],"wp:attachment":[{"href":"https:\/\/wordpress.nibis.de\/gsgronau\/wp-json\/wp\/v2\/media?parent=64"}],"curies":[{"name":"wp","href":"https:\/\/api.w.org\/{rel}","templated":true}]}}

<h2 class="wp-block-heading">Schulinterne Fortbildung</h2>



<p>Aufgrund einer schulinternen Fortbildung des Kollegiums findet heute, Mittwoch 08.04.2026, wie angekündigt, kein Unterricht in unserer Schule statt. Die angemeldeten Kinder werden in der Notbetreuung bis 12.30 Uhr betreut. </p>



<h2 class="wp-block-heading">Auch Fußball können wir!</h2>



<p>Im Februar nahmen wir mit je einer Mädchen- und Jungenmannschaft an den Hallenfußballturnieren teil.</p>



<p>Die Mädchen spielten in unserer eigenen Halle und wurden lautstark durch unsere Zuschauerklassen angefeuert. Es war schön mitzuverfolgen, wie die Mädchen nicht aufgaben, gerade weil sie ohne eine Vereinsspielerin antraten. Der Spaß am Fußball ist bei vielen von ihnen erhalten geblieben, so dass in der AG und auf dem Schulhof weiter gekickt wird.<br>Die Jungen spielten ihr Vorrunde in Elze. Dort durften sie sich nach einem spannenden Endspiel im Siebenmeterschießen gegen die Regenbogenschule aus Sarstedt über den Turniersieg freuen. Der erste Platz aus dieser Vorrunde war die Eintrittskarte für die Endrunde, in der der Meister der Grundschulen im Kreis Hildesheim ausgespielt wurde. In Hildesheim trafen sich dann Ende Februar die besten 8 Teams aus den jeweiligen Vorrunden. Leider war dieser Tag nicht unser bester. Nachdem sich die erste Enttäuschung gelegt hat, überwiegt nun der Stolz zu den besten 8 Schulteams aus dem Kreis Hildesheim zu gehören. Ein großes Dankeschön geht an Amaels Papa, der die Jungs an beiden Tagen gecoacht hat und immer wieder die richtigen Worte gefunden hat.</p>



<p>Wir freuen uns, dass die beiden Mannschaften unsere Schule so gut vertreten haben!</p>



<h2 class="wp-block-heading">Vollino Cup 2026</h2>



<p>Am 11.3. nahm unsere Schule mit 3 Mannschaften, bestehend aus jeweils einem Jungen und einem Mädchen (+ Auswechselkinder) am 11. Vollino Cup teil. Vollino ist eine Vorform des Volleyballs, bei der die Kinder den Ball pritschen, werfen und fangen müssen. Unsere Vorbereitung auf das Turnier war zeitlich begrenzt, dennoch gingen die Teams bestmöglich vorbereitet und vor allem motiviert an den Start. In der Grundschule Ochtersum trafen wir auf zehn weitere Schulen und konnten uns mit vielen Mannschaften messen. Unsere Schüler und Schülerinnen spielten den ganzen Tag über fair, ausdauernd und sehr konzentriert. Besonders erfolgreich waren unsere &#8222;Gronauer Vollinos&#8220;, die es bei der Gesamtwertung mit dem 10. Platz unter die Top Ten schafften. Die &#8222;Gronauer Power Volleys&#8220; erreichten den 22. Platz und die &#8222;Wildfänger&#8220; belegten den 29. Platz&nbsp; &#8211; immerhin den ersten Platz von hinten 😉&nbsp; Auch dieses Ergebnis nahmen die Kinder sportlich und mit Fassung. Wir gratulieren der Gastgeber-Schule aus Ochtersum zum verdienten 1. Platz!</p>



<p>Insgesamt hatten wir einen aufregenden und tollen Tag mit vielen spannenden Spielen und wertvollen (auch Misserfolgs-) Erfahrungen. Wir freuen uns schon auf die nächsten Sportturniere!</p>



<p></p>

<p>Schulinterne Fortbildung Aufgrund einer schulinternen Fortbildung des Kollegiums findet heute, Mittwoch 08.04.2026, wie angekündigt, kein Unterricht in unserer Schule statt. Die angemeldeten Kinder werden in der Notbetreuung bis 12.30 Uhr betreut. Auch Fußball können wir! Im Februar nahmen wir mit je einer Mädchen- und Jungenmannschaft an den Hallenfußballturnieren teil. Die Mädchen spielten in unserer eigenen Halle und wurden lautstark durch unsere Zuschauerklassen angefeuert. Es war schön mitzuverfolgen, wie die Mädchen nicht aufgaben, gerade weil sie ohne eine Vereinsspielerin antraten. Der&#8230;</p>
<p class="read-more"><a class="btn btn-default" href="https://wordpress.nibis.de/gsgronau/schulleben/">Weiterlesen<span class="screen-reader-text"> Weiterlesen</span></a></p>
