{"id":2,"date":"2018-09-21T10:35:26","date_gmt":"2018-09-21T08:35:26","guid":{"rendered":"http:\/\/wordpress.nibis.de\/gshaarentor\/?page_id=2"},"modified":"2025-08-20T11:23:13","modified_gmt":"2025-08-20T09:23:13","slug":"2-2","status":"publish","type":"page","link":"https:\/\/wordpress.nibis.de\/gshaarentor\/2-2\/","title":{"rendered":"Impressum"},"content":{"rendered":"\n<h4 class=\"wp-block-heading\">Land Niedersachsen (Diensteanbieter im Sinne des Telemediengesetzes)<\/h4>\n\n\n\n<p>Das Land Niedersachsen ist eine juristische Person des \u00f6ffentlichen Rechts vertreten durch<br><\/p>\n\n\n\n<p>Schulleitung (komm.): Christina Fisahn<\/p>\n\n\n\n<p>Grundschule Haarentor<\/p>\n\n\n\n<p>Sch\u00fctzenweg 25<\/p>\n\n\n\n<p>26129 Oldenburg<br> Tel.: 0441 72975<br> E-Mail: &#115;&#x63;&#104;&#x75;&#108;&#x6c;&#101;&#x69;&#116;&#x75;&#110;&#x67;&#64;&#x67;&#115;&#x2d;&#104;&#x61;&#97;&#x72;&#101;&#x6e;&#116;&#x6f;&#114;&#x2e;e&#x75;<br> <br><\/p>\n\n\n\n<p>Schulische Datenschutzbeauftragte: &#68;&#x61;t&#101;&#x6e;s&#x63;&#x68;&#117;&#x74;z&#64;&#x67;r&#117;&#x6e;&#100;&#x73;c&#104;&#x75;l&#101;&#x2d;&#104;&#x61;&#x61;&#114;&#x65;n&#116;&#x6f;r&#x2e;&#x64;&#101;<\/p>\n\n\n\n<h4 class=\"wp-block-heading\">Verantwortlicher f\u00fcr redaktionell- journalistische Angebote i.S.d.\u00a755Abs.2 Rundfunkstaatsvertrag: NN<\/h4>\n\n\n\n<p><\/p>\n\n\n\n<p>Disclaimer: Diese Webseite beinhaltet externe Links. Deren Inhalt entziehen sich unserer Einflussnahme, sodass eine Gew\u00e4hr f\u00fcr solche Inhalte von uns nicht \u00fcbernommen werden kann.<\/p>\n\n\n\n<p>Die Verantwortung liegt stets beim jeweiligen Betreiber der externen Seiten. Zum Zeitpunkt der Verkn\u00fcpfung der externen Links waren keine Rechtsverst\u00f6\u00dfe ersichtlich. Die permanente \u00dcberwachung fremder Inhalte auf Rechtsverst\u00f6\u00dfe ohne konkrete Hinweise ist uns nicht zumutbar.<\/p>\n\n\n\n<p>Sollten wir Kenntnis von Rechtsverletzungen erlangen, werden wir die entsprechenden externen Links unverz\u00fcglich entfernen.<br><\/p>\n\n\n\n<p><\/p>\n","protected":false},"excerpt":{"rendered":"<p>Land Niedersachsen (Diensteanbieter im Sinne des Telemediengesetzes) Das Land Niedersachsen ist eine juristische Person des \u00f6ffentlichen Rechts vertreten durch Schulleitung (komm.): Christina Fisahn Grundschule Haarentor Sch\u00fctzenweg 25 26129 Oldenburg Tel.: 0441 72975 E-Mail: s&#99;&#x68;&#x75;&#x6c;l&#101;&#105;&#x74;&#x75;n&#103;&#64;&#x67;&#x73;-h&#97;&#x61;&#x72;&#x65;n&#116;&#x6f;&#x72;&#x2e;e&#117; Schulische Datenschutzbeauftragte: D&#97;&#x74;&#x65;&#x6e;s&#99;&#x68;&#x75;&#x74;z&#64;&#x67;&#x72;&#x75;n&#100;&#x73;&#x63;&#x68;u&#108;&#x65;&#x2d;&#x68;a&#97;&#x72;&#x65;&#x6e;t&#111;&#x72;&#x2e;&#x64;e Verantwortlicher f\u00fcr redaktionell- journalistische Angebote i.S.d.\u00a755Abs.2 Rundfunkstaatsvertrag: NN Disclaimer: Diese Webseite beinhaltet externe Links. Deren Inhalt entziehen sich unserer Einflussnahme, sodass eine Gew\u00e4hr f\u00fcr solche Inhalte von uns nicht \u00fcbernommen werden kann. Die Verantwortung liegt stets beim jeweiligen Betreiber der externen Seiten. Zum&#8230;<\/p>\n<p class=\"read-more\"><a class=\"btn btn-default\" href=\"https:\/\/wordpress.nibis.de\/gshaarentor\/2-2\/\">Weiterlesen<span class=\"screen-reader-text\"> Weiterlesen<\/span><\/a><\/p>\n","protected":false},"author":9192764,"featured_media":0,"parent":0,"menu_order":0,"comment_status":"closed","ping_status":"open","template":"","meta":{"footnotes":""},"class_list":["post-2","page","type-page","status-publish","hentry"],"_links":{"self":[{"href":"https:\/\/wordpress.nibis.de\/gshaarentor\/wp-json\/wp\/v2\/pages\/2","targetHints":{"allow":["GET"]}}],"collection":[{"href":"https:\/\/wordpress.nibis.de\/gshaarentor\/wp-json\/wp\/v2\/pages"}],"about":[{"href":"https:\/\/wordpress.nibis.de\/gshaarentor\/wp-json\/wp\/v2\/types\/page"}],"author":[{"embeddable":true,"href":"https:\/\/wordpress.nibis.de\/gshaarentor\/wp-json\/wp\/v2\/users\/9192764"}],"replies":[{"embeddable":true,"href":"https:\/\/wordpress.nibis.de\/gshaarentor\/wp-json\/wp\/v2\/comments?post=2"}],"version-history":[{"count":18,"href":"https:\/\/wordpress.nibis.de\/gshaarentor\/wp-json\/wp\/v2\/pages\/2\/revisions"}],"predecessor-version":[{"id":537,"href":"https:\/\/wordpress.nibis.de\/gshaarentor\/wp-json\/wp\/v2\/pages\/2\/revisions\/537"}],"wp:attachment":[{"href":"https:\/\/wordpress.nibis.de\/gshaarentor\/wp-json\/wp\/v2\/media?parent=2"}],"curies":[{"name":"wp","href":"https:\/\/api.w.org\/{rel}","templated":true}]}}